68.186.25.102 - - [29/Jan/2012:21:29:01 -0500] "GET /~techrat/vw_spotters/vw_bus_f.jpg HTTP/1.1" 200 37505 "http://www.google.com/search?q=vw+wagon&hl=en&tbo=u&tbm=isch&source=univ&sa=X&ei=7dIlT8rXH6iviQKX7KTPBw&sqi=2&ved=0CHQQsAQ&biw=1024&bih=672" "Mozilla/5.0 (iPad; CPU OS 5_0_1 like Mac OS X) AppleWebKit/534.46 (KHTML, like Gecko) Version/5.1 Mobile/9A405 Safari/7534.48.3"
76.72.167.162 - - [29/Jan/2012:21:29:21 -0500] "GET /robots.txt HTTP/1.0" 404 274 "-" "Mozilla/5.0 (compatible; MJ12bot/v1.4.1; http://www.majestic12.co.uk/bot.php?+)"
76.72.167.162 - - [29/Jan/2012:21:29:23 -0500] "GET / HTTP/1.0" 200 10308 "-" "Mozilla/5.0 (compatible; MJ12bot/v1.4.1; http://www.majestic12.co.uk/bot.php?+)"
188.165.217.226 - - [29/Jan/2012:21:31:24 -0500] "GET /logs/access_log.4//index.php?option=com_svmap&controller=../../../../../../../../../../../../../../../proc/self/environ%00 HTTP/1.1" 404 304 "-" "libwww-perl/5.803"
188.165.217.226 - - [29/Jan/2012:21:31:24 -0500] "GET //index.php?option=com_svmap&controller=../../../../../../../../../../../../../../../proc/self/environ%00 HTTP/1.1" 404 286 "-" "libwww-perl/5.803"
188.165.217.226 - - [29/Jan/2012:21:31:25 -0500] "GET /logs//index.php?option=com_svmap&controller=../../../../../../../../../../../../../../../proc/self/environ%00 HTTP/1.1" 404 291 "-" "libwww-perl/5.803"
213.84.184.234 - - [29/Jan/2012:21:32:13 -0500] "GET /dec/multia/ HTTP/1.1" 200 10529 "http://www.google.nl/search?q=Multia+UDB+RAM&ie=utf-8&oe=utf-8&aq=t&rls=org.mozilla:en-US:unofficial&client=firefox-a" "Mozilla/5.0 (Windows NT 6.1; Win64; x64; rv:2.0b12pre) Gecko/20110203 Firefox/4.0b12pre"
213.84.184.234 - - [29/Jan/2012:21:32:13 -0500] "GET /dec/multia/multia2.jpg HTTP/1.1" 200 9340 "http://www.obsolyte.com/dec/multia/" "Mozilla/5.0 (Windows NT 6.1; Win64; x64; rv:2.0b12pre) Gecko/20110203 Firefox/4.0b12pre"
213.84.184.234 - - [29/Jan/2012:21:32:13 -0500] "GET /dec/multia/multia_intel.jpg HTTP/1.1" 200 8030 "http://www.obsolyte.com/dec/multia/" "Mozilla/5.0 (Windows NT 6.1; Win64; x64; rv:2.0b12pre) Gecko/20110203 Firefox/4.0b12pre"
213.84.184.234 - - [29/Jan/2012:21:32:13 -0500] "GET /dec/multia/pdf.gif HTTP/1.1" 200 390 "http://www.obsolyte.com/dec/multia/" "Mozilla/5.0 (Windows NT 6.1; Win64; x64; rv:2.0b12pre) Gecko/20110203 Firefox/4.0b12pre"
213.84.184.234 - - [29/Jan/2012:21:32:13 -0500] "GET /dec/multia/mutlia_cpu.jpg HTTP/1.1" 200 17254 "http://www.obsolyte.com/dec/multia/" "Mozilla/5.0 (Windows NT 6.1; Win64; x64; rv:2.0b12pre) Gecko/20110203 Firefox/4.0b12pre"
213.84.184.234 - - [29/Jan/2012:21:32:14 -0500] "GET /dec/multia/multia_mb.jpg HTTP/1.1" 200 26298 "http://www.obsolyte.com/dec/multia/" "Mozilla/5.0 (Windows NT 6.1; Win64; x64; rv:2.0b12pre) Gecko/20110203 Firefox/4.0b12pre"
213.84.184.234 - - [29/Jan/2012:21:32:14 -0500] "GET /dec/multia/multia.gif HTTP/1.1" 200 38340 "http://www.obsolyte.com/dec/multia/" "Mozilla/5.0 (Windows NT 6.1; Win64; x64; rv:2.0b12pre) Gecko/20110203 Firefox/4.0b12pre"
213.84.184.234 - - [29/Jan/2012:21:32:14 -0500] "GET /dec/multia/multia_intel2.jpg HTTP/1.1" 200 34442 "http://www.obsolyte.com/dec/multia/" "Mozilla/5.0 (Windows NT 6.1; Win64; x64; rv:2.0b12pre) Gecko/20110203 Firefox/4.0b12pre"
213.84.184.234 - - [29/Jan/2012:21:32:14 -0500] "GET /favicon.ico HTTP/1.1" 200 318 "-" "Mozilla/5.0 (Windows NT 6.1; Win64; x64; rv:2.0b12pre) Gecko/20110203 Firefox/4.0b12pre"
195.56.146.167 - - [29/Jan/2012:21:35:01 -0500] "GET /logs//admin/categories.php/login.php?cPath=&action=new_product_preview HTTP/1.1" 404 312 "-" "libwww-perl/5.813"
195.56.146.167 - - [29/Jan/2012:21:35:01 -0500] "GET //admin/categories.php/login.php?cPath=&action=new_product_preview HTTP/1.1" 404 307 "-" "libwww-perl/5.813"
199.21.99.68 - - [29/Jan/2012:21:35:31 -0500] "GET /apache/manual/stopping.html HTTP/1.1" 200 8252 "-" "Mozilla/5.0 (compatible; YandexBot/3.0; +http://yandex.com/bots)"
202.166.193.68 - - [29/Jan/2012:21:38:33 -0500] "GET /logs/access_log.4//index.php?option=com_perchafieldsattach&controller=../../../../../../../../../../../../..//proc/self/environ%0000 HTTP/1.1" 404 304 "-" "Mozilla/5.0 (Windows; U; Windows NT 6.0; en-US; rv:1.8.1.8pre) Gecko/20070928 Firefox/2.0.0.7 Navigator/9.0RC1"
202.166.193.68 - - [29/Jan/2012:21:38:34 -0500] "GET //index.php?option=com_perchafieldsattach&controller=../../../../../../../../../../../../..//proc/self/environ%0000 HTTP/1.1" 404 286 "-" "Mozilla/5.0 (Windows; U; Windows NT 6.0; en-US; rv:1.8.1.8pre) Gecko/20070928 Firefox/2.0.0.7 Navigator/9.0RC1"
202.166.193.68 - - [29/Jan/2012:21:38:35 -0500] "GET /logs//index.php?option=com_perchafieldsattach&controller=../../../../../../../../../../../../..//proc/self/environ%0000 HTTP/1.1" 404 291 "-" "Mozilla/5.0 (Windows; U; Windows NT 6.0; en-US; rv:1.8.1.8pre) Gecko/20070928 Firefox/2.0.0.7 Navigator/9.0RC1"
202.166.193.68 - - [29/Jan/2012:21:39:10 -0500] "GET /logs/access_log.4//index.php?option=com_perchafieldsattach&controller=../../../../../../../../../../../../..//proc/self/environ%0000 HTTP/1.1" 404 304 "-" "Mozilla/5.0 (Windows; U; Windows NT 5.1; pl-PL; rv:1.8.1.24pre) Gecko/20100228 K-Meleon/1.5.4"
202.166.193.68 - - [29/Jan/2012:21:39:10 -0500] "GET //index.php?option=com_perchafieldsattach&controller=../../../../../../../../../../../../..//proc/self/environ%0000 HTTP/1.1" 404 286 "-" "Mozilla/5.0 (Windows; U; Windows NT 5.1; pl-PL; rv:1.8.1.24pre) Gecko/20100228 K-Meleon/1.5.4"
213.112.234.75 - - [29/Jan/2012:21:39:19 -0500] "GET /sgi_indy/indy_monitor.jpg HTTP/1.1" 200 12805 "http://machinecity-hello.blogspot.com/2008_01_01_archive.html" "Mozilla/5.0 (Macintosh; Intel Mac OS X 10_7_2) AppleWebKit/535.7 (KHTML, like Gecko) Chrome/16.0.912.77 Safari/535.7"
213.112.234.75 - - [29/Jan/2012:21:39:19 -0500] "GET /sgi_indy/indy_graphics.jpg HTTP/1.1" 200 16915 "http://machinecity-hello.blogspot.com/2008_01_01_archive.html" "Mozilla/5.0 (Macintosh; Intel Mac OS X 10_7_2) AppleWebKit/535.7 (KHTML, like Gecko) Chrome/16.0.912.77 Safari/535.7"
213.112.234.75 - - [29/Jan/2012:21:39:19 -0500] "GET /sgi_indy/indy_hd.jpg HTTP/1.1" 200 17475 "http://machinecity-hello.blogspot.com/2008_01_01_archive.html" "Mozilla/5.0 (Macintosh; Intel Mac OS X 10_7_2) AppleWebKit/535.7 (KHTML, like Gecko) Chrome/16.0.912.77 Safari/535.7"
213.112.234.75 - - [29/Jan/2012:21:39:19 -0500] "GET /sgi_indy/indy_inside.jpg HTTP/1.1" 200 23285 "http://machinecity-hello.blogspot.com/2008_01_01_archive.html" "Mozilla/5.0 (Macintosh; Intel Mac OS X 10_7_2) AppleWebKit/535.7 (KHTML, like Gecko) Chrome/16.0.912.77 Safari/535.7"
202.166.193.68 - - [29/Jan/2012:21:39:19 -0500] "GET /logs//index.php?option=com_perchafieldsattach&controller=../../../../../../../../../../../../..//proc/self/environ%0000 HTTP/1.1" 404 291 "-" "Mozilla/5.0 (Windows; U; Windows NT 5.1; pl-PL; rv:1.8.1.24pre) Gecko/20100228 K-Meleon/1.5.4"
202.166.193.68 - - [29/Jan/2012:21:40:02 -0500] "GET /logs/access_log.4//index.php?option=com_perchaimageattach&controller=../../../../../../../../../../../../..//proc/self/environ%0000 HTTP/1.1" 404 304 "-" "Mozilla/5.0 (Windows; U; Windows NT 6.0; en-US; rv:1.8.1.8pre) Gecko/20070928 Firefox/2.0.0.7 Navigator/9.0RC1"
202.166.193.68 - - [29/Jan/2012:21:40:03 -0500] "GET //index.php?option=com_perchaimageattach&controller=../../../../../../../../../../../../..//proc/self/environ%0000 HTTP/1.1" 404 286 "-" "Mozilla/5.0 (Windows; U; Windows NT 6.0; en-US; rv:1.8.1.8pre) Gecko/20070928 Firefox/2.0.0.7 Navigator/9.0RC1"
202.166.193.68 - - [29/Jan/2012:21:40:04 -0500] "GET /logs/access_log.4//index.php?option=com_perchaimageattach&controller=../../../../../../../../../../../../..//proc/self/environ%0000 HTTP/1.1" 404 304 "-" "Mozilla/5.0 (Windows; U; Windows NT 5.1; pl-PL; rv:1.8.1.24pre) Gecko/20100228 K-Meleon/1.5.4"
202.166.193.68 - - [29/Jan/2012:21:40:06 -0500] "GET /logs//index.php?option=com_perchaimageattach&controller=../../../../../../../../../../../../..//proc/self/environ%0000 HTTP/1.1" 404 291 "-" "Mozilla/5.0 (Windows; U; Windows NT 6.0; en-US; rv:1.8.1.8pre) Gecko/20070928 Firefox/2.0.0.7 Navigator/9.0RC1"
202.166.193.68 - - [29/Jan/2012:21:40:07 -0500] "GET //index.php?option=com_perchaimageattach&controller=../../../../../../../../../../../../..//proc/self/environ%0000 HTTP/1.1" 404 286 "-" "Mozilla/5.0 (Windows; U; Windows NT 5.1; pl-PL; rv:1.8.1.24pre) Gecko/20100228 K-Meleon/1.5.4"
202.166.193.68 - - [29/Jan/2012:21:40:13 -0500] "GET /logs//index.php?option=com_perchaimageattach&controller=../../../../../../../../../../../../..//proc/self/environ%0000 HTTP/1.1" 404 291 "-" "Mozilla/5.0 (Windows; U; Windows NT 5.1; pl-PL; rv:1.8.1.24pre) Gecko/20100228 K-Meleon/1.5.4"
64.134.170.114 - - [29/Jan/2012:21:40:29 -0500] "GET /~techrat/ratrod/7.jpg?jada%20fire%20nackt HTTP/1.1" 200 14581 "http://smokingfreeuniforms.blog.fc2.com/blog-date-201108.html" "Mozilla/4.0 (compatible; MSIE 8.0; Windows NT 6.1; WOW64; Trident/4.0; SLCC2; .NET CLR 2.0.50727; .NET CLR 3.5.30729; .NET CLR 3.0.30729; Media Center PC 6.0; .NET4.0C; .NET4.0E)"
62.109.49.66 - - [29/Jan/2012:21:40:40 -0500] "GET /logs//admin/categories.php/login.php?cPath=&action=new_product_preview HTTP/1.1" 404 312 "-" "libwww-perl/5.805"
62.109.49.66 - - [29/Jan/2012:21:40:40 -0500] "GET //admin/categories.php/login.php?cPath=&action=new_product_preview HTTP/1.1" 404 307 "-" "libwww-perl/5.805"
62.109.49.66 - - [29/Jan/2012:21:41:08 -0500] "GET /logs//admin/categories.php/login.php?cPath=&action=new_product_preview HTTP/1.1" 404 312 "-" "libwww-perl/5.805"
62.109.49.66 - - [29/Jan/2012:21:41:08 -0500] "GET //admin/categories.php/login.php?cPath=&action=new_product_preview HTTP/1.1" 404 307 "-" "libwww-perl/5.805"
94.160.103.52 - - [29/Jan/2012:21:41:20 -0500] "GET /faq/50pinscsi.jpg HTTP/1.1" 200 41828 "http://www.gearslutz.com/board/electronic-music-instruments-electronic-music-production/477490-akai-s5000-help.html" "Mozilla/5.0 (Windows NT 5.1; rv:9.0.1) Gecko/20100101 Firefox/9.0.1"
202.166.193.68 - - [29/Jan/2012:21:42:48 -0500] "GET /logs/access_log.4//index.php?option=com_perchafieldsattach&controller=../../../../../../../../../../../../..//proc/self/environ%0000 HTTP/1.1" 404 304 "-" "Mozilla/5.0 (Windows; U; Windows NT 6.0; en-US; rv:1.8.1.8pre) Gecko/20070928 Firefox/2.0.0.7 Navigator/9.0RC1"
74.105.91.95 - - [29/Jan/2012:21:42:48 -0500] "GET /fc/ HTTP/1.1" 200 7383 "http://www.google.com/search?client=safari&rls=en&q=first+class+bbs&ie=UTF-8&oe=UTF-8" "Mozilla/5.0 (Macintosh; U; Intel Mac OS X 10_5_8; en-us) AppleWebKit/531.9 (KHTML, like Gecko) Version/4.0.3 Safari/531.9"
74.105.91.95 - - [29/Jan/2012:21:42:48 -0500] "GET /fc/fc5.jpg HTTP/1.1" 200 21092 "http://www.obsolyte.com/fc/" "Mozilla/5.0 (Macintosh; U; Intel Mac OS X 10_5_8; en-us) AppleWebKit/531.9 (KHTML, like Gecko) Version/4.0.3 Safari/531.9"
74.105.91.95 - - [29/Jan/2012:21:42:48 -0500] "GET /fc/fc1.jpg HTTP/1.1" 200 24579 "http://www.obsolyte.com/fc/" "Mozilla/5.0 (Macintosh; U; Intel Mac OS X 10_5_8; en-us) AppleWebKit/531.9 (KHTML, like Gecko) Version/4.0.3 Safari/531.9"
74.105.91.95 - - [29/Jan/2012:21:42:48 -0500] "GET /fc/fc4.jpg HTTP/1.1" 200 39312 "http://www.obsolyte.com/fc/" "Mozilla/5.0 (Macintosh; U; Intel Mac OS X 10_5_8; en-us) AppleWebKit/531.9 (KHTML, like Gecko) Version/4.0.3 Safari/531.9"
74.105.91.95 - - [29/Jan/2012:21:42:48 -0500] "GET /fc/fc2.jpg HTTP/1.1" 200 36764 "http://www.obsolyte.com/fc/" "Mozilla/5.0 (Macintosh; U; Intel Mac OS X 10_5_8; en-us) AppleWebKit/531.9 (KHTML, like Gecko) Version/4.0.3 Safari/531.9"
74.105.91.95 - - [29/Jan/2012:21:42:48 -0500] "GET /favicon.ico HTTP/1.1" 200 318 "http://www.obsolyte.com/fc/" "Mozilla/5.0 (Macintosh; U; Intel Mac OS X 10_5_8; en-us) AppleWebKit/531.9 (KHTML, like Gecko) Version/4.0.3 Safari/531.9"
202.166.193.68 - - [29/Jan/2012:21:42:49 -0500] "GET //index.php?option=com_perchafieldsattach&controller=../../../../../../../../../../../../..//proc/self/environ%0000 HTTP/1.1" 404 286 "-" "Mozilla/5.0 (Windows; U; Windows NT 6.0; en-US; rv:1.8.1.8pre) Gecko/20070928 Firefox/2.0.0.7 Navigator/9.0RC1"
202.166.193.68 - - [29/Jan/2012:21:42:49 -0500] "GET /logs//index.php?option=com_perchafieldsattach&controller=../../../../../../../../../../../../..//proc/self/environ%0000 HTTP/1.1" 404 291 "-" "Mozilla/5.0 (Windows; U; Windows NT 6.0; en-US; rv:1.8.1.8pre) Gecko/20070928 Firefox/2.0.0.7 Navigator/9.0RC1"
202.166.193.68 - - [29/Jan/2012:21:42:51 -0500] "GET /logs/access_log.4//index.php?option=com_perchafieldsattach&controller=../../../../../../../../../../../../..//proc/self/environ%0000 HTTP/1.1" 404 304 "-" "Mozilla/5.0 (Windows; U; Windows NT 5.1; pl-PL; rv:1.8.1.24pre) Gecko/20100228 K-Meleon/1.5.4"
202.166.193.68 - - [29/Jan/2012:21:42:53 -0500] "GET //index.php?option=com_perchafieldsattach&controller=../../../../../../../../../../../../..//proc/self/environ%0000 HTTP/1.1" 404 286 "-" "Mozilla/5.0 (Windows; U; Windows NT 5.1; pl-PL; rv:1.8.1.24pre) Gecko/20100228 K-Meleon/1.5.4"
202.166.193.68 - - [29/Jan/2012:21:42:54 -0500] "GET /logs//index.php?option=com_perchafieldsattach&controller=../../../../../../../../../../../../..//proc/self/environ%0000 HTTP/1.1" 404 291 "-" "Mozilla/5.0 (Windows; U; Windows NT 5.1; pl-PL; rv:1.8.1.24pre) Gecko/20100228 K-Meleon/1.5.4"
199.21.99.68 - - [29/Jan/2012:21:43:55 -0500] "GET /apache/manual/mod/mod_negotiation.html HTTP/1.1" 200 7503 "-" "Mozilla/5.0 (compatible; YandexBot/3.0; +http://yandex.com/bots)"
69.225.4.144 - - [29/Jan/2012:21:45:53 -0500] "GET /vanagon/VanagonProTraining/86Vanagon/020.jpg HTTP/1.1" 200 90863 "http://www.thesamba.com/vw/forum/viewtopic.php?t=342703&postdays=0&postorder=asc&highlight=pressure+tester&start=0" "Mozilla/5.0 (Macintosh; U; PPC Mac OS X 10.5; en-US; rv:1.9.2.25) Gecko/20111212 Firefox/3.6.25"
199.21.99.68 - - [29/Jan/2012:21:49:39 -0500] "GET /sun_ipx/ HTTP/1.1" 304 - "-" "Mozilla/5.0 (compatible; YandexBot/3.0; +http://yandex.com/bots)"
199.21.99.68 - - [29/Jan/2012:21:52:47 -0500] "GET /sun3/ HTTP/1.1" 304 - "-" "Mozilla/5.0 (compatible; YandexBot/3.0; +http://yandex.com/bots)"
174.116.30.106 - - [29/Jan/2012:21:59:36 -0500] "GET /personal/vwshow/disc2/MVC-001F.JPG HTTP/1.1" 200 65855 "http://www.thesamba.com/vw/forum/viewtopic.php?t=149769&postdays=0&postorder=asc&start=200" "Mozilla/4.0 (compatible; MSIE 8.0; Windows NT 6.0; Trident/4.0; GTB7.2; SLCC1; .NET CLR 2.0.50727; Media Center PC 5.0; .NET CLR 3.5.30729; .NET4.0C; .NET CLR 3.0.30729; InfoPath.3)"
199.21.99.68 - - [29/Jan/2012:22:01:05 -0500] "GET /apache/manual/suexec.html HTTP/1.1" 200 20358 "-" "Mozilla/5.0 (compatible; YandexBot/3.0; +http://yandex.com/bots)"
199.21.99.68 - - [29/Jan/2012:22:08:35 -0500] "GET /sun380/ HTTP/1.1" 304 - "-" "Mozilla/5.0 (compatible; YandexBot/3.0; +http://yandex.com/bots)"
74.51.166.84 - - [29/Jan/2012:22:11:08 -0500] "GET /vanagon/VanagonProTraining/86Vanagon/023.jpg HTTP/1.1" 200 110095 "http://www.google.com/imgres?q=digifant+ECU+pinout&hl=en&sa=X&biw=1024&bih=643&tbm=isch&prmd=imvns&tbnid=AodOsCqAWVg-7M:&imgrefurl=http://www.thesamba.com/vw/forum/viewtopic.php%3Ft%3D382053&docid=3oc7NMcDf9ZcZM&imgurl=http://www.obsolyte.com/vanagon/VanagonProTraining/86Vanagon/023.jpg&w=845&h=1088&ei=IeAlT8HqLYj50gGOkdX0CA&zoom=1" "Mozilla/5.0 (Windows NT 6.1) AppleWebKit/535.7 (KHTML, like Gecko) Chrome/16.0.912.77 Safari/535.7"
174.142.248.137 - - [29/Jan/2012:22:12:36 -0500] "GET / HTTP/1.0" 200 10308 "-" "Mozilla/5.0 (compatible; Baiduspider/2.0; +http://www.baidu.com/search/spider.html)"
124.115.0.162 - - [29/Jan/2012:22:15:20 -0500] "GET / HTTP/1.1" 200 10308 "-" "Sosospider+(+http://help.soso.com/webspider.htm)"
180.76.5.188 - - [29/Jan/2012:22:16:00 -0500] "GET /apache/manual/mod/mod_status.html HTTP/1.1" 200 4633 "-" "Mozilla/5.0 (compatible; Baiduspider/2.0; +http://www.baidu.com/search/spider.html)"
199.21.99.68 - - [29/Jan/2012:22:17:12 -0500] "GET /~strabal/lucypics/fanfiction/dejavu3.html HTTP/1.1" 200 51604 "-" "Mozilla/5.0 (compatible; YandexBot/3.0; +http://yandex.com/bots)"
216.57.161.135 - - [29/Jan/2012:22:17:36 -0500] "GET /sun_ss5/ss5_server.jpg HTTP/1.1" 200 51920 "http://www.google.com/#sclient=tablet-gws&hl=en&tbo=d&source=hp&q=ss+5+20&psj=1&oq=ss+5+20&aq=f&aqi=&aql=&gs_sm=e&gs_upl=10780l21336l2l21851l7l7l3l4l7l0l0l0ll0l0&bav=on.2,or.r_gc.r_pw.,cf.osb&fp=b026e8b82e0c8adb&biw=1280&bih=800" "Mozilla/5.0 (Linux; U; Android 3.2.1; en-us; Transformer TF101 Build/HTK75) AppleWebKit/534.13 (KHTML, like Gecko) Version/4.0 Safari/534.13"
79.163.109.163 - - [29/Jan/2012:22:18:00 -0500] "GET /sunPICS/sparc20/sparc_4.jpg HTTP/1.1" 200 25101 "http://gathering.tweakers.net/forum/list_messages/910372/3" "Mozilla/5.0 (Windows NT 6.1; WOW64; rv:9.0.1) Gecko/20100101 Firefox/9.0.1"
130.34.173.177 - - [29/Jan/2012:22:18:10 -0500] "GET /sun_lx/ HTTP/1.1" 200 6271 "http://www.google.co.jp/url?sa=t&rct=j&q=sparc%20lx&source=web&cd=2&ved=0CC8QFjAB&url=http%3A%2F%2Fwww.obsolyte.com%2Fsun_lx%2F&ei=et4lT7rzCYuYiAeI57GjBA&usg=AFQjCNFWEKw9Bth-kWeni3ii7xqlxtscZw" "Mozilla/5.0 (Windows NT 5.1; rv:9.0.1) Gecko/20100101 Firefox/9.0.1"
130.34.173.177 - - [29/Jan/2012:22:18:10 -0500] "GET /sun_lx/lx_front.jpg HTTP/1.1" 200 10230 "http://www.obsolyte.com/sun_lx/" "Mozilla/5.0 (Windows NT 5.1; rv:9.0.1) Gecko/20100101 Firefox/9.0.1"
130.34.173.177 - - [29/Jan/2012:22:18:10 -0500] "GET /sun_lx/00pdficon.gif HTTP/1.1" 200 500 "http://www.obsolyte.com/sun_lx/" "Mozilla/5.0 (Windows NT 5.1; rv:9.0.1) Gecko/20100101 Firefox/9.0.1"
130.34.173.177 - - [29/Jan/2012:22:18:11 -0500] "GET /sun_lx/lx_bottom.jpg HTTP/1.1" 200 13297 "http://www.obsolyte.com/sun_lx/" "Mozilla/5.0 (Windows NT 5.1; rv:9.0.1) Gecko/20100101 Firefox/9.0.1"
130.34.173.177 - - [29/Jan/2012:22:18:11 -0500] "GET /sun_lx/lx_videosimm.jpg HTTP/1.1" 200 20106 "http://www.obsolyte.com/sun_lx/" "Mozilla/5.0 (Windows NT 5.1; rv:9.0.1) Gecko/20100101 Firefox/9.0.1"
130.34.173.177 - - [29/Jan/2012:22:18:11 -0500] "GET /sun_lx/lx_rear.jpg HTTP/1.1" 200 24353 "http://www.obsolyte.com/sun_lx/" "Mozilla/5.0 (Windows NT 5.1; rv:9.0.1) Gecko/20100101 Firefox/9.0.1"
130.34.173.177 - - [29/Jan/2012:22:18:11 -0500] "GET /sun_lx/lx_mb.jpg HTTP/1.1" 200 53874 "http://www.obsolyte.com/sun_lx/" "Mozilla/5.0 (Windows NT 5.1; rv:9.0.1) Gecko/20100101 Firefox/9.0.1"
130.34.173.177 - - [29/Jan/2012:22:18:11 -0500] "GET /sun_lx/lx_mb.gif HTTP/1.1" 200 6581 "http://www.obsolyte.com/sun_lx/" "Mozilla/5.0 (Windows NT 5.1; rv:9.0.1) Gecko/20100101 Firefox/9.0.1"
130.34.173.177 - - [29/Jan/2012:22:18:11 -0500] "GET /sun_lx/lx_open.jpg HTTP/1.1" 200 28482 "http://www.obsolyte.com/sun_lx/" "Mozilla/5.0 (Windows NT 5.1; rv:9.0.1) Gecko/20100101 Firefox/9.0.1"
130.34.173.177 - - [29/Jan/2012:22:18:12 -0500] "GET /favicon.ico HTTP/1.1" 200 318 "-" "Mozilla/5.0 (Windows NT 5.1; rv:9.0.1) Gecko/20100101 Firefox/9.0.1"
62.109.49.66 - - [29/Jan/2012:22:23:02 -0500] "GET /logs//admin/categories.php/login.php?cPath=&action=new_product_preview HTTP/1.1" 404 312 "-" "libwww-perl/5.805"
62.109.49.66 - - [29/Jan/2012:22:23:08 -0500] "GET //admin/categories.php/login.php?cPath=&action=new_product_preview HTTP/1.1" 404 307 "-" "libwww-perl/5.805"
199.21.99.68 - - [29/Jan/2012:22:25:32 -0500] "GET /apache/manual/misc/known_client_problems.html HTTP/1.1" 200 13359 "-" "Mozilla/5.0 (compatible; YandexBot/3.0; +http://yandex.com/bots)"
123.125.71.99 - - [29/Jan/2012:22:26:03 -0500] "GET / HTTP/1.1" 200 10308 "-" "Mozilla/5.0 (compatible; Baiduspider/2.0; +http://www.baidu.com/search/spider.html)"
220.181.108.171 - - [29/Jan/2012:22:26:23 -0500] "GET / HTTP/1.1" 200 10308 "-" "Mozilla/5.0 (compatible; Baiduspider/2.0; +http://www.baidu.com/search/spider.html)"
141.0.10.35 - - [29/Jan/2012:22:27:38 -0500] "GET /personal/vanagon_2.jpg HTTP/1.1" 200 71571 "http://www.google.com/m/imgres?client=ms-opera-mini&q=vanagon+interior&channel=new&start=3&site=images&imgid=ANd9GcSytHg8Ocm8SFT6xScBVNBhXOf20LHKTE7CUpMBucn3cHswWnlJ5yqhM-Bd&imgsz=71571&imgurl=http://www.obsolyte.com/personal/vanagon_2.jpg&imgrefurl=http://www.obsolyte.com/personal/vanagon.html&ht=480&wd=640&tbnh=103&tbnw=137&ei=uuMlT4juEqaliQK-rAE&ved=0CA8Q9QEwAw" "Opera/9.80 (Windows Mobile; Opera Mini/5.1.21594/26.1411; U; en) Presto/2.8.119 Version/10.54"
199.21.99.68 - - [29/Jan/2012:22:28:36 -0500] "GET /sun_ss10/ HTTP/1.1" 200 13596 "-" "Mozilla/5.0 (compatible; YandexBot/3.0; +http://yandex.com/bots)"
180.76.6.36 - - [29/Jan/2012:22:29:11 -0500] "GET / HTTP/1.1" 200 10308 "-" "Mozilla/5.0 (compatible; Baiduspider/2.0; +http://www.baidu.com/search/spider.html)"
195.56.146.167 - - [29/Jan/2012:22:31:10 -0500] "GET /logs//admin/categories.php/login.php?cPath=&action=new_product_preview HTTP/1.1" 404 312 "-" "libwww-perl/5.813"
195.56.146.167 - - [29/Jan/2012:22:31:10 -0500] "GET //admin/categories.php/login.php?cPath=&action=new_product_preview HTTP/1.1" 404 307 "-" "libwww-perl/5.813"
199.21.99.68 - - [29/Jan/2012:22:32:01 -0500] "GET /sun_lx/ HTTP/1.1" 304 - "-" "Mozilla/5.0 (compatible; YandexBot/3.0; +http://yandex.com/bots)"
74.111.11.3 - - [29/Jan/2012:22:33:22 -0500] "GET /robots.txt HTTP/1.0" 404 274 "-" "Mozilla/5.0 (compatible; MJ12bot/v1.4.1; http://www.majestic12.co.uk/bot.php?+)"
74.111.11.3 - - [29/Jan/2012:22:33:24 -0500] "GET / HTTP/1.1" 200 10308 "-" "Mozilla/5.0 (compatible; MJ12bot/v1.4.1; http://www.majestic12.co.uk/bot.php?+)"
62.109.49.66 - - [29/Jan/2012:22:34:59 -0500] "GET /logs//admin/categories.php/login.php?cPath=&action=new_product_preview HTTP/1.1" 404 312 "-" "libwww-perl/5.805"
62.109.49.66 - - [29/Jan/2012:22:34:59 -0500] "GET //admin/categories.php/login.php?cPath=&action=new_product_preview HTTP/1.1" 404 307 "-" "libwww-perl/5.805"
62.109.49.66 - - [29/Jan/2012:22:36:09 -0500] "GET /logs//admin/categories.php/login.php?cPath=&action=new_product_preview HTTP/1.1" 404 312 "-" "libwww-perl/5.805"
62.109.49.66 - - [29/Jan/2012:22:36:14 -0500] "GET //admin/categories.php/login.php?cPath=&action=new_product_preview HTTP/1.1" 404 307 "-" "libwww-perl/5.805"
31.187.3.80 - - [29/Jan/2012:22:38:21 -0500] "GET /robots.txt HTTP/1.0" 404 274 "-" "Mozilla/5.0 (compatible; MJ12bot/v1.4.1; http://www.majestic12.co.uk/bot.php?+)"
31.187.3.80 - - [29/Jan/2012:22:38:23 -0500] "GET / HTTP/1.0" 200 10308 "-" "Mozilla/5.0 (compatible; MJ12bot/v1.4.1; http://www.majestic12.co.uk/bot.php?+)"
199.21.99.68 - - [29/Jan/2012:22:40:17 -0500] "GET /~strabal/creations/bus3.html HTTP/1.1" 200 22881 "-" "Mozilla/5.0 (compatible; YandexBot/3.0; +http://yandex.com/bots)"
75.175.168.90 - - [29/Jan/2012:22:45:27 -0500]