91.201.66.60 - - [29/Aug/2010:22:28:35 -0400] "GET /logs/error_log.1 HTTP/1.1" 200 668139 "http://www.obsolyte.com/logs/error_log.1" "Mozilla/4.0 (compatible; MSIE 6.0; Windows NT 5.1; SV1)"
220.181.7.61 - - [29/Aug/2010:22:29:10 -0400] "GET / HTTP/1.1" 200 12550 "-" "Baiduspider+(+http://www.baidu.com/search/spider.htm)"
123.125.66.67 - - [29/Aug/2010:22:29:51 -0400] "GET / HTTP/1.1" 200 12550 "-" "Baiduspider+(+http://www.baidu.com/search/spider.htm)"
66.249.71.123 - - [29/Aug/2010:22:30:37 -0400] "GET /personal/vwshow/disc2/MVC-017F.JPG HTTP/1.1" 304 - "-" "Googlebot-Image/1.0"
98.150.223.9 - - [29/Aug/2010:22:30:50 -0400] "GET /vanagon/VanagonProTraining/DigiFant/041.jpg HTTP/1.1" 200 70245 "http://www.thesamba.com/vw/forum/viewtopic.php?t=365461&highlight=vanagon+ecu" "Mozilla/5.0 (Windows; U; Windows NT 6.1; en-US; rv:1.9.2.8) Gecko/20100722 Firefox/3.6.8 GTB7.1"
98.150.223.9 - - [29/Aug/2010:22:30:50 -0400] "GET /vanagon/VanagonProTraining/DigiFant/040.jpg HTTP/1.1" 200 118873 "http://www.thesamba.com/vw/forum/viewtopic.php?t=365461&highlight=vanagon+ecu" "Mozilla/5.0 (Windows; U; Windows NT 6.1; en-US; rv:1.9.2.8) Gecko/20100722 Firefox/3.6.8 GTB7.1"
68.227.38.219 - - [29/Aug/2010:22:31:03 -0400] "GET /faq/ HTTP/1.1" 200 11077 "http://www.google.com/search?hl=en&q=50pin+scsi&aq=f&aqi=g-l10&aql=&oq=&gs_rfai=" "Mozilla/5.0 (Windows; U; Windows NT 6.0; en-US) AppleWebKit/533.4 (KHTML, like Gecko) Chrome/5.0.375.127 Safari/533.4"
68.227.38.219 - - [29/Aug/2010:22:31:03 -0400] "GET /faq/scsi.gif HTTP/1.1" 200 953 "http://www.obsolyte.com/faq/" "Mozilla/5.0 (Windows; U; Windows NT 6.0; en-US) AppleWebKit/533.4 (KHTML, like Gecko) Chrome/5.0.375.127 Safari/533.4"
68.227.38.219 - - [29/Aug/2010:22:31:04 -0400] "GET /faq/ide.jpg HTTP/1.1" 200 40416 "http://www.obsolyte.com/faq/" "Mozilla/5.0 (Windows; U; Windows NT 6.0; en-US) AppleWebKit/533.4 (KHTML, like Gecko) Chrome/5.0.375.127 Safari/533.4"
68.227.38.219 - - [29/Aug/2010:22:31:04 -0400] "GET /faq/50pinscsi.jpg HTTP/1.1" 200 41828 "http://www.obsolyte.com/faq/" "Mozilla/5.0 (Windows; U; Windows NT 6.0; en-US) AppleWebKit/533.4 (KHTML, like Gecko) Chrome/5.0.375.127 Safari/533.4"
68.227.38.219 - - [29/Aug/2010:22:31:04 -0400] "GET /faq/68pinscsi.jpg HTTP/1.1" 200 35244 "http://www.obsolyte.com/faq/" "Mozilla/5.0 (Windows; U; Windows NT 6.0; en-US) AppleWebKit/533.4 (KHTML, like Gecko) Chrome/5.0.375.127 Safari/533.4"
68.227.38.219 - - [29/Aug/2010:22:31:04 -0400] "GET /faq/scascsi.jpg HTTP/1.1" 200 35727 "http://www.obsolyte.com/faq/" "Mozilla/5.0 (Windows; U; Windows NT 6.0; en-US) AppleWebKit/533.4 (KHTML, like Gecko) Chrome/5.0.375.127 Safari/533.4"
68.227.38.219 - - [29/Aug/2010:22:31:04 -0400] "GET /faq/scsisetting.gif HTTP/1.1" 200 4729 "http://www.obsolyte.com/faq/" "Mozilla/5.0 (Windows; U; Windows NT 6.0; en-US) AppleWebKit/533.4 (KHTML, like Gecko) Chrome/5.0.375.127 Safari/533.4"
68.227.38.219 - - [29/Aug/2010:22:31:04 -0400] "GET /faq/sca_adapter_ondrive.jpg HTTP/1.1" 200 57056 "http://www.obsolyte.com/faq/" "Mozilla/5.0 (Windows; U; Windows NT 6.0; en-US) AppleWebKit/533.4 (KHTML, like Gecko) Chrome/5.0.375.127 Safari/533.4"
68.227.38.219 - - [29/Aug/2010:22:31:04 -0400] "GET /faq/sca_adapter.jpg HTTP/1.1" 200 89442 "http://www.obsolyte.com/faq/" "Mozilla/5.0 (Windows; U; Windows NT 6.0; en-US) AppleWebKit/533.4 (KHTML, like Gecko) Chrome/5.0.375.127 Safari/533.4"
68.227.38.219 - - [29/Aug/2010:22:31:05 -0400] "GET /favicon.ico HTTP/1.1" 200 318 "-" "Mozilla/5.0 (Windows; U; Windows NT 6.0; en-US) AppleWebKit/533.4 (KHTML, like Gecko) Chrome/5.0.375.127 Safari/533.4"
75.175.181.68 - - [29/Aug/2010:22:32:25 -0400] "GET /favicon.ico HTTP/1.1" 200 318 "-" "Mozilla/4.0 (compatible; MSIE 7.0; Windows NT 5.1; Trident/4.0; InfoPath.1; MSN 9.0;MSN 9.1;MSN 9.6;MSN 10.0; MSNbQ002; MSNmen-us; MSNcOTH)"
97.74.198.126 - - [29/Aug/2010:22:35:33 -0400] "GET //components/com_moofaq/includes/file_includer.php?gzip=0&file=http://myslowice.activh.pl//news//inc/asu/sc1?? HTTP/1.1" 404 325 "-" "Mozilla/5.0"
97.74.198.126 - - [29/Aug/2010:22:35:38 -0400] "GET /logs/access_log.2%20%20//components/com_moofaq/includes/file_includer.php?gzip=0&file=http://myslowice.activh.pl//news//inc/asu/sc1?? HTTP/1.1" 404 345 "-" "Mozilla/5.0"
97.74.198.126 - - [29/Aug/2010:22:35:38 -0400] "GET /logs//components/com_moofaq/includes/file_includer.php?gzip=0&file=http://myslowice.activh.pl//news//inc/asu/sc1?? HTTP/1.1" 404 330 "-" "Mozilla/5.0"
67.195.112.30 - - [29/Aug/2010:22:37:14 -0400] "GET /docs/pwdb-0.60/html/?S=A HTTP/1.0" 404 284 "-" "Mozilla/5.0 (compatible; Yahoo! Slurp/3.0; http://help.yahoo.com/help/us/ysearch/slurp)"
207.46.195.107 - - [29/Aug/2010:22:38:30 -0400] "GET /robots.txt HTTP/1.1" 404 286 "-" "msnbot/2.0b (+http://search.msn.com/msnbot.htm)"
97.74.198.126 - - [29/Aug/2010:22:39:04 -0400] "GET /logs/error_log.1%20%20//components/com_moofaq/includes/file_includer.php?gzip=0&file=http://myslowice.activh.pl//news//inc/asu/sc1?? HTTP/1.1" 404 344 "-" "Mozilla/5.0"
97.74.198.126 - - [29/Aug/2010:22:39:46 -0400] "GET //components/com_moofaq/includes/file_includer.php?gzip=0&file=http://myslowice.activh.pl//news//inc/asu/sc1?? HTTP/1.1" 404 325 "-" "Mozilla/5.0"
97.74.198.126 - - [29/Aug/2010:22:39:51 -0400] "GET /logs//components/com_moofaq/includes/file_includer.php?gzip=0&file=http://myslowice.activh.pl//news//inc/asu/sc1?? HTTP/1.1" 404 330 "-" "Mozilla/5.0"
97.74.198.126 - - [29/Aug/2010:22:39:51 -0400] "GET /logs/error_log.3%20%20//components/com_moofaq/includes/file_includer.php?gzip=0&file=http://myslowice.activh.pl//news//inc/asu/sc1?? HTTP/1.1" 404 344 "-" "Mozilla/5.0"
88.131.106.22 - - [29/Aug/2010:22:42:34 -0400] "GET /robots.txt HTTP/1.0" 404 274 "-" "Mozilla/5.0 (Windows; U; Windows NT 5.1; en-US) Speedy Spider (http://www.entireweb.com/about/search_tech/speedy_spider/)"
88.131.106.22 - - [29/Aug/2010:22:42:37 -0400] "GET /sunFAQ/sun3mousepad.html HTTP/1.0" 304 - "-" "Mozilla/5.0 (Windows; U; Windows NT 5.1; en-US) Speedy Spider (http://www.entireweb.com/about/search_tech/speedy_spider/)"
87.250.253.243 - - [29/Aug/2010:22:43:31 -0400] "GET /sunFAQ/sparc_compare.txt HTTP/1.1" 200 9096 "-" "Mozilla/5.0 (compatible; YandexBot/3.0; +http://yandex.com/bots)"
93.190.143.153 - - [29/Aug/2010:22:50:12 -0400] "GET /fc/ HTTP/1.0" 200 7383 "http://obsolyte.com/fc/" "Mozilla/4.0 (compatible; MSIE 7.0; Windows NT 5.1; SV1; .NET CLR 2.0.50727)"
97.100.177.247 - - [29/Aug/2010:22:50:19 -0400] "GET /vanagon/VanagonProTraining/DigiFant/014.jpg HTTP/1.1" 200 107353 "http://www.thesamba.com/vw/forum/viewtopic.php?p=2976711" "Mozilla/5.0 (Windows; U; Windows NT 6.0; en-US) AppleWebKit/533.4 (KHTML, like Gecko) Chrome/5.0.375.127 Safari/533.4"
97.100.177.247 - - [29/Aug/2010:22:50:19 -0400] "GET /vanagon/VanagonProTraining/DigiFant/015.jpg HTTP/1.1" 200 110378 "http://www.thesamba.com/vw/forum/viewtopic.php?p=2976711" "Mozilla/5.0 (Windows; U; Windows NT 6.0; en-US) AppleWebKit/533.4 (KHTML, like Gecko) Chrome/5.0.375.127 Safari/533.4"
97.100.177.247 - - [29/Aug/2010:22:50:19 -0400] "GET /vanagon/VanagonProTraining/DigiFant/016.jpg HTTP/1.1" 200 109813 "http://www.thesamba.com/vw/forum/viewtopic.php?p=2976711" "Mozilla/5.0 (Windows; U; Windows NT 6.0; en-US) AppleWebKit/533.4 (KHTML, like Gecko) Chrome/5.0.375.127 Safari/533.4"
178.63.19.195 - - [29/Aug/2010:22:50:21 -0400] "GET //blogtest/xmlsrv/xmlrpc.php HTTP/1.1" 404 303 "-" "libwww-perl/5.805"
178.63.19.195 - - [29/Aug/2010:22:54:39 -0400] "GET //blogtest/xmlsrv/xmlrpc.php HTTP/1.1" 404 303 "-" "libwww-perl/5.805"
178.63.19.195 - - [29/Aug/2010:22:55:14 -0400] "GET /logs/error_log.3//blogtest/xmlsrv/xmlrpc.php HTTP/1.1" 404 320 "-" "libwww-perl/5.805"
178.63.19.195 - - [29/Aug/2010:22:55:14 -0400] "GET //blogtest/xmlsrv/xmlrpc.php HTTP/1.1" 404 303 "-" "libwww-perl/5.805"
178.63.19.195 - - [29/Aug/2010:22:55:15 -0400] "GET /logs//blogtest/xmlsrv/xmlrpc.php HTTP/1.1" 404 308 "-" "libwww-perl/5.805"
65.52.49.139 - - [29/Aug/2010:22:57:12 -0400] "GET /robots.txt HTTP/1.1" 404 286 "-" "msnbot/2.0b (+http://search.msn.com/msnbot.htm)"
203.161.120.155 - - [29/Aug/2010:22:58:53 -0400] "GET /vanagon/VanagonProTraining/DigiFant/i.jpg HTTP/1.1" 200 136400 "http://www.loam.org/vw/Vanagon/VanagonProTraining/DigiFant/pages.htm" "Mozilla/4.0 (compatible; MSIE 7.0; Windows NT 5.1; .NET CLR 2.0.50727; InfoPath.1; .NET CLR 3.0.04506.30; .NET CLR 3.0.4506.2152; .NET CLR 3.5.30729)"
203.161.120.155 - - [29/Aug/2010:22:59:06 -0400] "GET /vanagon/VanagonProTraining/DigiFant/ii.jpg HTTP/1.1" 200 144310 "http://www.loam.org/vw/Vanagon/VanagonProTraining/DigiFant/pages.htm" "Mozilla/4.0 (compatible; MSIE 7.0; Windows NT 5.1; .NET CLR 2.0.50727; InfoPath.1; .NET CLR 3.0.04506.30; .NET CLR 3.0.4506.2152; .NET CLR 3.5.30729)"
203.161.120.155 - - [29/Aug/2010:23:00:34 -0400] "GET /vanagon/VanagonProTraining/DigiFant/iii.jpg HTTP/1.1" 200 86878 "http://www.loam.org/vw/Vanagon/VanagonProTraining/DigiFant/pages.htm" "Mozilla/4.0 (compatible; MSIE 7.0; Windows NT 5.1; .NET CLR 2.0.50727; InfoPath.1; .NET CLR 3.0.04506.30; .NET CLR 3.0.4506.2152; .NET CLR 3.5.30729)"
203.161.120.155 - - [29/Aug/2010:23:01:16 -0400] "GET /vanagon/VanagonProTraining/DigiFant/iv.jpg HTTP/1.1" 200 130836 "http://www.loam.org/vw/Vanagon/VanagonProTraining/DigiFant/pages.htm" "Mozilla/4.0 (compatible; MSIE 7.0; Windows NT 5.1; .NET CLR 2.0.50727; InfoPath.1; .NET CLR 3.0.04506.30; .NET CLR 3.0.4506.2152; .NET CLR 3.5.30729)"
68.172.221.162 - - [29/Aug/2010:23:01:18 -0400] "GET /sun_ss5/ HTTP/1.1" 200 14917 "-" "Mozilla/4.0 (compatible; MSIE 6.0; Windows NT 5.1)"
90.183.39.17 - - [29/Aug/2010:23:01:22 -0400] "GET /robots.txt HTTP/1.1" 404 286 "-" "holmes/3.12.4 (http://morfeo.centrum.cz/bot)"
203.161.120.155 - - [29/Aug/2010:23:01:43 -0400] "GET /vanagon/VanagonProTraining/DigiFant/001.jpg HTTP/1.1" 200 114907 "http://www.loam.org/vw/Vanagon/VanagonProTraining/DigiFant/pages.htm" "Mozilla/4.0 (compatible; MSIE 7.0; Windows NT 5.1; .NET CLR 2.0.50727; InfoPath.1; .NET CLR 3.0.04506.30; .NET CLR 3.0.4506.2152; .NET CLR 3.5.30729)"
203.161.120.155 - - [29/Aug/2010:23:02:45 -0400] "GET /vanagon/VanagonProTraining/DigiFant/002.jpg HTTP/1.1" 200 109574 "http://www.loam.org/vw/Vanagon/VanagonProTraining/DigiFant/pages.htm" "Mozilla/4.0 (compatible; MSIE 7.0; Windows NT 5.1; .NET CLR 2.0.50727; InfoPath.1; .NET CLR 3.0.04506.30; .NET CLR 3.0.4506.2152; .NET CLR 3.5.30729)"
203.161.120.155 - - [29/Aug/2010:23:03:12 -0400] "GET /vanagon/VanagonProTraining/DigiFant/003.jpg HTTP/1.1" 200 111745 "http://www.loam.org/vw/Vanagon/VanagonProTraining/DigiFant/pages.htm" "Mozilla/4.0 (compatible; MSIE 7.0; Windows NT 5.1; .NET CLR 2.0.50727; InfoPath.1; .NET CLR 3.0.04506.30; .NET CLR 3.0.4506.2152; .NET CLR 3.5.30729)"
203.161.120.155 - - [29/Aug/2010:23:03:30 -0400] "GET /vanagon/VanagonProTraining/DigiFant/004.jpg HTTP/1.1" 200 126783 "http://www.loam.org/vw/Vanagon/VanagonProTraining/DigiFant/pages.htm" "Mozilla/4.0 (compatible; MSIE 7.0; Windows NT 5.1; .NET CLR 2.0.50727; InfoPath.1; .NET CLR 3.0.04506.30; .NET CLR 3.0.4506.2152; .NET CLR 3.5.30729)"
203.161.120.155 - - [29/Aug/2010:23:03:49 -0400] "GET /vanagon/VanagonProTraining/DigiFant/005.jpg HTTP/1.1" 200 134293 "http://www.loam.org/vw/Vanagon/VanagonProTraining/DigiFant/pages.htm" "Mozilla/4.0 (compatible; MSIE 7.0; Windows NT 5.1; .NET CLR 2.0.50727; InfoPath.1; .NET CLR 3.0.04506.30; .NET CLR 3.0.4506.2152; .NET CLR 3.5.30729)"
203.161.120.155 - - [29/Aug/2010:23:04:30 -0400] "GET /vanagon/VanagonProTraining/DigiFant/006.jpg HTTP/1.1" 200 101875 "http://www.loam.org/vw/Vanagon/VanagonProTraining/DigiFant/pages.htm" "Mozilla/4.0 (compatible; MSIE 7.0; Windows NT 5.1; .NET CLR 2.0.50727; InfoPath.1; .NET CLR 3.0.04506.30; .NET CLR 3.0.4506.2152; .NET CLR 3.5.30729)"
203.161.120.155 - - [29/Aug/2010:23:04:42 -0400] "GET /vanagon/VanagonProTraining/DigiFant/007.jpg HTTP/1.1" 200 110000 "http://www.loam.org/vw/Vanagon/VanagonProTraining/DigiFant/pages.htm" "Mozilla/4.0 (compatible; MSIE 7.0; Windows NT 5.1; .NET CLR 2.0.50727; InfoPath.1; .NET CLR 3.0.04506.30; .NET CLR 3.0.4506.2152; .NET CLR 3.5.30729)"
203.161.120.155 - - [29/Aug/2010:23:04:59 -0400] "GET /vanagon/VanagonProTraining/DigiFant/008.jpg HTTP/1.1" 200 120926 "http://www.loam.org/vw/Vanagon/VanagonProTraining/DigiFant/pages.htm" "Mozilla/4.0 (compatible; MSIE 7.0; Windows NT 5.1; .NET CLR 2.0.50727; InfoPath.1; .NET CLR 3.0.04506.30; .NET CLR 3.0.4506.2152; .NET CLR 3.5.30729)"
71.141.100.7 - - [29/Aug/2010:23:05:55 -0400] "GET /favicon.ico HTTP/1.1" 200 318 "http://www.obsolyte.com/sun_ipx/" "Opera/9.64 (Windows NT 5.1; U; en) Presto/2.1.1"
203.161.120.155 - - [29/Aug/2010:23:06:18 -0400] "GET /vanagon/VanagonProTraining/DigiFant/cov.jpg HTTP/1.1" 200 212466 "-" "Mozilla/4.0 (compatible; MSIE 7.0; Windows NT 5.1; .NET CLR 2.0.50727; InfoPath.1; .NET CLR 3.0.04506.30; .NET CLR 3.0.4506.2152; .NET CLR 3.5.30729)"
203.161.120.155 - - [29/Aug/2010:23:06:54 -0400] "GET /vanagon/VanagonProTraining/DigiFant/039.jpg HTTP/1.1" 200 87917 "http://www.loam.org/vw/Vanagon/VanagonProTraining/DigiFant/pages.htm" "Mozilla/4.0 (compatible; MSIE 7.0; Windows NT 5.1; .NET CLR 2.0.50727; InfoPath.1; .NET CLR 3.0.04506.30; .NET CLR 3.0.4506.2152; .NET CLR 3.5.30729)"
203.161.120.155 - - [29/Aug/2010:23:07:02 -0400] "GET /vanagon/VanagonProTraining/DigiFant/033.jpg HTTP/1.1" 200 122642 "http://www.loam.org/vw/Vanagon/VanagonProTraining/DigiFant/pages.htm" "Mozilla/4.0 (compatible; MSIE 7.0; Windows NT 5.1; .NET CLR 2.0.50727; InfoPath.1; .NET CLR 3.0.04506.30; .NET CLR 3.0.4506.2152; .NET CLR 3.5.30729)"
203.161.120.155 - - [29/Aug/2010:23:07:06 -0400] "GET /vanagon/VanagonProTraining/DigiFant/032.jpg HTTP/1.1" 200 98726 "http://www.loam.org/vw/Vanagon/VanagonProTraining/DigiFant/pages.htm" "Mozilla/4.0 (compatible; MSIE 7.0; Windows NT 5.1; .NET CLR 2.0.50727; InfoPath.1; .NET CLR 3.0.04506.30; .NET CLR 3.0.4506.2152; .NET CLR 3.5.30729)"
203.161.120.155 - - [29/Aug/2010:23:07:09 -0400] "GET /vanagon/VanagonProTraining/DigiFant/028.jpg HTTP/1.1" 200 93600 "http://www.loam.org/vw/Vanagon/VanagonProTraining/DigiFant/pages.htm" "Mozilla/4.0 (compatible; MSIE 7.0; Windows NT 5.1; .NET CLR 2.0.50727; InfoPath.1; .NET CLR 3.0.04506.30; .NET CLR 3.0.4506.2152; .NET CLR 3.5.30729)"
75.125.107.82 - - [29/Aug/2010:23:08:11 -0400] "GET /logs/error_log.3//blog/ HTTP/1.1" 404 299 "-" "libwww-perl/5.805"
75.125.107.82 - - [29/Aug/2010:23:08:11 -0400] "GET //blog/ HTTP/1.1" 404 282 "-" "libwww-perl/5.805"
75.125.107.82 - - [29/Aug/2010:23:08:11 -0400] "GET /logs//blog/ HTTP/1.1" 404 287 "-" "libwww-perl/5.805"
173.20.194.109 - - [29/Aug/2010:23:09:06 -0400] "GET /~techrat/vw_spotters/vw_thing_r.jpg HTTP/1.1" 200 16248 "http://www.myspace.com/rpsvdubs" "Mozilla/5.0 (Windows; U; Windows NT 6.0; en-US; rv:1.9.1.11) Gecko/20100701 Firefox/3.5.11 (.NET CLR 3.5.30729)"
220.181.94.233 - - [29/Aug/2010:23:09:11 -0400] "GET / HTTP/1.1" 200 12550 "-" "Sogou web spider/4.0(+http://www.sogou.com/docs/help/webmasters.htm#07)"
203.161.120.155 - - [29/Aug/2010:23:09:17 -0400] "GET /vanagon/VanagonProTraining/DigiFant/009.jpg HTTP/1.1" 200 141219 "http://www.loam.org/vw/Vanagon/VanagonProTraining/DigiFant/pages.htm" "Mozilla/4.0 (compatible; MSIE 7.0; Windows NT 5.1; .NET CLR 2.0.50727; InfoPath.1; .NET CLR 3.0.04506.30; .NET CLR 3.0.4506.2152; .NET CLR 3.5.30729)"
203.161.120.155 - - [29/Aug/2010:23:09:25 -0400] "GET /vanagon/VanagonProTraining/DigiFant/010.jpg HTTP/1.1" 200 123049 "http://www.loam.org/vw/Vanagon/VanagonProTraining/DigiFant/pages.htm" "Mozilla/4.0 (compatible; MSIE 7.0; Windows NT 5.1; .NET CLR 2.0.50727; InfoPath.1; .NET CLR 3.0.04506.30; .NET CLR 3.0.4506.2152; .NET CLR 3.5.30729)"
203.161.120.155 - - [29/Aug/2010:23:09:41 -0400] "GET /vanagon/VanagonProTraining/DigiFant/011.jpg HTTP/1.1" 200 127716 "http://www.loam.org/vw/Vanagon/VanagonProTraining/DigiFant/pages.htm" "Mozilla/4.0 (compatible; MSIE 7.0; Windows NT 5.1; .NET CLR 2.0.50727; InfoPath.1; .NET CLR 3.0.04506.30; .NET CLR 3.0.4506.2152; .NET CLR 3.5.30729)"
203.161.120.155 - - [29/Aug/2010:23:09:48 -0400] "GET /vanagon/VanagonProTraining/DigiFant/012.jpg HTTP/1.1" 200 87626 "http://www.loam.org/vw/Vanagon/VanagonProTraining/DigiFant/pages.htm" "Mozilla/4.0 (compatible; MSIE 7.0; Windows NT 5.1; .NET CLR 2.0.50727; InfoPath.1; .NET CLR 3.0.04506.30; .NET CLR 3.0.4506.2152; .NET CLR 3.5.30729)"
203.161.120.155 - - [29/Aug/2010:23:09:59 -0400] "GET /vanagon/VanagonProTraining/DigiFant/013.jpg HTTP/1.1" 200 99184 "http://www.loam.org/vw/Vanagon/VanagonProTraining/DigiFant/pages.htm" "Mozilla/4.0 (compatible; MSIE 7.0; Windows NT 5.1; .NET CLR 2.0.50727; InfoPath.1; .NET CLR 3.0.04506.30; .NET CLR 3.0.4506.2152; .NET CLR 3.5.30729)"
203.161.120.155 - - [29/Aug/2010:23:10:07 -0400] "GET /vanagon/VanagonProTraining/DigiFant/014.jpg HTTP/1.1" 200 107353 "http://www.loam.org/vw/Vanagon/VanagonProTraining/DigiFant/pages.htm" "Mozilla/4.0 (compatible; MSIE 7.0; Windows NT 5.1; .NET CLR 2.0.50727; InfoPath.1; .NET CLR 3.0.04506.30; .NET CLR 3.0.4506.2152; .NET CLR 3.5.30729)"
203.161.120.155 - - [29/Aug/2010:23:10:21 -0400] "GET /vanagon/VanagonProTraining/DigiFant/015.jpg HTTP/1.1" 200 110378 "http://www.loam.org/vw/Vanagon/VanagonProTraining/DigiFant/pages.htm" "Mozilla/4.0 (compatible; MSIE 7.0; Windows NT 5.1; .NET CLR 2.0.50727; InfoPath.1; .NET CLR 3.0.04506.30; .NET CLR 3.0.4506.2152; .NET CLR 3.5.30729)"
203.161.120.155 - - [29/Aug/2010:23:10:32 -0400] "GET /vanagon/VanagonProTraining/DigiFant/016.jpg HTTP/1.1" 200 109813 "http://www.loam.org/vw/Vanagon/VanagonProTraining/DigiFant/pages.htm" "Mozilla/4.0 (compatible; MSIE 7.0; Windows NT 5.1; .NET CLR 2.0.50727; InfoPath.1; .NET CLR 3.0.04506.30; .NET CLR 3.0.4506.2152; .NET CLR 3.5.30729)"
178.63.19.195 - - [29/Aug/2010:23:10:37 -0400] "GET /logs/error_log.3//blog/ HTTP/1.1" 404 299 "-" "libwww-perl/5.805"
178.63.19.195 - - [29/Aug/2010:23:10:37 -0400] "GET //blog/ HTTP/1.1" 404 282 "-" "libwww-perl/5.805"
178.63.19.195 - - [29/Aug/2010:23:10:37 -0400] "GET /logs//blog/ HTTP/1.1" 404 287 "-" "libwww-perl/5.805"
203.161.120.155 - - [29/Aug/2010:23:10:41 -0400] "GET /vanagon/VanagonProTraining/DigiFant/017.jpg HTTP/1.1" 200 97033 "http://www.loam.org/vw/Vanagon/VanagonProTraining/DigiFant/pages.htm" "Mozilla/4.0 (compatible; MSIE 7.0; Windows NT 5.1; .NET CLR 2.0.50727; InfoPath.1; .NET CLR 3.0.04506.30; .NET CLR 3.0.4506.2152; .NET CLR 3.5.30729)"
203.161.120.155 - - [29/Aug/2010:23:10:50 -0400] "GET /vanagon/VanagonProTraining/DigiFant/018.jpg HTTP/1.1" 200 126009 "http://www.loam.org/vw/Vanagon/VanagonProTraining/DigiFant/pages.htm" "Mozilla/4.0 (compatible; MSIE 7.0; Windows NT 5.1; .NET CLR 2.0.50727; InfoPath.1; .NET CLR 3.0.04506.30; .NET CLR 3.0.4506.2152; .NET CLR 3.5.30729)"
203.161.120.155 - - [29/Aug/2010:23:10:59 -0400] "GET /vanagon/VanagonProTraining/DigiFant/019.jpg HTTP/1.1" 200 105778 "http://www.loam.org/vw/Vanagon/VanagonProTraining/DigiFant/pages.htm" "Mozilla/4.0 (compatible; MSIE 7.0; Windows NT 5.1; .NET CLR 2.0.50727; InfoPath.1; .NET CLR 3.0.04506.30; .NET CLR 3.0.4506.2152; .NET CLR 3.5.30729)"
203.161.120.155 - - [29/Aug/2010:23:11:09 -0400] "GET /vanagon/VanagonProTraining/DigiFant/020.jpg HTTP/1.1" 200 129460 "http://www.loam.org/vw/Vanagon/VanagonProTraining/DigiFant/pages.htm" "Mozilla/4.0 (compatible; MSIE 7.0; Windows NT 5.1; .NET CLR 2.0.50727; InfoPath.1; .NET CLR 3.0.04506.30; .NET CLR 3.0.4506.2152; .NET CLR 3.5.30729)"
203.161.120.155 - - [29/Aug/2010:23:11:21 -0400] "GET /vanagon/VanagonProTraining/DigiFant/021.jpg HTTP/1.1" 200 64053 "http://www.loam.org/vw/Vanagon/VanagonProTraining/DigiFant/pages.htm" "Mozilla/4.0 (compatible; MSIE 7.0; Windows NT 5.1; .NET CLR 2.0.50727; InfoPath.1; .NET CLR 3.0.04506.30; .NET CLR 3.0.4506.2152; .NET CLR 3.5.30729)"
74.245.39.43 - - [29/Aug/2010:23:14:19 -0400] "GET /sun_ss5/ HTTP/1.1" 200 14917 "http://www.google.com/search?hl=en&source=hp&q=sun+sparcstations&aq=f&aqi=&aql=&oq=&gs_rfai=CTMgCBPZ6TPjYCouEhQSX0sCNBQAAAKoEBU_QrVQV" "Mozilla/4.0 (compatible; MSIE 7.0; Windows NT 6.0; FunWebProducts; SLCC1; .NET CLR 2.0.50727; Media Center PC 5.0; .NET CLR 3.5.30729; .NET CLR 3.0.30618; .NET4.0C)"
74.245.39.43 - - [29/Aug/2010:23:14:19 -0400] "GET /sun_ss5/ss5_1.jpg HTTP/1.1" 200 14675 "http://www.obsolyte.com/sun_ss5/" "Mozilla/4.0 (compatible; MSIE 7.0; Windows NT 6.0; FunWebProducts; SLCC1; .NET CLR 2.0.50727; Media Center PC 5.0; .NET CLR 3.5.30729; .NET CLR 3.0.30618; .NET4.0C)"
74.245.39.43 - - [29/Aug/2010:23:14:19 -0400] "GET /sun_ss5/pdf.gif HTTP/1.1" 200 390 "http://www.obsolyte.com/sun_ss5/" "Mozilla/4.0 (compatible; MSIE 7.0; Windows NT 6.0; FunWebProducts; SLCC1; .NET CLR 2.0.50727; Media Center PC 5.0; .NET CLR 3.5.30729; .NET CLR 3.0.30618; .NET4.0C)"
74.245.39.43 - - [29/Aug/2010:23:14:19 -0400] "GET /sun_ss20/floppy.jpg HTTP/1.1" 200 12433 "http://www.obsolyte.com/sun_ss5/" "Mozilla/4.0 (compatible; MSIE 7.0; Windows NT 6.0; FunWebProducts; SLCC1; .NET CLR 2.0.50727; Media Center PC 5.0; .NET CLR 3.5.30729; .NET CLR 3.0.30618; .NET4.0C)"
74.245.39.43 - - [29/Aug/2010:23:14:19 -0400] "GET /sun_ss5/ss5_jumpers.jpg HTTP/1.1" 200 39884 "http://www.obsolyte.com/sun_ss5/" "Mozilla/4.0 (compatible; MSIE 7.0; Windows NT 6.0; FunWebProducts; SLCC1; .NET CLR 2.0.50727; Media Center PC 5.0; .NET CLR 3.5.30729; .NET CLR 3.0.30618; .NET4.0C)"
74.245.39.43 - - [29/Aug/2010:23:14:19 -0400] "GET /sun_ss5/ss5_rear.jpg HTTP/1.1" 200 42643 "http://www.obsolyte.com/sun_ss5/" "Mozilla/4.0 (compatible; MSIE 7.0; Windows NT 6.0; FunWebProducts; SLCC1; .NET CLR 2.0.50727; Media Center PC 5.0; .NET CLR 3.5.30729; .NET CLR 3.0.30618; .NET4.0C)"
74.245.39.43 - - [29/Aug/2010:23:14:20 -0400] "GET /sun_ss5/ss5-newfan2.jpg HTTP/1.1" 200 29609 "http://www.obsolyte.com/sun_ss5/" "Mozilla/4.0 (compatible; MSIE 7.0; Windows NT 6.0; FunWebProducts; SLCC1; .NET CLR 2.0.50727; Media Center PC 5.0; .NET CLR 3.5.30729; .NET CLR 3.0.30618; .NET4.0C)"
74.245.39.43 - - [29/Aug/2010:23:14:20 -0400] "GET /sun_ss5/ss5_server.jpg HTTP/1.1" 200 51920 "http://www.obsolyte.com/sun_ss5/" "Mozilla/4.0 (compatible; MSIE 7.0; Windows NT 6.0; FunWebProducts; SLCC1; .NET CLR 2.0.50727; Media Center PC 5.0; .NET CLR 3.5.30729; .NET CLR 3.0.30618; .NET4.0C)"
74.245.39.43 - - [29/Aug/2010:23:14:20 -0400] "GET /sun_ss5/ss5_int.jpg HTTP/1.1" 200 58136 "http://www.obsolyte.com/sun_ss5/" "Mozilla/4.0 (compatible; MSIE 7.0; Windows NT 6.0; FunWebProducts; SLCC1; .NET CLR 2.0.50727; Media Center PC 5.0; .NET CLR 3.5.30729; .NET CLR 3.0.30618; .NET4.0C)"
74.245.39.43 - - [29/Aug/2010:23:14:20 -0400] "GET /sun_ss5/ss5-newfan.jpg HTTP/1.1" 200 74139 "http://www.obsolyte.com/sun_ss5/" "Mozilla/4.0 (compatible; MSIE 7.0; Windows NT 6.0; FunWebProducts; SLCC1; .NET CLR 2.0.50727; Media Center PC 5.0; .NET CLR 3.5.30729; .NET CLR 3.0.30618; .NET4.0C)"
74.245.39.43 - - [29/Aug/2010:23:14:20 -0400] "GET /favicon.ico HTTP/1.1" 200 318 "-" "Mozilla/4.0 (compatible; MSIE 7.0; Windows NT 6.0; FunWebProducts; SLCC1; .NET CLR 2.0.50727; Media Center PC 5.0; .NET CLR 3.5.30729; .NET CLR 3.0.30618; .NET4.0C)"
87.250.253.243 - - [29/Aug/2010:23:15:33 -0400] "GET / HTTP/1.1" 200 12550 "-" "Mozilla/5.0 (compatible; YandexBot/3.0; +http://yandex.com/bots)"
207.46.199.199 - - [29/Aug/2010:23:20:15 -0400] "GET /robots.txt HTTP/1.1" 404 286 "-" "msnbot/2.0b (+http://search.msn.com/msnbot.htm)"
66.249.71.123 - - [29/Aug/2010:23:21:36 -0400] "GET /docs/pam-0.68/html/pam_modules-4.html HTTP/1.1" 404 313 "-" "Mozilla/5.0 (compatible; Googlebot/2.1; +http://www.google.com/bot.html)"
178.63.19.195 - - [29/Aug/2010:23:25:04 -0400] "GET /logs/error_log.3//blogtest/xmlsrv/xmlrpc.php HTTP/1.1" 404 320 "-" "libwww-perl/5.805"
178.63.19.195 - - [29/Aug/2010:23:25:05 -0400] "GET //blogtest/xmlsrv/xmlrpc.php HTTP/1.1" 404 303 "-" "libwww-perl/5.805"
178.63.19.195 - - [29/Aug/2010:23:25:05 -0400] "GET /logs//blogtest/xmlsrv/xmlrpc.php HTTP/1.1" 404 308 "-" "libwww-perl/5.805"
66.249.71.123 - - [29/Aug/2010:23:26:24 -0400] "GET /sunPICS/3_280 HTTP/1.1" 301 321 "-" "SAMSUNG-SGH-E250/1.0 Profile/MIDP-2.0 Configuration/CLDC-1.1 UP.Browser/6.2.3.3.c.1.101 (GUI) MMP/2.0 (compatible; Googlebot-Mobile/2.1; +http://www.google.com/bot.html)"
66.249.71.180 - - [29/Aug/2010:23:26:25 -0400] "GET /robots.txt HTTP/1.1" 404 286 "-" "SAMSUNG-SGH-E250/1.0 Profile/MIDP-2.0 Configuration/CLDC-1.1 UP.Browser/6.2.3.3.c.1.101 (GUI) MMP/2.0 (compatible; Googlebot-Mobile/2.1; +http://www.google.com/bot.html)"
66.249.71.180 - - [29/Aug/2010:23:26:25 -0400] "GET /sunPICS/3_280/ HTTP/1.1" 200 2418 "-" "SAMSUNG-SGH-E250/1.0 Profile/MIDP-2.0 Configuration/CLDC-1.1 UP.Browser/6.2.3.3.c.1.101 (GUI) MMP/2.0 (compatible; Googlebot-Mobile/2.1; +http://www.google.com/bot.html)"
123.125.66.80 - - [29/Aug/2010:23:28:21 -0400] "GET / HTTP/1.1" 200 12550 "-" "Baiduspider+(+http://www.baidu.com/search/spider.htm)"
220.181.7.127 - - [29/Aug/2010:23:28:53 -0400] "GET / HTTP/1.1" 200 12550 "-" "Baiduspider+(+http://www.baidu.com/search/spider.htm)"
66.235.124.5 - - [29/Aug/2010:23:30:02 -0400] "GET /docs/glibc-2.1.2/FAQ HTTP/1.1" 404 296 "-" "Mozilla/5.0 (compatible; Ask Jeeves/Teoma; +http://about.ask.com/en/docs/about/webmasters.shtml)"
189.156.95.92 - - [29/Aug/2010:23:30:42 -0400] "GET /~techrat/vw_spotters/ HTTP/1.1" 200 5450 "http://www.google.com.mx/imgres?imgurl=http://www.obsolyte.com/~techrat/vw_spotters/vw_square_detail.jpg&imgrefurl=http://www.obsolyte.com/~techrat/vw_spotters/&usg=__Vuff9686XJToDiZeTTm3-DHOcu4=&h=480&w=640&sz=88&hl=es&start=210&zoom=1&tbnid=JgpvEXTP2hXmwM:&tbnh=103&tbnw=137&prev=/images%3Fq%3Drat%2Brod%2Bvw%26start%3D200%26hl%3Des%26safe%3Doff%26sa%3DN%26gbv%3D2%26tbs%3Disch:1&itbs=1" "Mozilla/4.0 (compatible; MSIE 6.0; Windows 98; Win 9x 4.90)"
189.156.95.92 - - [29/Aug/2010:23:30:45 -0400] "GET /~techrat/vw_spotters/vw_beetle_f.jpg HTTP/1.1" 200 12740 "http://www.obsolyte.com/~techrat/vw_spotters/" "Mozilla/4.0 (compatible; MSIE 6.0; Windows 98; Win 9x 4.90)"
189.156.95.92 - - [29/Aug/2010:23:30:45 -0400] "GET /~techrat/vw_spotters/vw_beetle_r.jpg HTTP/1.1" 200 12740 "http://www.obsolyte.com/~techrat/vw_spotters/" "Mozilla/4.0 (compatible; MSIE 6.0; Windows 98; Win 9x 4.90)"
189.156.95.92 - - [29/Aug/2010:23:30:47 -0400] "GET /~techrat/vw_spotters/vw_square_detail.jpg HTTP/1.1" 200 89778 "http://www.google.com.mx/imgres?imgurl=http://www.obsolyte.com/~techrat/vw_spotters/vw_square_detail.jpg&imgrefurl=http://www.obsolyte.com/~techrat/vw_spotters/&usg=__Vuff9686XJToDiZeTTm3-DHOcu4=&h=480&w=640&sz=88&hl=es&start=210&zoom=1&tbnid=JgpvEXTP2hXmwM:&tbnh=103&tbnw=137&prev=/images%3Fq%3Drat%2Brod%2Bvw%26start%3D200%26hl%3Des%26safe%3Doff%26sa%3DN%26gbv%3D2%26tbs%3Disch:1&itbs=1" "Mozilla/4.0 (compatible; MSIE 6.0; Windows 98; Win 9x 4.90)"
189.156.95.92 - - [29/Aug/2010:23:30:57 -0400] "GET /~techrat/vw_spotters/vw_beetle_r.jpg HTTP/1.1" 200 30774 "http://www.obsolyte.com/~techrat/vw_spotters/" "Mozilla/4.0 (compatible; MSIE 6.0; Windows 98; Win 9x 4.90)"
189.156.95.92 - - [29/Aug/2010:23:30:57 -0400] "GET /~techrat/vw_spotters/vw_ghia_f.jpg HTTP/1.1" 200 22868 "http://www.obsolyte.com/~techrat/vw_spotters/" "Mozilla/4.0 (compatible; MSIE 6.0; Windows 98; Win 9x 4.90)"
189.156.95.92 - - [29/Aug/2010:23:30:58 -0400] "GET /~techrat/vw_spotters/vw_thing_r.jpg HTTP/1.1" 200 16248 "http://www.obsolyte.com/~techrat/vw_spotters/" "Mozilla/4.0 (compatible; MSIE 6.0; Windows 98; Win 9x 4.90)"
189.156.95.92 - - [29/Aug/2010:23:30:58 -0400] "GET /~techrat/vw_spotters/vw_beetle_f.jpg HTTP/1.1" 200 28153 "http://www.obsolyte.com/~techrat/vw_spotters/" "Mozilla/4.0 (compatible; MSIE 6.0; Windows 98; Win 9x 4.90)"
119.63.198.18 - - [29/Aug/2010:23:31:27 -0400] "GET /robots.txt HTTP/1.1" 404 286 "-" "Baiduspider+(+http://www.baidu.com/search/spider.htm)"
203.161.120.155 - - [29/Aug/2010:23:33:56 -0400] "GET /vanagon/VanagonProTraining/DigiFant/022.jpg HTTP/1.1" 200 82782 "http://www.loam.org/vw/Vanagon/VanagonProTraining/DigiFant/pages.htm" "Mozilla/4.0 (compatible; MSIE 7.0; Windows NT 5.1; .NET CLR 2.0.50727; InfoPath.1; .NET CLR 3.0.04506.30; .NET CLR 3.0.4506.2152; .NET CLR 3.5.30729)"
71.12.214.78 - - [29/Aug/2010:23:34:15 -0400] "GET /faq/50pinscsi.jpg HTTP/1.1" 200 41828 "http://www.gearslutz.com/board/electronic-music-instruments-electronic-music-production/477490-akai-s5000-help.html" "Mozilla/5.0 (Windows; U; Windows NT 6.0; en-US; rv:1.9.2.8) Gecko/20100722 Firefox/3.6.8 ( .NET CLR 3.5.30729; .NET4.0C)"
203.161.120.155 - - [29/Aug/2010:23:34:24 -0400] "GET /vanagon/VanagonProTraining/DigiFant/023.jpg HTTP/1.1" 200 85538 "http://www.loam.org/vw/Vanagon/VanagonProTraining/DigiFant/pages.htm" "Mozilla/4.0 (compatible; MSIE 7.0; Windows NT 5.1; .NET CLR 2.0.50727; InfoPath.1; .NET CLR 3.0.04506.30; .NET CLR 3.0.4506.2152; .NET CLR 3.5.30729)"
203.161.120.155 - - [29/Aug/2010:23:34:36 -0400] "GET /vanagon/VanagonProTraining/DigiFant/024.jpg HTTP/1.1" 200 107239 "http://www.loam.org/vw/Vanagon/VanagonProTraining/DigiFant/pages.htm" "Mozilla/4.0 (compatible; MSIE 7.0; Windows NT 5.1; .NET CLR 2.0.50727; InfoPath.1; .NET CLR 3.0.04506.30; .NET CLR 3.0.4506.2152; .NET CLR 3.5.30729)"
203.161.120.155 - - [29/Aug/2010:23:35:01 -0400] "GET /vanagon/VanagonProTraining/DigiFant/025.jpg HTTP/1.1" 200 114406 "http://www.loam.org/vw/Vanagon/VanagonProTraining/DigiFant/pages.htm" "Mozilla/4.0 (compatible; MSIE 7.0; Windows NT 5.1; .NET CLR 2.0.50727; InfoPath.1; .NET CLR 3.0.04506.30; .NET CLR 3.0.4506.2152; .NET CLR 3.5.30729)"
203.161.120.155 - - [29/Aug/2010:23:35:08 -0400] "GET /vanagon/VanagonProTraining/DigiFant/026.jpg HTTP/1.1" 200 114263 "http://www.loam.org/vw/Vanagon/VanagonProTraining/DigiFant/pages.htm" "Mozilla/4.0 (compatible; MSIE 7.0; Windows NT 5.1; .NET CLR 2.0.50727; InfoPath.1; .NET CLR 3.0.04506.30; .NET CLR 3.0.4506.2152; .NET CLR 3.5.30729)"
203.161.120.155 - - [29/Aug/2010:23:35:21 -0400] "GET /vanagon/VanagonProTraining/DigiFant/027.jpg HTTP/1.1" 200 107428 "http://www.loam.org/vw/Vanagon/VanagonProTraining/DigiFant/pages.htm" "Mozilla/4.0 (compatible; MSIE 7.0; Windows NT 5.1; .NET CLR 2.0.50727; InfoPath.1; .NET CLR 3.0.04506.30; .NET CLR 3.0.4506.2152; .NET CLR 3.5.30729)"
203.161.120.155 - - [29/Aug/2010:23:35:43 -0400] "GET /vanagon/VanagonProTraining/DigiFant/029.jpg HTTP/1.1" 200 106938 "http://www.loam.org/vw/Vanagon/VanagonProTraining/DigiFant/pages.htm" "Mozilla/4.0 (compatible; MSIE 7.0; Windows NT 5.1; .NET CLR 2.0.50727; InfoPath.1; .NET CLR 3.0.04506.30; .NET CLR 3.0.4506.2152; .NET CLR 3.5.30729)"
203.161.120.155 - - [29/Aug/2010:23:35:51 -0400] "GET /vanagon/VanagonProTraining/DigiFant/030.jpg HTTP/1.1" 200 101968 "http://www.loam.org/vw/Vanagon/VanagonProTraining/DigiFant/pages.htm" "Mozilla/4.0 (compatible; MSIE 7.0; Windows NT 5.1; .NET CLR 2.0.50727; InfoPath.1; .NET CLR 3.0.04506.30; .NET CLR 3.0.4506.2152; .NET CLR 3.5.30729)"
24.20.6.72 - - [29/Aug/2010:23:36:08 -0400] "GET /vanagon/VanagonProTraining/86Vanagon/001.jpg HTTP/1.1" 200 82730 "http://www.loam.org/vw/Vanagon/VanagonProTraining/86Vanagon/pages.htm" "Mozilla/5.0 (Macintosh; U; Intel Mac OS X 10.6; en-US; rv:1.9.1.11) Gecko/20100701 Firefox/3.5.11"
203.161.120.155 - - [29/Aug/2010:23:36:14 -0400] "GET /vanagon/VanagonProTraining/DigiFant/031.jpg HTTP/1.1" 200 97373 "http://www.loam.org/vw/Vanagon/VanagonProTraining/DigiFant/pages.htm" "Mozilla/4.0 (compatible; MSIE 7.0; Windows NT 5.1; .NET CLR 2.0.50727; InfoPath.1; .NET CLR 3.0.04506.30; .NET CLR 3.0.4506.2152; .NET CLR 3.5.30729)"
24.20.6.72 - - [29/Aug/2010:23:36:15 -0400] "GET /vanagon/VanagonProTraining/86Vanagon/002.jpg HTTP/1.1" 200 88334 "http://www.loam.org/vw/Vanagon/VanagonProTraining/86Vanagon/pages.htm" "Mozilla/5.0 (Macintosh; U; Intel Mac OS X 10.6; en-US; rv:1.9.1.11) Gecko/20100701 Firefox/3.5.11"
207.46.195.107 - - [29/Aug/2010:23:36:21 -0400] "GET /sgi_indigo/ HTTP/1.1" 304 - "-" "msnbot/2.0b (+http://search.msn.com/msnbot.htm)"
24.20.6.72 - - [29/Aug/2010:23:36:25 -0400] "GET /vanagon/VanagonProTraining/86Vanagon/003.jpg HTTP/1.1" 200 130479 "http://www.loam.org/vw/Vanagon/VanagonProTraining/86Vanagon/pages.htm" "Mozilla/5.0 (Macintosh; U; Intel Mac OS X 10.6; en-US; rv:1.9.1.11) Gecko/20100701 Firefox/3.5.11"
24.20.6.72 - - [29/Aug/2010:23:36:30 -0400] "GET /vanagon/VanagonProTraining/86Vanagon/004.jpg HTTP/1.1" 200 109633 "http://www.loam.org/vw/Vanagon/VanagonProTraining/86Vanagon/pages.htm" "Mozilla/5.0 (Macintosh; U; Intel Mac OS X 10.6; en-US; rv:1.9.1.11) Gecko/20100701 Firefox/3.5.11"
203.161.120.155 - - [29/Aug/2010:23:36:34 -0400] "GET /vanagon/VanagonProTraining/DigiFant/034.jpg HTTP/1.1" 200 116050 "http://www.loam.org/vw/Vanagon/VanagonProTraining/DigiFant/pages.htm" "Mozilla/4.0 (compatible; MSIE 7.0; Windows NT 5.1; .NET CLR 2.0.50727; InfoPath.1; .NET CLR 3.0.04506.30; .NET CLR 3.0.4506.2152; .NET CLR 3.5.30729)"
203.161.120.155 - - [29/Aug/2010:23:36:41 -0400] "GET /vanagon/VanagonProTraining/DigiFant/035.jpg HTTP/1.1" 200 131320 "http://www.loam.org/vw/Vanagon/VanagonProTraining/DigiFant/pages.htm" "Mozilla/4.0 (compatible; MSIE 7.0; Windows NT 5.1; .NET CLR 2.0.50727; InfoPath.1; .NET CLR 3.0.04506.30; .NET CLR 3.0.4506.2152; .NET CLR 3.5.30729)"
24.20.6.72 - - [29/Aug/2010:23:36:45 -0400] "GET /vanagon/VanagonProTraining/86Vanagon/006.jpg HTTP/1.1" 200 76411 "http://www.loam.org/vw/Vanagon/VanagonProTraining/86Vanagon/pages.htm" "Mozilla/5.0 (Macintosh; U; Intel Mac OS X 10.6; en-US; rv:1.9.1.11) Gecko/20100701 Firefox/3.5.11"
24.20.6.72 - - [29/Aug/2010:23:36:47 -0400] "GET /vanagon/VanagonProTraining/86Vanagon/005.jpg HTTP/1.1" 200 95620 "http://www.loam.org/vw/Vanagon/VanagonProTraining/86Vanagon/pages.htm" "Mozilla/5.0 (Macintosh; U; Intel Mac OS X 10.6; en-US; rv:1.9.1.11) Gecko/20100701 Firefox/3.5.11"
24.20.6.72 - - [29/Aug/2010:23:36:50 -0400] "GET /vanagon/VanagonProTraining/86Vanagon/006.jpg HTTP/1.1" 206 45713 "http://www.loam.org/vw/Vanagon/VanagonProTraining/86Vanagon/pages.htm" "Mozilla/5.0 (Macintosh; U; Intel Mac OS X 10.6; en-US; rv:1.9.1.11) Gecko/20100701 Firefox/3.5.11"
203.161.120.155 - - [29/Aug/2010:23:36:53 -0400] "GET /vanagon/VanagonProTraining/DigiFant/036.jpg HTTP/1.1" 200 88666 "http://www.loam.org/vw/Vanagon/VanagonProTraining/DigiFant/pages.htm" "Mozilla/4.0 (compatible; MSIE 7.0; Windows NT 5.1; .NET CLR 2.0.50727; InfoPath.1; .NET CLR 3.0.04506.30; .NET CLR 3.0.4506.2152; .NET CLR 3.5.30729)"
203.161.120.155 - - [29/Aug/2010:23:37:01 -0400] "GET /vanagon/VanagonProTraining/DigiFant/037.jpg HTTP/1.1" 200 112381 "http://www.loam.org/vw/Vanagon/VanagonProTraining/DigiFant/pages.htm" "Mozilla/4.0 (compatible; MSIE 7.0; Windows NT 5.1; .NET CLR 2.0.50727; InfoPath.1; .NET CLR 3.0.04506.30; .NET CLR 3.0.4506.2152; .NET CLR 3.5.30729)"
203.161.120.155 - - [29/Aug/2010:23:37:08 -0400] "GET /vanagon/VanagonProTraining/DigiFant/038.jpg HTTP/1.1" 200 118463 "http://www.loam.org/vw/Vanagon/VanagonProTraining/DigiFant/pages.htm" "Mozilla/4.0 (compatible; MSIE 7.0; Windows NT 5.1; .NET CLR 2.0.50727; InfoPath.1; .NET CLR 3.0.04506.30; .NET CLR 3.0.4506.2152; .NET CLR 3.5.30729)"
24.20.6.72 - - [29/Aug/2010:23:37:10 -0400] "GET /vanagon/VanagonProTraining/86Vanagon/007.jpg HTTP/1.1" 200 86617 "http://www.loam.org/vw/Vanagon/VanagonProTraining/86Vanagon/pages.htm" "Mozilla/5.0 (Macintosh; U; Intel Mac OS X 10.6; en-US; rv:1.9.1.11) Gecko/20100701 Firefox/3.5.11"
24.20.6.72 - - [29/Aug/2010:23:37:15 -0400] "GET /vanagon/VanagonProTraining/86Vanagon/008.jpg HTTP/1.1" 200 67399 "http://www.loam.org/vw/Vanagon/VanagonProTraining/86Vanagon/pages.htm" "Mozilla/5.0 (Macintosh; U; Intel Mac OS X 10.6; en-US; rv:1.9.1.11) Gecko/20100701 Firefox/3.5.11"
203.161.120.155 - - [29/Aug/2010:23:37:23 -0400] "GET /vanagon/VanagonProTraining/DigiFant/040.jpg HTTP/1.1" 200 118873 "http://www.loam.org/vw/Vanagon/VanagonProTraining/DigiFant/pages.htm" "Mozilla/4.0 (compatible; MSIE 7.0; Windows NT 5.1; .NET CLR 2.0.50727; InfoPath.1; .NET CLR 3.0.04506.30; .NET CLR 3.0.4506.2152; .NET CLR 3.5.30729)"
203.161.120.155 - - [29/Aug/2010:23:37:34 -0400] "GET /vanagon/VanagonProTraining/DigiFant/041.jpg HTTP/1.1" 200 70245 "http://www.loam.org/vw/Vanagon/VanagonProTraining/DigiFant/pages.htm" "Mozilla/4.0 (compatible; MSIE 7.0; Windows NT 5.1; .NET CLR 2.0.50727; InfoPath.1; .NET CLR 3.0.04506.30; .NET CLR 3.0.4506.2152; .NET CLR 3.5.30729)"
24.20.6.72 - - [29/Aug/2010:23:37:36 -0400] "GET /vanagon/VanagonProTraining/86Vanagon/009.jpg HTTP/1.1" 200 76141 "http://www.loam.org/vw/Vanagon/VanagonProTraining/86Vanagon/pages.htm" "Mozilla/5.0 (Macintosh; U; Intel Mac OS X 10.6; en-US; rv:1.9.1.11) Gecko/20100701 Firefox/3.5.11"
203.161.120.155 - - [29/Aug/2010:23:37:44 -0400] "GET /vanagon/VanagonProTraining/DigiFant/042.jpg HTTP/1.1" 200 80499 "http://www.loam.org/vw/Vanagon/VanagonProTraining/DigiFant/pages.htm" "Mozilla/4.0 (compatible; MSIE 7.0; Windows NT 5.1; .NET CLR 2.0.50727; InfoPath.1; .NET CLR 3.0.04506.30; .NET CLR 3.0.4506.2152; .NET CLR 3.5.30729)"
203.161.120.155 - - [29/Aug/2010:23:37:51 -0400] "GET /vanagon/VanagonProTraining/DigiFant/043.jpg HTTP/1.1" 200 83551 "http://www.loam.org/vw/Vanagon/VanagonProTraining/DigiFant/pages.htm" "Mozilla/4.0 (compatible; MSIE 7.0; Windows NT 5.1; .NET CLR 2.0.50727; InfoPath.1; .NET CLR 3.0.04506.30; .NET CLR 3.0.4506.2152; .NET CLR 3.5.30729)"
203.161.120.155 - - [29/Aug/2010:23:38:00 -0400] "GET /vanagon/VanagonProTraining/DigiFant/044.jpg HTTP/1.1" 200 67366 "http://www.loam.org/vw/Vanagon/VanagonProTraining/DigiFant/pages.htm" "Mozilla/4.0 (compatible; MSIE 7.0; Windows NT 5.1; .NET CLR 2.0.50727; InfoPath.1; .NET CLR 3.0.04506.30; .NET CLR 3.0.4506.2152; .NET CLR 3.5.30729)"
203.161.120.155 - - [29/Aug/2010:23:38:28 -0400] "GET /vanagon/VanagonProTraining/DigiFant/045.jpg HTTP/1.1" 200 157847 "http://www.loam.org/vw/Vanagon/VanagonProTraining/DigiFant/pages.htm" "Mozilla/4.0 (compatible; MSIE 7.0; Windows NT 5.1; .NET CLR 2.0.50727; InfoPath.1; .NET CLR 3.0.04506.30; .NET CLR 3.0.4506.2152; .NET CLR 3.5.30729)"
203.161.120.155 - - [29/Aug/2010:23:38:59 -0400] "GET /vanagon/VanagonProTraining/DigiFant/046.jpg HTTP/1.1" 200 97064 "http://www.loam.org/vw/Vanagon/VanagonProTraining/DigiFant/pages.htm" "Mozilla/4.0 (compatible; MSIE 7.0; Windows NT 5.1; .NET CLR 2.0.50727; InfoPath.1; .NET CLR 3.0.04506.30; .NET CLR 3.0.4506.2152; .NET CLR 3.5.30729)"
207.46.199.49 - - [29/Aug/2010:23:39:32 -0400] "GET /robots.txt HTTP/1.1" 404 286 "-" "msnbot/2.0b (+http://search.msn.com/msnbot.htm)"
91.201.66.60 - - [29/Aug/2010:23:53:34 -0400] "GET /logs/error_log.1 HTTP/1.1" 200 668139 "http://www.obsolyte.com/logs/error_log.1" "Mozilla/4.0 (compatible; MSIE 6.0; Windows NT 5.1; SV1)"
87.250.253.243 - - [29/Aug/2010:23:53:46 -0400] "GET /sunFAQ/serial_info.txt HTTP/1.1" 200 3132 "-" "Mozilla/5.0 (compatible; YandexBot/3.0; +http://yandex.com/bots)"
72.30.161.240 - - [30/Aug/2010:00:00:14 -0400] "GET /robots.txt HTTP/1.0" 404 274 "-" "Mozilla/5.0 (compatible; Yahoo! Slurp; http://help.yahoo.com/help/us/ysearch/slurp)"
72.30.161.240 - - [30/Aug/2010:00:00:14 -0400] "GET / HTTP/1.0" 200 12550 "-" "Mozilla/5.0 (compatible; Yahoo! Slurp/3.0; http://help.yahoo.com/help/us/ysearch/slurp)"
207.46.195.232 - - [30/Aug/2010:00:00:29 -0400] "GET /sun_ss5/ HTTP/1.1" 304 - "-" "msnbot/2.0b (+http://search.msn.com/msnbot.htm)"
129.206.163.167 - - [30/Aug/2010:00:01:46 -0400] "GET /sgi_indigo2/ HTTP/1.1" 200 12751 "http://www.google.is/imgres?imgurl=http://www.obsolyte.com/sgi_indigo2/purple.jpg&imgrefurl=http://www.obsolyte.com/sgi_indigo2/&h=380&w=591&sz=52&tbnid=vxrN0QWR3xCpSM:&tbnh=87&tbnw=135&prev=/images%3Fq%3DSGI%2BIndigo2&zoom=1&hl=en&usg=__gjlZ22CTVotV5CBUXns_PHiieN4=&sa=X&ei=9AB7TO38A4fAswbl4siyDQ&ved=0CCcQ9QEwAw" "Mozilla/5.0 (X11; U; Linux x86_64; en-GB; rv:1.9.0.19) Gecko/2010072022 Iceweasel/3.0.6 (Debian-3.0.6-3)"
129.206.163.167 - - [30/Aug/2010:00:01:46 -0400] "GET /sgi_indigo2/purple.jpg HTTP/1.1" 200 52356 "http://www.google.is/imgres?imgurl=http://www.obsolyte.com/sgi_indigo2/purple.jpg&imgrefurl=http://www.obsolyte.com/sgi_indigo2/&h=380&w=591&sz=52&tbnid=vxrN0QWR3xCpSM:&tbnh=87&tbnw=135&prev=/images%3Fq%3DSGI%2BIndigo2&zoom=1&hl=en&usg=__gjlZ22CTVotV5CBUXns_PHiieN4=&sa=X&ei=9AB7TO38A4fAswbl4siyDQ&ved=0CCcQ9QEwAw" "Mozilla/5.0 (X11; U; Linux x86_64; en-GB; rv:1.9.0.19) Gecko/2010072022 Iceweasel/3.0.6 (Debian-3.0.6-3)"
129.206.163.167 - - [30/Aug/2010:00:01:46 -0400] "GET /sgi_indigo2/i2_front_open.jpg HTTP/1.1" 200 20890 "http://www.obsolyte.com/sgi_indigo2/" "Mozilla/5.0 (X11; U; Linux x86_64; en-GB; rv:1.9.0.19) Gecko/2010072022 Iceweasel/3.0.6 (Debian-3.0.6-3)"
129.206.163.167 - - [30/Aug/2010:00:01:46 -0400] "GET /sgi_indigo2/i2_front.jpg HTTP/1.1" 200 25559 "http://www.obsolyte.com/sgi_indigo2/" "Mozilla/5.0 (X11; U; Linux x86_64; en-GB; rv:1.9.0.19) Gecko/2010072022 Iceweasel/3.0.6 (Debian-3.0.6-3)"
129.206.163.167 - - [30/Aug/2010:00:01:46 -0400] "GET /sgi_indigo2/i2_isa_gio.jpg HTTP/1.1" 200 18091 "http://www.obsolyte.com/sgi_indigo2/" "Mozilla/5.0 (X11; U; Linux x86_64; en-GB; rv:1.9.0.19) Gecko/2010072022 Iceweasel/3.0.6 (Debian-3.0.6-3)"
129.206.163.167 - - [30/Aug/2010:00:01:46 -0400] "GET /sgi_indigo2/i2_front_off.jpg HTTP/1.1" 200 23857 "http://www.obsolyte.com/sgi_indigo2/" "Mozilla/5.0 (X11; U; Linux x86_64; en-GB; rv:1.9.0.19) Gecko/2010072022 Iceweasel/3.0.6 (Debian-3.0.6-3)"
129.206.163.167 - - [30/Aug/2010:00:01:46 -0400] "GET /sgi_indigo2/i2_top_off.jpg HTTP/1.1" 200 24288 "http://www.obsolyte.com/sgi_indigo2/" "Mozilla/5.0 (X11; U; Linux x86_64; en-GB; rv:1.9.0.19) Gecko/2010072022 Iceweasel/3.0.6 (Debian-3.0.6-3)"
129.206.163.167 - - [30/Aug/2010:00:01:46 -0400] "GET /sgi_indigo2/i2_top_rear.jpg HTTP/1.1" 200 27077 "http://www.obsolyte.com/sgi_indigo2/" "Mozilla/5.0 (X11; U; Linux x86_64; en-GB; rv:1.9.0.19) Gecko/2010072022 Iceweasel/3.0.6 (Debian-3.0.6-3)"
129.206.163.167 - - [30/Aug/2010:00:01:46 -0400] "GET /sgi_indigo2/i2_cpu.jpg HTTP/1.1" 200 36143 "http://www.obsolyte.com/sgi_indigo2/" "Mozilla/5.0 (X11; U; Linux x86_64; en-GB; rv:1.9.0.19) Gecko/2010072022 Iceweasel/3.0.6 (Debian-3.0.6-3)"
129.206.163.167 - - [30/Aug/2010:00:01:47 -0400] "GET /sgi_indigo2/i2_xz_card.jpg HTTP/1.1" 200 22774 "http://www.obsolyte.com/sgi_indigo2/" "Mozilla/5.0 (X11; U; Linux x86_64; en-GB; rv:1.9.0.19) Gecko/2010072022 Iceweasel/3.0.6 (Debian-3.0.6-3)"
129.206.163.167 - - [30/Aug/2010:00:01:51 -0400] "GET /favicon.ico HTTP/1.1" 200 318 "-" "Mozilla/5.0 (X11; U; Linux x86_64; en-GB; rv:1.9.0.19) Gecko/2010072022 Iceweasel/3.0.6 (Debian-3.0.6-3)"
99.32.190.145 - - [30/Aug/2010:00:02:43 -0400] "GET /sun_ss5/ HTTP/1.1" 200 14917 "http://en.wikipedia.org/wiki/SPARCstation_5" "Mozilla/5.0 (Windows; U; Windows NT 6.1; en-US; rv:1.9.2.8) Gecko/20100722 Firefox/3.6.8 GTB7.1"
99.32.190.145 - - [30/Aug/2010:00:02:44 -0400] "GET /sun_ss5/pdf.gif HTTP/1.1" 200 390 "http://obsolyte.com/sun_ss5/" "Mozilla/5.0 (Windows; U; Windows NT 6.1; en-US; rv:1.9.2.8) Gecko/20100722 Firefox/3.6.8 GTB7.1"
99.32.190.145 - - [30/Aug/2010:00:02:44 -0400] "GET /sun_ss20/floppy.jpg HTTP/1.1" 200 12433 "http://obsolyte.com/sun_ss5/" "Mozilla/5.0 (Windows; U; Windows NT 6.1; en-US; rv:1.9.2.8) Gecko/20100722 Firefox/3.6.8 GTB7.1"
99.32.190.145 - - [30/Aug/2010:00:02:44 -0400] "GET /sun_ss5/ss5_1.jpg HTTP/1.1" 200 14675 "http://obsolyte.com/sun_ss5/" "Mozilla/5.0 (Windows; U; Windows NT 6.1; en-US; rv:1.9.2.8) Gecko/20100722 Firefox/3.6.8 GTB7.1"
99.32.190.145 - - [30/Aug/2010:00:02:44 -0400] "GET /sun_ss5/ss5_jumpers.jpg HTTP/1.1" 200 39884 "http://obsolyte.com/sun_ss5/" "Mozilla/5.0 (Windows; U; Windows NT 6.1; en-US; rv:1.9.2.8) Gecko/20100722 Firefox/3.6.8 GTB7.1"
99.32.190.145 - - [30/Aug/2010:00:02:44 -0400] "GET /sun_ss5/ss5_server.jpg HTTP/1.1" 200 51920 "http://obsolyte.com/sun_ss5/" "Mozilla/5.0 (Windows; U; Windows NT 6.1; en-US; rv:1.9.2.8) Gecko/20100722 Firefox/3.6.8 GTB7.1"
99.32.190.145 - - [30/Aug/2010:00:02:44 -0400] "GET /sun_ss5/ss5_int.jpg HTTP/1.1" 200 58136 "http://obsolyte.com/sun_ss5/" "Mozilla/5.0 (Windows; U; Windows NT 6.1; en-US; rv:1.9.2.8) Gecko/20100722 Firefox/3.6.8 GTB7.1"
99.32.190.145 - - [30/Aug/2010:00:02:44 -0400] "GET /sun_ss5/ss5_rear.jpg HTTP/1.1" 200 42643 "http://obsolyte.com/sun_ss5/" "Mozilla/5.0 (Windows; U; Windows NT 6.1; en-US; rv:1.9.2.8) Gecko/20100722 Firefox/3.6.8 GTB7.1"
99.32.190.145 - - [30/Aug/2010:00:02:44 -0400] "GET /sun_ss5/ss5-newfan2.jpg HTTP/1.1" 200 29609 "http://obsolyte.com/sun_ss5/" "Mozilla/5.0 (Windows; U; Windows NT 6.1; en-US; rv:1.9.2.8) Gecko/20100722 Firefox/3.6.8 GTB7.1"
99.32.190.145 - - [30/Aug/2010:00:02:44 -0400] "GET /sun_ss5/ss5-newfan.jpg HTTP/1.1" 200 74139 "http://obsolyte.com/sun_ss5/" "Mozilla/5.0 (Windows; U; Windows NT 6.1; en-US; rv:1.9.2.8) Gecko/20100722 Firefox/3.6.8 GTB7.1"
99.32.190.145 - - [30/Aug/2010:00:02:45 -0400] "GET /favicon.ico HTTP/1.1" 200 318 "-" "Mozilla/5.0 (Windows; U; Windows NT 6.1; en-US; rv:1.9.2.8) Gecko/20100722 Firefox/3.6.8 GTB7.1"
187.132.99.228 - - [30/Aug/2010:00:04:27 -0400] "GET /sgi_indy/indy_hd.jpg HTTP/1.1" 200 17475 "http://machinecity-hello.blogspot.com/2008_01_01_archive.html" "Mozilla/4.0 (compatible; MSIE 8.0; Windows NT 5.1; Trident/4.0; GTB6.5; Mozilla/4.0 (compatible; MSIE 6.0; Windows NT 5.1; SV1) ; .NET CLR 1.1.4322; .NET CLR 2.0.50727; InfoPath.1; .NET CLR 3.0.04506.30; OfficeLiveConnector.1.3; OfficeLivePatch.0.0; .NET CLR 3.0.4506.2152; .NET CLR 3.5.30729)"
187.132.99.228 - - [30/Aug/2010:00:04:27 -0400] "GET /sgi_indy/indy_graphics.jpg HTTP/1.1" 200 16915 "http://machinecity-hello.blogspot.com/2008_01_01_archive.html" "Mozilla/4.0 (compatible; MSIE 8.0; Windows NT 5.1; Trident/4.0; GTB6.5; Mozilla/4.0 (compatible; MSIE 6.0; Windows NT 5.1; SV1) ; .NET CLR 1.1.4322; .NET CLR 2.0.50727; InfoPath.1; .NET CLR 3.0.04506.30; OfficeLiveConnector.1.3; OfficeLivePatch.0.0; .NET CLR 3.0.4506.2152; .NET CLR 3.5.30729)"
187.132.99.228 - - [30/Aug/2010:00:04:27 -0400] "GET /sgi_indy/indy_inside.jpg HTTP/1.1" 200 23285 "http://machinecity-hello.blogspot.com/2008_01_01_archive.html" "Mozilla/4.0 (compatible; MSIE 8.0; Windows NT 5.1; Trident/4.0; GTB6.5; Mozilla/4.0 (compatible; MSIE 6.0; Windows NT 5.1; SV1) ; .NET CLR 1.1.4322; .NET CLR 2.0.50727; InfoPath.1; .NET CLR 3.0.04506.30; OfficeLiveConnector.1.3; OfficeLivePatch.0.0; .NET CLR 3.0.4506.2152; .NET CLR 3.5.30729)"
187.132.99.228 - - [30/Aug/2010:00:08:37 -0400] "GET /sgi_indy/indy_inside.jpg HTTP/1.1" 304 - "http://machinecity-hello.blogspot.com/2008_01_01_archive.html" "Mozilla/4.0 (compatible; MSIE 8.0; Windows NT 5.1; Trident/4.0; GTB6.5; Mozilla/4.0 (compatible; MSIE 6.0; Windows NT 5.1; SV1) ; .NET CLR 1.1.4322; .NET CLR 2.0.50727; InfoPath.1; .NET CLR 3.0.04506.30; OfficeLiveConnector.1.3; OfficeLivePatch.0.0; .NET CLR 3.0.4506.2152; .NET CLR 3.5.30729)"
187.132.99.228 - - [30/Aug/2010:00:08:37 -0400] "GET /sgi_indy/indy_hd.jpg HTTP/1.1" 304 - "http://machinecity-hello.blogspot.com/2008_01_01_archive.html" "Mozilla/4.0 (compatible; MSIE 8.0; Windows NT 5.1; Trident/4.0; GTB6.5; Mozilla/4.0 (compatible; MSIE 6.0; Windows NT 5.1; SV1) ; .NET CLR 1.1.4322; .NET CLR 2.0.50727; InfoPath.1; .NET CLR 3.0.04506.30; OfficeLiveConnector.1.3; OfficeLivePatch.0.0; .NET CLR 3.0.4506.2152; .NET CLR 3.5.30729)"
187.132.99.228 - - [30/Aug/2010:00:08:37 -0400] "GET /sgi_indy/indy_monitor.jpg HTTP/1.1" 200 12805 "http://machinecity-hello.blogspot.com/2008_01_01_archive.html" "Mozilla/4.0 (compatible; MSIE 8.0; Windows NT 5.1; Trident/4.0; GTB6.5; Mozilla/4.0 (compatible; MSIE 6.0; Windows NT 5.1; SV1) ; .NET CLR 1.1.4322; .NET CLR 2.0.50727; InfoPath.1; .NET CLR 3.0.04506.30; OfficeLiveConnector.1.3; OfficeLivePatch.0.0; .NET CLR 3.0.4506.2152; .NET CLR 3.5.30729)"
187.132.99.228 - - [30/Aug/2010:00:08:37 -0400] "GET /sgi_indy/indy_graphics.jpg HTTP/1.1" 304 - "http://machinecity-hello.blogspot.com/2008_01_01_archive.html" "Mozilla/4.0 (compatible; MSIE 8.0; Windows NT 5.1; Trident/4.0; GTB6.5; Mozilla/4.0 (compatible; MSIE 6.0; Windows NT 5.1; SV1) ; .NET CLR 1.1.4322; .NET CLR 2.0.50727; InfoPath.1; .NET CLR 3.0.04506.30; OfficeLiveConnector.1.3; OfficeLivePatch.0.0; .NET CLR 3.0.4506.2152; .NET CLR 3.5.30729)"
220.118.156.254 - - [30/Aug/2010:00:09:41 -0400] "GET /favicon.ico HTTP/1.1" 200 318 "-" "Mozilla/4.0 (compatible; GoogleToolbar 6.5.708.1000; Windows XP 5.1; MSIE 8.0.6001.18702)"
66.249.71.123 - - [30/Aug/2010:00:12:56 -0400] "GET /~techrat/vw_spotters/vw_square_r.jpg HTTP/1.1" 304 - "-" "Googlebot-Image/1.0"
220.118.156.254 - - [30/Aug/2010:00:13:02 -0400] "GET /favicon.ico HTTP/1.1" 304 - "-" "Mozilla/4.0 (compatible; GoogleToolbar 6.5.708.1000; Windows XP 5.1; MSIE 8.0.6001.18702)"
93.210.106.43 - - [30/Aug/2010:00:13:40 -0400] "GET /sunFAQ/faq_vme/ HTTP/1.1" 200 40027 "-" "UahjfUikwahd uqwpbbrol xlhqkklpqn"
66.249.71.123 - - [30/Aug/2010:00:16:22 -0400] "GET /~strabal/creations/realm4.html HTTP/1.1" 200 95684 "-" "Mozilla/5.0 (compatible; Googlebot/2.1; +http://www.google.com/bot.html)"
188.165.5.56 - - [30/Aug/2010:00:17:11 -0400] "GET /sunFAQ/411howto/ HTTP/1.1" 200 1436 "-" "Mozilla/5.0 (Windows; U; Windows NT 5.1; en-US; rv:1.8.1.11) Gecko/20071127 Firefox/2.0.0.11"
68.122.154.191 - - [30/Aug/2010:00:17:25 -0400] "GET /vanagon/VanagonProTraining/Drivability/cov.jpg HTTP/1.1" 200 52138 "http://www.loam.org/vw/Vanagon/VanagonProTraining/Drivability/pages.htm" "Mozilla/4.0 (compatible; MSIE 6.0; Windows NT 5.1; yplus 4.1.00b)"
68.122.154.191 - - [30/Aug/2010:00:17:36 -0400] "GET /vanagon/VanagonProTraining/Drivability/001.jpg HTTP/1.1" 200 100203 "http://www.loam.org/vw/Vanagon/VanagonProTraining/Drivability/pages.htm" "Mozilla/4.0 (compatible; MSIE 6.0; Windows NT 5.1; yplus 4.1.00b)"
68.122.154.191 - - [30/Aug/2010:00:17:41 -0400] "GET /vanagon/VanagonProTraining/Drivability/048.jpg HTTP/1.1" 200 70389 "http://www.loam.org/vw/Vanagon/VanagonProTraining/Drivability/pages.htm" "Mozilla/4.0 (compatible; MSIE 6.0; Windows NT 5.1; yplus 4.1.00b)"
