220.80.108.138 - - [29/Jan/2012:14:05:32 -0500] "GET /logs/access_log.4/index.php?option=com_onlineexam&controller=../../../../../../../../../../../../..//proc/self/environ%0000 HTTP/1.1" 404 303 "-" "Mozilla/5.0 (Windows;U;Windows NT 6.0; en-US; rv:1.8.1.8pre) Gecko/20070928 Firefox/2.0.0.7 Navigator/9.0RC1"
220.80.108.138 - - [29/Jan/2012:14:05:32 -0500] "GET /index.php?option=com_onlineexam&controller=../../../../../../../../../../../../..//proc/self/environ%0000 HTTP/1.1" 404 285 "-" "Mozilla/5.0 (Windows;U;Windows NT 6.0; en-US; rv:1.8.1.8pre) Gecko/20070928 Firefox/2.0.0.7 Navigator/9.0RC1"
220.80.108.138 - - [29/Jan/2012:14:05:33 -0500] "GET /logs/index.php?option=com_onlineexam&controller=../../../../../../../../../../../../..//proc/self/environ%0000 HTTP/1.1" 404 290 "-" "Mozilla/5.0 (Windows;U;Windows NT 6.0; en-US; rv:1.8.1.8pre) Gecko/20070928 Firefox/2.0.0.7 Navigator/9.0RC1"
91.121.10.96 - - [29/Jan/2012:14:05:54 -0500] "GET /logs/access_log.4/index.php?option=com_aardvertiser&cat_name=conf&task=..//..//..//..//..//..//..//..///proc/self/environ%0000 HTTP/1.1" 404 303 "-" "Mozilla/5.0 (Windows; U; Windows NT 5.1; en-US; rv:1.9.2) Gecko/20100115 Firefox/3.6"
91.121.10.96 - - [29/Jan/2012:14:05:54 -0500] "GET /index.php?option=com_aardvertiser&cat_name=conf&task=..//..//..//..//..//..//..//..///proc/self/environ%0000 HTTP/1.1" 404 285 "-" "Mozilla/5.0 (Windows; U; Windows NT 5.1; en-US; rv:1.9.2) Gecko/20100115 Firefox/3.6"
91.121.10.96 - - [29/Jan/2012:14:05:54 -0500] "GET /logs/index.php?option=com_aardvertiser&cat_name=conf&task=..//..//..//..//..//..//..//..///proc/self/environ%0000 HTTP/1.1" 404 290 "-" "Mozilla/5.0 (Windows; U; Windows NT 5.1; en-US; rv:1.9.2) Gecko/20100115 Firefox/3.6"
91.121.10.96 - - [29/Jan/2012:14:06:21 -0500] "GET /logs/index.php?option=com_aardvertiser&cat_name=conf&task=..//..//..//..//..//..//..//..///proc/self/environ%0000 HTTP/1.1" 404 290 "-" "Mozilla/5.0 (Windows; U; Windows NT 5.1; en-US; rv:1.9.2) Gecko/20100115 Firefox/3.6"
91.121.10.96 - - [29/Jan/2012:14:06:21 -0500] "GET /index.php?option=com_aardvertiser&cat_name=conf&task=..//..//..//..//..//..//..//..///proc/self/environ%0000 HTTP/1.1" 404 285 "-" "Mozilla/5.0 (Windows; U; Windows NT 5.1; en-US; rv:1.9.2) Gecko/20100115 Firefox/3.6"
91.121.10.96 - - [29/Jan/2012:14:06:28 -0500] "GET /logs/index.php?option=com_aardvertiser&cat_name=conf&task=..//..//..//..//..//..//..//..///proc/self/environ%0000 HTTP/1.1" 404 290 "-" "Mozilla/5.0 (Windows; U; Windows NT 5.1; en-US; rv:1.9.2) Gecko/20100115 Firefox/3.6"
91.121.10.96 - - [29/Jan/2012:14:06:29 -0500] "GET /index.php?option=com_aardvertiser&cat_name=conf&task=..//..//..//..//..//..//..//..///proc/self/environ%0000 HTTP/1.1" 404 285 "-" "Mozilla/5.0 (Windows; U; Windows NT 5.1; en-US; rv:1.9.2) Gecko/20100115 Firefox/3.6"
91.121.10.96 - - [29/Jan/2012:14:07:23 -0500] "GET /logs/access_log.4/index.php?option=com_aardvertiser&cat_name=conf&task=..//..//..//..//..//..//..//..///proc/self/environ%0000 HTTP/1.1" 404 303 "-" "Mozilla/5.0 (Windows; U; Windows NT 5.1; en-US; rv:1.9.2) Gecko/20100115 Firefox/3.6"
91.121.10.96 - - [29/Jan/2012:14:07:23 -0500] "GET /index.php?option=com_aardvertiser&cat_name=conf&task=..//..//..//..//..//..//..//..///proc/self/environ%0000 HTTP/1.1" 404 285 "-" "Mozilla/5.0 (Windows; U; Windows NT 5.1; en-US; rv:1.9.2) Gecko/20100115 Firefox/3.6"
91.121.10.96 - - [29/Jan/2012:14:07:23 -0500] "GET /logs/index.php?option=com_aardvertiser&cat_name=conf&task=..//..//..//..//..//..//..//..///proc/self/environ%0000 HTTP/1.1" 404 290 "-" "Mozilla/5.0 (Windows; U; Windows NT 5.1; en-US; rv:1.9.2) Gecko/20100115 Firefox/3.6"
91.121.10.96 - - [29/Jan/2012:14:07:24 -0500] "GET /logs/index.php?option=com_aardvertiser&cat_name=conf&task=..//..//..//..//..//..//..//..///proc/self/environ%0000 HTTP/1.1" 404 290 "-" "Mozilla/5.0 (Windows; U; Windows NT 5.1; en-US; rv:1.9.2) Gecko/20100115 Firefox/3.6"
91.121.10.96 - - [29/Jan/2012:14:07:24 -0500] "GET /index.php?option=com_aardvertiser&cat_name=conf&task=..//..//..//..//..//..//..//..///proc/self/environ%0000 HTTP/1.1" 404 285 "-" "Mozilla/5.0 (Windows; U; Windows NT 5.1; en-US; rv:1.9.2) Gecko/20100115 Firefox/3.6"
208.80.194.30 - - [29/Jan/2012:14:12:26 -0500] "GET / HTTP/1.0" 200 10308 "-" "Mozilla/4.0 (compatible; MSIE 6.0; Windows NT 5.0; Roadrunner; FunWebProducts)"
176.14.12.136 - - [29/Jan/2012:14:12:27 -0500] "GET /sgi_indigo2/ HTTP/1.1" 200 12751 "http://www.google.ru/url?sa=t&rct=j&q=Silicon+Graphics+Indigo+2&source=web&cd=8&ved=0CEsQFjAH&url=http%3A%2F%2Fwww.obsolyte.com%2Fsgi_indigo2%2F&ei=9G8lT674HOjN4QT3-PH6DA&usg=AFQjCNErswbiFzmwiMdYz6G97WlyS1IABA&cad=rjt" "Opera/9.80 (Windows NT 6.1; U; ru) Presto/2.10.229 Version/11.60"
176.14.12.136 - - [29/Jan/2012:14:12:30 -0500] "GET /favicon.ico HTTP/1.1" 200 318 "http://www.obsolyte.com/sgi_indigo2/" "Opera/9.80 (Windows NT 6.1; U; ru) Presto/2.10.229 Version/11.60"
176.14.12.136 - - [29/Jan/2012:14:12:30 -0500] "GET /sgi_indigo2/i2_isa_gio.jpg HTTP/1.1" 200 18091 "http://www.obsolyte.com/sgi_indigo2/" "Opera/9.80 (Windows NT 6.1; U; ru) Presto/2.10.229 Version/11.60"
176.14.12.136 - - [29/Jan/2012:14:12:30 -0500] "GET /sgi_indigo2/i2_front_off.jpg HTTP/1.1" 200 23857 "http://www.obsolyte.com/sgi_indigo2/" "Opera/9.80 (Windows NT 6.1; U; ru) Presto/2.10.229 Version/11.60"
176.14.12.136 - - [29/Jan/2012:14:12:30 -0500] "GET /sgi_indigo2/i2_front_open.jpg HTTP/1.1" 200 20890 "http://www.obsolyte.com/sgi_indigo2/" "Opera/9.80 (Windows NT 6.1; U; ru) Presto/2.10.229 Version/11.60"
176.14.12.136 - - [29/Jan/2012:14:12:30 -0500] "GET /sgi_indigo2/i2_top_off.jpg HTTP/1.1" 200 24288 "http://www.obsolyte.com/sgi_indigo2/" "Opera/9.80 (Windows NT 6.1; U; ru) Presto/2.10.229 Version/11.60"
176.14.12.136 - - [29/Jan/2012:14:12:30 -0500] "GET /sgi_indigo2/i2_front.jpg HTTP/1.1" 200 25559 "http://www.obsolyte.com/sgi_indigo2/" "Opera/9.80 (Windows NT 6.1; U; ru) Presto/2.10.229 Version/11.60"
176.14.12.136 - - [29/Jan/2012:14:12:31 -0500] "GET /sgi_indigo2/i2_top_rear.jpg HTTP/1.1" 200 27077 "http://www.obsolyte.com/sgi_indigo2/" "Opera/9.80 (Windows NT 6.1; U; ru) Presto/2.10.229 Version/11.60"
176.14.12.136 - - [29/Jan/2012:14:12:31 -0500] "GET /sgi_indigo2/i2_xz_card.jpg HTTP/1.1" 200 22774 "http://www.obsolyte.com/sgi_indigo2/" "Opera/9.80 (Windows NT 6.1; U; ru) Presto/2.10.229 Version/11.60"
176.14.12.136 - - [29/Jan/2012:14:12:31 -0500] "GET /sgi_indigo2/i2_cpu.jpg HTTP/1.1" 200 36143 "http://www.obsolyte.com/sgi_indigo2/" "Opera/9.80 (Windows NT 6.1; U; ru) Presto/2.10.229 Version/11.60"
123.125.71.110 - - [29/Jan/2012:14:13:46 -0500] "GET /dec/vax2000_2.jpg HTTP/1.1" 200 5198 "-" "Baiduspider-image+(+http://www.baidu.com/search/spider.htm)"
108.4.79.254 - - [29/Jan/2012:14:17:22 -0500] "GET /faq/ HTTP/1.1" 200 11077 "http://www.google.com/url?sa=t&rct=j&q=is%20my%20external%20hard%20drive%20ide%20or%20scsi&source=web&cd=4&ved=0CDwQFjAD&url=http%3A%2F%2Fwww.obsolyte.com%2Ffaq%2F&ei=CnElT-XIC6ji0QGq7_T_Cw&usg=AFQjCNG92IvUm-kblugjnr6Gus98tF6pJQ" "Mozilla/5.0 (Windows NT 5.1) AppleWebKit/535.7 (KHTML, like Gecko) Chrome/16.0.912.77 Safari/535.7"
108.4.79.254 - - [29/Jan/2012:14:17:22 -0500] "GET /faq/scsi.gif HTTP/1.1" 200 953 "http://www.obsolyte.com/faq/" "Mozilla/5.0 (Windows NT 5.1) AppleWebKit/535.7 (KHTML, like Gecko) Chrome/16.0.912.77 Safari/535.7"
108.4.79.254 - - [29/Jan/2012:14:17:22 -0500] "GET /faq/68pinscsi.jpg HTTP/1.1" 200 35244 "http://www.obsolyte.com/faq/" "Mozilla/5.0 (Windows NT 5.1) AppleWebKit/535.7 (KHTML, like Gecko) Chrome/16.0.912.77 Safari/535.7"
108.4.79.254 - - [29/Jan/2012:14:17:22 -0500] "GET /faq/ide.jpg HTTP/1.1" 200 40416 "http://www.obsolyte.com/faq/" "Mozilla/5.0 (Windows NT 5.1) AppleWebKit/535.7 (KHTML, like Gecko) Chrome/16.0.912.77 Safari/535.7"
108.4.79.254 - - [29/Jan/2012:14:17:22 -0500] "GET /faq/scascsi.jpg HTTP/1.1" 200 35727 "http://www.obsolyte.com/faq/" "Mozilla/5.0 (Windows NT 5.1) AppleWebKit/535.7 (KHTML, like Gecko) Chrome/16.0.912.77 Safari/535.7"
108.4.79.254 - - [29/Jan/2012:14:17:22 -0500] "GET /faq/50pinscsi.jpg HTTP/1.1" 200 41828 "http://www.obsolyte.com/faq/" "Mozilla/5.0 (Windows NT 5.1) AppleWebKit/535.7 (KHTML, like Gecko) Chrome/16.0.912.77 Safari/535.7"
108.4.79.254 - - [29/Jan/2012:14:17:22 -0500] "GET /faq/sca_adapter_ondrive.jpg HTTP/1.1" 200 57056 "http://www.obsolyte.com/faq/" "Mozilla/5.0 (Windows NT 5.1) AppleWebKit/535.7 (KHTML, like Gecko) Chrome/16.0.912.77 Safari/535.7"
108.4.79.254 - - [29/Jan/2012:14:17:22 -0500] "GET /faq/scsisetting.gif HTTP/1.1" 200 4729 "http://www.obsolyte.com/faq/" "Mozilla/5.0 (Windows NT 5.1) AppleWebKit/535.7 (KHTML, like Gecko) Chrome/16.0.912.77 Safari/535.7"
108.4.79.254 - - [29/Jan/2012:14:17:22 -0500] "GET /faq/sca_adapter.jpg HTTP/1.1" 200 89442 "http://www.obsolyte.com/faq/" "Mozilla/5.0 (Windows NT 5.1) AppleWebKit/535.7 (KHTML, like Gecko) Chrome/16.0.912.77 Safari/535.7"
108.4.79.254 - - [29/Jan/2012:14:17:23 -0500] "GET /favicon.ico HTTP/1.1" 200 318 "-" "Mozilla/5.0 (Windows NT 5.1) AppleWebKit/535.7 (KHTML, like Gecko) Chrome/16.0.912.77 Safari/535.7"
88.214.193.166 - - [29/Jan/2012:14:18:18 -0500] "GET / HTTP/1.1" 200 10308 "http://www.semrush.com/ru/info/obsolyte.com" "Mozilla/5.0 (Linux; U; Android 1.6; ro-ro; SonyEricssonU20iv Build/1.1.A.0.8) AppleWebKit/528.5+ (KHTML, like Gecko) Version/3.1.2 Mobile Safari/525.20.1"
2.40.20.172 - - [29/Jan/2012:14:20:49 -0500] "GET /next/ HTTP/1.1" 200 6924 "http://www.google.it/imgres?q=next+computer&hl=it&gbv=2&biw=1024&bih=591&tbm=isch&tbnid=OeiRGk9fPlDY_M:&imgrefurl=http://www.obsolyte.com/next/&docid=x8tItzauUQHp0M&imgurl=http://www.obsolyte.com/next/next_slab.gif&w=360&h=262&ei=znElT-fIKcGUOo-aibII&zoom=1&iact=rc&dur=281&sig=109597024238016465434&page=1&tbnh=118&tbnw=162&start=0&ndsp=20&ved=1t:429,r:9,s:0&tx=116&ty=37" "Mozilla/4.0 (compatible; MSIE 8.0; Windows NT 5.1; Trident/4.0; Mozilla/4.0 (compatible; MSIE 6.0; Windows NT 5.1; SV1) ; MS Internet Explorer; .NET CLR 2.0.50727; .NET CLR 3.0.4506.2152; .NET CLR 3.5.30729; AskTbSTT/5.12.2.16749)"
2.40.20.172 - - [29/Jan/2012:14:20:49 -0500] "GET /next/next_slab.gif HTTP/1.1" 200 41328 "http://www.google.it/imgres?q=next+computer&hl=it&gbv=2&biw=1024&bih=591&tbm=isch&tbnid=OeiRGk9fPlDY_M:&imgrefurl=http://www.obsolyte.com/next/&docid=x8tItzauUQHp0M&imgurl=http://www.obsolyte.com/next/next_slab.gif&w=360&h=262&ei=znElT-fIKcGUOo-aibII&zoom=1&iact=rc&dur=281&sig=109597024238016465434&page=1&tbnh=118&tbnw=162&start=0&ndsp=20&ved=1t:429,r:9,s:0&tx=116&ty=37" "Mozilla/4.0 (compatible; MSIE 8.0; Windows NT 5.1; Trident/4.0; Mozilla/4.0 (compatible; MSIE 6.0; Windows NT 5.1; SV1) ; MS Internet Explorer; .NET CLR 2.0.50727; .NET CLR 3.0.4506.2152; .NET CLR 3.5.30729; AskTbSTT/5.12.2.16749)"
2.40.20.172 - - [29/Jan/2012:14:20:50 -0500] "GET /next/m_slab_rear.gif HTTP/1.1" 200 3317 "http://www.obsolyte.com/next/" "Mozilla/4.0 (compatible; MSIE 8.0; Windows NT 5.1; Trident/4.0; Mozilla/4.0 (compatible; MSIE 6.0; Windows NT 5.1; SV1) ; MS Internet Explorer; .NET CLR 2.0.50727; .NET CLR 3.0.4506.2152; .NET CLR 3.5.30729; AskTbSTT/5.12.2.16749)"
2.40.20.172 - - [29/Jan/2012:14:20:50 -0500] "GET /next/m_slab_rear.jpg HTTP/1.1" 200 10473 "http://www.obsolyte.com/next/" "Mozilla/4.0 (compatible; MSIE 8.0; Windows NT 5.1; Trident/4.0; Mozilla/4.0 (compatible; MSIE 6.0; Windows NT 5.1; SV1) ; MS Internet Explorer; .NET CLR 2.0.50727; .NET CLR 3.0.4506.2152; .NET CLR 3.5.30729; AskTbSTT/5.12.2.16749)"
2.40.20.172 - - [29/Jan/2012:14:20:51 -0500] "GET /next/m_slab_int.jpg HTTP/1.1" 200 65257 "http://www.obsolyte.com/next/" "Mozilla/4.0 (compatible; MSIE 8.0; Windows NT 5.1; Trident/4.0; Mozilla/4.0 (compatible; MSIE 6.0; Windows NT 5.1; SV1) ; MS Internet Explorer; .NET CLR 2.0.50727; .NET CLR 3.0.4506.2152; .NET CLR 3.5.30729; AskTbSTT/5.12.2.16749)"
66.249.71.76 - - [29/Jan/2012:14:21:18 -0500] "GET /dec/multia/ HTTP/1.1" 304 - "-" "Mozilla/5.0 (compatible; Googlebot/2.1; +http://www.google.com/bot.html)"
180.76.6.213 - - [29/Jan/2012:14:21:36 -0500] "GET /news.html HTTP/1.1" 200 6754 "-" "Mozilla/5.0 (compatible; Baiduspider/2.0; +http://www.baidu.com/search/spider.html)"
199.21.99.68 - - [29/Jan/2012:14:22:19 -0500] "GET /robots.txt HTTP/1.1" 404 286 "-" "Mozilla/5.0 (compatible; YandexBot/3.0; +http://yandex.com/bots)"
2.40.20.172 - - [29/Jan/2012:14:22:54 -0500] "GET /next/next_slab.gif HTTP/1.1" 304 - "-" "Mozilla/4.0 (compatible; MSIE 7.0; Windows NT 5.1; Trident/4.0; Mozilla/4.0 (compatible; MSIE 6.0; Windows NT 5.1; SV1) ; MS Internet Explorer; .NET CLR 2.0.50727; .NET CLR 3.0.4506.2152; .NET CLR 3.5.30729; AskTbSTT/5.12.2.16749)"
2.40.20.172 - - [29/Jan/2012:14:22:54 -0500] "GET /next/next_slab.gif HTTP/1.1" 304 - "-" "Mozilla/4.0 (compatible; MSIE 7.0; Windows NT 5.1; Trident/4.0; Mozilla/4.0 (compatible; MSIE 6.0; Windows NT 5.1; SV1) ; MS Internet Explorer; .NET CLR 2.0.50727; .NET CLR 3.0.4506.2152; .NET CLR 3.5.30729; AskTbSTT/5.12.2.16749)"
141.0.9.78 - - [29/Jan/2012:14:24:23 -0500] "GET /sunFAQ/faq_framebuffer/framebuffer.html HTTP/1.1" 200 105424 "-" "Opera/9.80 (Windows 98; U; en) Presto/2.2.15 Version/10.00"
141.0.9.78 - - [29/Jan/2012:14:24:26 -0500] "GET /sunFAQ/faq_framebuffer/fbfaq_files/FAQ.gif HTTP/1.1" 200 910 "-" "Opera/9.80 (Windows 98; U; en) Presto/2.2.15 Version/10.00"
91.121.10.96 - - [29/Jan/2012:14:24:47 -0500] "GET /logs/index.php?option=com_webeecomment&controller=..//..//..//..//..//..//..//..///proc/self/environ%0000 HTTP/1.1" 404 290 "-" "Mozilla/5.0 (Windows; U; Windows NT 5.1; en-US; rv:1.9.2) Gecko/20100115 Firefox/3.6"
91.121.10.96 - - [29/Jan/2012:14:24:47 -0500] "GET /index.php?option=com_webeecomment&controller=..//..//..//..//..//..//..//..///proc/self/environ%0000 HTTP/1.1" 404 285 "-" "Mozilla/5.0 (Windows; U; Windows NT 5.1; en-US; rv:1.9.2) Gecko/20100115 Firefox/3.6"
80.243.191.114 - - [29/Jan/2012:14:25:08 -0500] "GET /sgi_indigo2/ HTTP/1.0" 200 12751 "http://obsolyte.com/sgi_indigo2/" "Mozilla/4.0 (compatible; MSIE 6.0; Windows NT 5.1; KKman2.0)"
180.76.6.224 - - [29/Jan/2012:14:25:25 -0500] "GET /sun_ipx/ HTTP/1.1" 200 11586 "-" "Mozilla/5.0 (compatible; Baiduspider/2.0; +http://www.baidu.com/search/spider.html)"
91.121.10.96 - - [29/Jan/2012:14:25:32 -0500] "GET /logs/index.php?option=com_webeecomment&controller=..//..//..//..//..//..//..//..///proc/self/environ%0000 HTTP/1.1" 404 290 "-" "Mozilla/5.0 (Windows; U; Windows NT 5.1; en-US; rv:1.9.2) Gecko/20100115 Firefox/3.6"
91.121.10.96 - - [29/Jan/2012:14:25:32 -0500] "GET /index.php?option=com_webeecomment&controller=..//..//..//..//..//..//..//..///proc/self/environ%0000 HTTP/1.1" 404 285 "-" "Mozilla/5.0 (Windows; U; Windows NT 5.1; en-US; rv:1.9.2) Gecko/20100115 Firefox/3.6"
119.63.196.109 - - [29/Jan/2012:14:26:11 -0500] "GET / HTTP/1.1" 200 10308 "-" "Mozilla/5.0 (compatible; Baiduspider/2.0; +http://www.baidu.com/search/spider.html)"
38.101.148.126 - - [29/Jan/2012:14:29:37 -0500] "GET /sunPICS/sun3/sun3_50.jpg HTTP/1.1" 200 17875 "-" "Mozilla/5.0 (compatible; discobot/2.0; +http://discoveryengine.com/discobot.html)"
38.101.148.126 - - [29/Jan/2012:14:29:46 -0500] "GET /sunPICS/475/475rear.jpg HTTP/1.1" 200 19048 "-" "Mozilla/5.0 (compatible; discobot/2.0; +http://discoveryengine.com/discobot.html)"
201.92.226.188 - - [29/Jan/2012:14:30:22 -0500] "GET /faq/ HTTP/1.1" 200 11077 "-" "Mozilla/5.0 (Macintosh; U; Intel Mac OS X 10_6_7; en-us) AppleWebKit/533.21.1 (KHTML, like Gecko) Version/5.0.5 Safari/533.21.1"
201.92.226.188 - - [29/Jan/2012:14:30:25 -0500] "GET /faq/scsi.gif HTTP/1.1" 200 953 "http://www.obsolyte.com/faq/" "Mozilla/5.0 (Macintosh; U; Intel Mac OS X 10_6_7; en-us) AppleWebKit/533.21.1 (KHTML, like Gecko) Version/5.0.5 Safari/533.21.1"
201.92.226.188 - - [29/Jan/2012:14:30:32 -0500] "GET /faq/sca_adapter_ondrive.jpg HTTP/1.1" 200 57056 "http://www.obsolyte.com/faq/" "Mozilla/5.0 (Macintosh; U; Intel Mac OS X 10_6_7; en-us) AppleWebKit/533.21.1 (KHTML, like Gecko) Version/5.0.5 Safari/533.21.1"
201.92.226.188 - - [29/Jan/2012:14:30:34 -0500] "GET /faq/scascsi.jpg HTTP/1.1" 200 35727 "http://www.obsolyte.com/faq/" "Mozilla/5.0 (Macintosh; U; Intel Mac OS X 10_6_7; en-us) AppleWebKit/533.21.1 (KHTML, like Gecko) Version/5.0.5 Safari/533.21.1"
201.92.226.188 - - [29/Jan/2012:14:30:34 -0500] "GET /faq/ide.jpg HTTP/1.1" 200 40416 "http://www.obsolyte.com/faq/" "Mozilla/5.0 (Macintosh; U; Intel Mac OS X 10_6_7; en-us) AppleWebKit/533.21.1 (KHTML, like Gecko) Version/5.0.5 Safari/533.21.1"
201.92.226.188 - - [29/Jan/2012:14:30:36 -0500] "GET /faq/68pinscsi.jpg HTTP/1.1" 200 35244 "http://www.obsolyte.com/faq/" "Mozilla/5.0 (Macintosh; U; Intel Mac OS X 10_6_7; en-us) AppleWebKit/533.21.1 (KHTML, like Gecko) Version/5.0.5 Safari/533.21.1"
201.92.226.188 - - [29/Jan/2012:14:30:37 -0500] "GET /faq/scsisetting.gif HTTP/1.1" 200 4729 "http://www.obsolyte.com/faq/" "Mozilla/5.0 (Macintosh; U; Intel Mac OS X 10_6_7; en-us) AppleWebKit/533.21.1 (KHTML, like Gecko) Version/5.0.5 Safari/533.21.1"
201.92.226.188 - - [29/Jan/2012:14:30:38 -0500] "GET /faq/50pinscsi.jpg HTTP/1.1" 200 41828 "http://www.obsolyte.com/faq/" "Mozilla/5.0 (Macintosh; U; Intel Mac OS X 10_6_7; en-us) AppleWebKit/533.21.1 (KHTML, like Gecko) Version/5.0.5 Safari/533.21.1"
201.92.226.188 - - [29/Jan/2012:14:30:50 -0500] "GET /faq/sca_adapter.jpg HTTP/1.1" 200 89442 "http://www.obsolyte.com/faq/" "Mozilla/5.0 (Macintosh; U; Intel Mac OS X 10_6_7; en-us) AppleWebKit/533.21.1 (KHTML, like Gecko) Version/5.0.5 Safari/533.21.1"
67.0.50.151 - - [29/Jan/2012:14:31:15 -0500] "GET /vanagon/VanagonProTraining/FuelSystems/i.jpg HTTP/1.1" 200 98170 "http://www.loam.org/vw/Vanagon/VanagonProTraining/FuelSystems/pages.htm" "Mozilla/5.0 (Macintosh; Intel Mac OS X 10.6; rv:9.0.1) Gecko/20100101 Firefox/9.0.1"
67.0.50.151 - - [29/Jan/2012:14:31:17 -0500] "GET /vanagon/VanagonProTraining/FuelSystems/ii.jpg HTTP/1.1" 200 122382 "http://www.loam.org/vw/Vanagon/VanagonProTraining/FuelSystems/pages.htm" "Mozilla/5.0 (Macintosh; Intel Mac OS X 10.6; rv:9.0.1) Gecko/20100101 Firefox/9.0.1"
199.21.99.68 - - [29/Jan/2012:14:31:17 -0500] "GET / HTTP/1.1" 200 10308 "-" "Mozilla/5.0 (compatible; YandexBot/3.0; +http://yandex.com/bots)"
67.0.50.151 - - [29/Jan/2012:14:31:18 -0500] "GET /vanagon/VanagonProTraining/FuelSystems/iii.jpg HTTP/1.1" 200 105152 "http://www.loam.org/vw/Vanagon/VanagonProTraining/FuelSystems/pages.htm" "Mozilla/5.0 (Macintosh; Intel Mac OS X 10.6; rv:9.0.1) Gecko/20100101 Firefox/9.0.1"
67.0.50.151 - - [29/Jan/2012:14:31:33 -0500] "GET /vanagon/VanagonProTraining/FuelSystems/cov.jpg HTTP/1.1" 206 74419 "http://www.loam.org/vw/Vanagon/VanagonProTraining/FuelSystems/pages.htm" "Mozilla/5.0 (Macintosh; Intel Mac OS X 10.6; rv:9.0.1) Gecko/20100101 Firefox/9.0.1"
201.92.226.188 - - [29/Jan/2012:14:31:44 -0500] "GET /favicon.ico HTTP/1.1" 200 318 "http://www.obsolyte.com/faq/" "Mozilla/5.0 (Macintosh; U; Intel Mac OS X 10_6_7; en-us) AppleWebKit/533.21.1 (KHTML, like Gecko) Version/5.0.5 Safari/533.21.1"
67.0.50.151 - - [29/Jan/2012:14:31:53 -0500] "GET /vanagon/VanagonProTraining/FuelSystems/089.jpg HTTP/1.1" 200 130063 "http://www.loam.org/vw/Vanagon/VanagonProTraining/FuelSystems/pages.htm" "Mozilla/5.0 (Macintosh; Intel Mac OS X 10.6; rv:9.0.1) Gecko/20100101 Firefox/9.0.1"
67.0.50.151 - - [29/Jan/2012:14:31:57 -0500] "GET /vanagon/VanagonProTraining/FuelSystems/090.jpg HTTP/1.1" 200 107079 "http://www.loam.org/vw/Vanagon/VanagonProTraining/FuelSystems/pages.htm" "Mozilla/5.0 (Macintosh; Intel Mac OS X 10.6; rv:9.0.1) Gecko/20100101 Firefox/9.0.1"
193.106.136.53 - - [29/Jan/2012:14:32:07 -0500] "GET /sun_ss10/ HTTP/1.0" 200 13596 "http://www.city-connect.ru/" "Mozilla/5.0 (compatible; Googlebot/2.1; +http://www.google.com/bot.html)"
193.106.136.53 - - [29/Jan/2012:14:32:08 -0500] "GET /sun_ss10/ HTTP/1.0" 200 12630 "http://www.city-connect.ru/" "Mozilla/5.0 (compatible; Googlebot/2.1; +http://www.google.com/bot.html)"
193.106.136.53 - - [29/Jan/2012:14:32:09 -0500] "GET /sun_ss10/ HTTP/1.0" 200 12630 "http://www.city-connect.ru/" "Mozilla/5.0 (compatible; Googlebot/2.1; +http://www.google.com/bot.html)"
67.0.50.151 - - [29/Jan/2012:14:32:22 -0500] "GET /vanagon/VanagonProTraining/FuelSystems/091.jpg HTTP/1.1" 200 102523 "http://www.loam.org/vw/Vanagon/VanagonProTraining/FuelSystems/pages.htm" "Mozilla/5.0 (Macintosh; Intel Mac OS X 10.6; rv:9.0.1) Gecko/20100101 Firefox/9.0.1"
67.0.50.151 - - [29/Jan/2012:14:32:25 -0500] "GET /vanagon/VanagonProTraining/FuelSystems/092.jpg HTTP/1.1" 200 90257 "http://www.loam.org/vw/Vanagon/VanagonProTraining/FuelSystems/pages.htm" "Mozilla/5.0 (Macintosh; Intel Mac OS X 10.6; rv:9.0.1) Gecko/20100101 Firefox/9.0.1"
67.0.50.151 - - [29/Jan/2012:14:32:36 -0500] "GET /vanagon/VanagonProTraining/FuelSystems/095.jpg HTTP/1.1" 200 133999 "http://www.loam.org/vw/Vanagon/VanagonProTraining/FuelSystems/pages.htm" "Mozilla/5.0 (Macintosh; Intel Mac OS X 10.6; rv:9.0.1) Gecko/20100101 Firefox/9.0.1"
67.0.50.151 - - [29/Jan/2012:14:33:04 -0500] "GET /vanagon/VanagonProTraining/FuelSystems/096.jpg HTTP/1.1" 200 115801 "http://www.loam.org/vw/Vanagon/VanagonProTraining/FuelSystems/pages.htm" "Mozilla/5.0 (Macintosh; Intel Mac OS X 10.6; rv:9.0.1) Gecko/20100101 Firefox/9.0.1"
67.0.50.151 - - [29/Jan/2012:14:33:12 -0500] "GET /vanagon/VanagonProTraining/FuelSystems/097.jpg HTTP/1.1" 200 120590 "http://www.loam.org/vw/Vanagon/VanagonProTraining/FuelSystems/pages.htm" "Mozilla/5.0 (Macintosh; Intel Mac OS X 10.6; rv:9.0.1) Gecko/20100101 Firefox/9.0.1"
67.0.50.151 - - [29/Jan/2012:14:33:23 -0500] "GET /vanagon/VanagonProTraining/FuelSystems/098.jpg HTTP/1.1" 200 100758 "http://www.loam.org/vw/Vanagon/VanagonProTraining/FuelSystems/pages.htm" "Mozilla/5.0 (Macintosh; Intel Mac OS X 10.6; rv:9.0.1) Gecko/20100101 Firefox/9.0.1"
180.76.5.54 - - [29/Jan/2012:14:33:26 -0500] "GET / HTTP/1.1" 200 10308 "-" "Mozilla/5.0 (compatible; Baiduspider/2.0; +http://www.baidu.com/search/spider.html)"
67.0.50.151 - - [29/Jan/2012:14:33:51 -0500] "GET /vanagon/VanagonProTraining/FuelSystems/099.jpg HTTP/1.1" 200 136087 "http://www.loam.org/vw/Vanagon/VanagonProTraining/FuelSystems/pages.htm" "Mozilla/5.0 (Macintosh; Intel Mac OS X 10.6; rv:9.0.1) Gecko/20100101 Firefox/9.0.1"
141.0.8.154 - - [29/Jan/2012:14:34:00 -0500] "GET /dec/multia/ HTTP/1.1" 200 10529 "http://www.google.com/xhtml?client=ms-opera_mb_no&channel=bh&q=Mutlia.com&nfpr=1&ei=DnQlT8jhK4jMiQLv9AE&ved=0CAgQvgUoAQ" "Opera/9.80 (J2ME/MIDP; Opera Mini/4.1.13907/26.1411; U; en) Presto/2.8.119 Version/10.54"
141.0.8.154 - - [29/Jan/2012:14:34:00 -0500] "GET /favicon.ico HTTP/1.1" 200 318 "http://www.obsolyte.com/dec/multia/" "Opera/9.80 (J2ME/MIDP; Opera Mini/4.1.13907/26.1411; U; en) Presto/2.8.119 Version/10.54"
141.0.8.154 - - [29/Jan/2012:14:34:00 -0500] "GET /dec/multia/multia2.jpg HTTP/1.1" 200 9340 "http://www.obsolyte.com/dec/multia/" "Opera/9.80 (J2ME/MIDP; Opera Mini/4.1.13907/26.1411; U; en) Presto/2.8.119 Version/10.54"
141.0.8.154 - - [29/Jan/2012:14:34:00 -0500] "GET /dec/multia/multia_intel.jpg HTTP/1.1" 200 8030 "http://www.obsolyte.com/dec/multia/" "Opera/9.80 (J2ME/MIDP; Opera Mini/4.1.13907/26.1411; U; en) Presto/2.8.119 Version/10.54"
141.0.8.154 - - [29/Jan/2012:14:34:00 -0500] "GET /dec/multia/mutlia_cpu.jpg HTTP/1.1" 200 17254 "http://www.obsolyte.com/dec/multia/" "Opera/9.80 (J2ME/MIDP; Opera Mini/4.1.13907/26.1411; U; en) Presto/2.8.119 Version/10.54"
141.0.8.154 - - [29/Jan/2012:14:34:00 -0500] "GET /dec/multia/multia.gif HTTP/1.1" 200 38340 "http://www.obsolyte.com/dec/multia/" "Opera/9.80 (J2ME/MIDP; Opera Mini/4.1.13907/26.1411; U; en) Presto/2.8.119 Version/10.54"
141.0.8.154 - - [29/Jan/2012:14:34:00 -0500] "GET /dec/multia/multia_intel2.jpg HTTP/1.1" 200 34442 "http://www.obsolyte.com/dec/multia/" "Opera/9.80 (J2ME/MIDP; Opera Mini/4.1.13907/26.1411; U; en) Presto/2.8.119 Version/10.54"
141.0.8.154 - - [29/Jan/2012:14:34:01 -0500] "GET /dec/multia/multia_mb.jpg HTTP/1.1" 200 26298 "http://www.obsolyte.com/dec/multia/" "Opera/9.80 (J2ME/MIDP; Opera Mini/4.1.13907/26.1411; U; en) Presto/2.8.119 Version/10.54"
67.0.50.151 - - [29/Jan/2012:14:34:02 -0500] "GET /vanagon/VanagonProTraining/FuelSystems/100.jpg HTTP/1.1" 200 110192 "http://www.loam.org/vw/Vanagon/VanagonProTraining/FuelSystems/pages.htm" "Mozilla/5.0 (Macintosh; Intel Mac OS X 10.6; rv:9.0.1) Gecko/20100101 Firefox/9.0.1"
141.0.8.154 - - [29/Jan/2012:14:34:03 -0500] "GET /dec/multia/pdf.gif HTTP/1.1" 200 390 "http://www.obsolyte.com/dec/multia/" "Opera/9.80 (J2ME/MIDP; Opera Mini/4.1.13907/26.1411; U; en) Presto/2.8.119 Version/10.54"
67.0.50.151 - - [29/Jan/2012:14:34:21 -0500] "GET /vanagon/VanagonProTraining/FuelSystems/101.jpg HTTP/1.1" 200 122599 "http://www.loam.org/vw/Vanagon/VanagonProTraining/FuelSystems/pages.htm" "Mozilla/5.0 (Macintosh; Intel Mac OS X 10.6; rv:9.0.1) Gecko/20100101 Firefox/9.0.1"
123.125.71.105 - - [29/Jan/2012:14:34:26 -0500] "GET / HTTP/1.1" 200 10308 "-" "Mozilla/5.0 (compatible; Baiduspider/2.0; +http://www.baidu.com/search/spider.html)"
208.115.111.74 - - [29/Jan/2012:14:34:33 -0500] "GET /robots.txt HTTP/1.1" 404 286 "-" "Mozilla/5.0 (compatible; Ezooms/1.0; ezooms.bot@gmail.com)"
220.181.108.171 - - [29/Jan/2012:14:35:00 -0500] "GET / HTTP/1.1" 200 10308 "-" "Mozilla/5.0 (compatible; Baiduspider/2.0; +http://www.baidu.com/search/spider.html)"
141.0.8.154 - - [29/Jan/2012:14:35:09 -0500] "GET /dec/multia/multia.gif HTTP/1.1" 200 38340 "http://www.obsolyte.com/dec/multia/multia.gif" "Opera/9.80 (J2ME/MIDP; Opera Mini/4.1.13907/26.1411; U; en) Presto/2.8.119 Version/10.54"
67.0.50.151 - - [29/Jan/2012:14:35:41 -0500] "GET /vanagon/VanagonProTraining/FuelSystems/107.jpg HTTP/1.1" 200 117908 "http://www.loam.org/vw/Vanagon/VanagonProTraining/FuelSystems/pages.htm" "Mozilla/5.0 (Macintosh; Intel Mac OS X 10.6; rv:9.0.1) Gecko/20100101 Firefox/9.0.1"
67.0.50.151 - - [29/Jan/2012:14:35:44 -0500] "GET /vanagon/VanagonProTraining/FuelSystems/102.jpg HTTP/1.1" 200 117617 "http://www.loam.org/vw/Vanagon/VanagonProTraining/FuelSystems/pages.htm" "Mozilla/5.0 (Macintosh; Intel Mac OS X 10.6; rv:9.0.1) Gecko/20100101 Firefox/9.0.1"
67.0.50.151 - - [29/Jan/2012:14:36:13 -0500] "GET /vanagon/VanagonProTraining/FuelSystems/103.jpg HTTP/1.1" 200 138235 "http://www.loam.org/vw/Vanagon/VanagonProTraining/FuelSystems/pages.htm" "Mozilla/5.0 (Macintosh; Intel Mac OS X 10.6; rv:9.0.1) Gecko/20100101 Firefox/9.0.1"
67.0.50.151 - - [29/Jan/2012:14:36:33 -0500] "GET /vanagon/VanagonProTraining/FuelSystems/cov.jpg HTTP/1.1" 200 14068 "http://www.loam.org/vw/Vanagon/VanagonProTraining/FuelSystems/pages.htm" "Mozilla/5.0 (Macintosh; Intel Mac OS X 10.6; rv:9.0.1) Gecko/20100101 Firefox/9.0.1"
199.21.99.68 - - [29/Jan/2012:14:40:19 -0500] "GET /links.html HTTP/1.1" 200 4922 "-" "Mozilla/5.0 (compatible; YandexBot/3.0; +http://yandex.com/bots)"
67.170.77.203 - - [29/Jan/2012:14:40:24 -0500] "GET /personal/vanagon_1.jpg HTTP/1.1" 200 72209 "http://www.google.com/search?q=westfalia+motorcycle&ie=UTF-8&oe=UTF-8&hl=en&client=safari" "Mozilla/5.0 (iPad; CPU OS 5_0_1 like Mac OS X) AppleWebKit/534.46 (KHTML, like Gecko) Version/5.1 Mobile/9A405 Safari/7534.48.3"
67.0.50.151 - - [29/Jan/2012:14:42:13 -0500] "GET /vanagon/VanagonProTraining/FuelSystems/104.jpg HTTP/1.1" 200 118018 "http://www.loam.org/vw/Vanagon/VanagonProTraining/FuelSystems/pages.htm" "Mozilla/5.0 (Macintosh; Intel Mac OS X 10.6; rv:9.0.1) Gecko/20100101 Firefox/9.0.1"
67.0.50.151 - - [29/Jan/2012:14:42:53 -0500] "GET /vanagon/VanagonProTraining/FuelSystems/105.jpg HTTP/1.1" 200 130969 "http://www.loam.org/vw/Vanagon/VanagonProTraining/FuelSystems/pages.htm" "Mozilla/5.0 (Macintosh; Intel Mac OS X 10.6; rv:9.0.1) Gecko/20100101 Firefox/9.0.1"
67.0.50.151 - - [29/Jan/2012:14:43:21 -0500] "GET /vanagon/VanagonProTraining/FuelSystems/106.jpg HTTP/1.1" 200 95338 "http://www.loam.org/vw/Vanagon/VanagonProTraining/FuelSystems/pages.htm" "Mozilla/5.0 (Macintosh; Intel Mac OS X 10.6; rv:9.0.1) Gecko/20100101 Firefox/9.0.1"
67.0.50.151 - - [29/Jan/2012:14:43:39 -0500] "GET /vanagon/VanagonProTraining/FuelSystems/108.jpg HTTP/1.1" 200 97825 "http://www.loam.org/vw/Vanagon/VanagonProTraining/FuelSystems/pages.htm" "Mozilla/5.0 (Macintosh; Intel Mac OS X 10.6; rv:9.0.1) Gecko/20100101 Firefox/9.0.1"
67.0.50.151 - - [29/Jan/2012:14:43:44 -0500] "GET /vanagon/VanagonProTraining/FuelSystems/109.jpg HTTP/1.1" 200 117325 "http://www.loam.org/vw/Vanagon/VanagonProTraining/FuelSystems/pages.htm" "Mozilla/5.0 (Macintosh; Intel Mac OS X 10.6; rv:9.0.1) Gecko/20100101 Firefox/9.0.1"
67.0.50.151 - - [29/Jan/2012:14:44:12 -0500] "GET /vanagon/VanagonProTraining/FuelSystems/110.jpg HTTP/1.1" 200 109340 "http://www.loam.org/vw/Vanagon/VanagonProTraining/FuelSystems/pages.htm" "Mozilla/5.0 (Macintosh; Intel Mac OS X 10.6; rv:9.0.1) Gecko/20100101 Firefox/9.0.1"
67.0.50.151 - - [29/Jan/2012:14:44:14 -0500] "GET /vanagon/VanagonProTraining/FuelSystems/111.jpg HTTP/1.1" 200 107712 "http://www.loam.org/vw/Vanagon/VanagonProTraining/FuelSystems/pages.htm" "Mozilla/5.0 (Macintosh; Intel Mac OS X 10.6; rv:9.0.1) Gecko/20100101 Firefox/9.0.1"
67.0.50.151 - - [29/Jan/2012:14:44:23 -0500] "GET /vanagon/VanagonProTraining/FuelSystems/112.jpg HTTP/1.1" 200 109489 "http://www.loam.org/vw/Vanagon/VanagonProTraining/FuelSystems/pages.htm" "Mozilla/5.0 (Macintosh; Intel Mac OS X 10.6; rv:9.0.1) Gecko/20100101 Firefox/9.0.1"
67.0.50.151 - - [29/Jan/2012:14:44:28 -0500] "GET /vanagon/VanagonProTraining/FuelSystems/113.jpg HTTP/1.1" 200 131656 "http://www.loam.org/vw/Vanagon/VanagonProTraining/FuelSystems/pages.htm" "Mozilla/5.0 (Macintosh; Intel Mac OS X 10.6; rv:9.0.1) Gecko/20100101 Firefox/9.0.1"
67.0.50.151 - - [29/Jan/2012:14:44:35 -0500] "GET /vanagon/VanagonProTraining/FuelSystems/114.jpg HTTP/1.1" 200 69284 "http://www.loam.org/vw/Vanagon/VanagonProTraining/FuelSystems/pages.htm" "Mozilla/5.0 (Macintosh; Intel Mac OS X 10.6; rv:9.0.1) Gecko/20100101 Firefox/9.0.1"
67.0.50.151 - - [29/Jan/2012:14:44:37 -0500] "GET /vanagon/VanagonProTraining/FuelSystems/115.jpg HTTP/1.1" 200 94271 "http://www.loam.org/vw/Vanagon/VanagonProTraining/FuelSystems/pages.htm" "Mozilla/5.0 (Macintosh; Intel Mac OS X 10.6; rv:9.0.1) Gecko/20100101 Firefox/9.0.1"
67.0.50.151 - - [29/Jan/2012:14:44:58 -0500] "GET /vanagon/VanagonProTraining/FuelSystems/116.jpg HTTP/1.1" 200 133248 "http://www.loam.org/vw/Vanagon/VanagonProTraining/FuelSystems/pages.htm" "Mozilla/5.0 (Macintosh; Intel Mac OS X 10.6; rv:9.0.1) Gecko/20100101 Firefox/9.0.1"
67.0.50.151 - - [29/Jan/2012:14:45:08 -0500] "GET /vanagon/VanagonProTraining/FuelSystems/117.jpg HTTP/1.1" 200 121671 "http://www.loam.org/vw/Vanagon/VanagonProTraining/FuelSystems/pages.htm" "Mozilla/5.0 (Macintosh; Intel Mac OS X 10.6; rv:9.0.1) Gecko/20100101 Firefox/9.0.1"
207.46.199.55 - - [29/Jan/2012:14:45:20 -0500] "GET /robots.txt HTTP/1.1" 404 286 "-" "Mozilla/5.0 (compatible; bingbot/2.0; +http://www.bing.com/bingbot.htm)"
217.212.224.183 - - [29/Jan/2012:14:45:54 -0500] "GET /robots.txt HTTP/1.0" 404 274 "-" "psbot/0.1 (+http://www.picsearch.com/bot.html)"
217.212.224.183 - - [29/Jan/2012:14:45:55 -0500] "GET /~strabal/c7.jpg HTTP/1.0" 200 39468 "-" "psbot/0.1 (+http://www.picsearch.com/bot.html)"
207.46.199.55 - - [29/Jan/2012:14:46:25 -0500] "GET /bookmarks_public.html HTTP/1.1" 304 - "-" "Mozilla/5.0 (compatible; bingbot/2.0; +http://www.bing.com/bingbot.htm)"
83.70.174.217 - - [29/Jan/2012:14:46:38 -0500] "GET /~strabal/lucypics/fanfiction/storm.html HTTP/1.1" 200 28411 "http://www.xena-fanfiction.com/viewstory.php?sid=69" "Mozilla/5.0 (Windows NT 5.1; rv:6.0) Gecko/20100101 Firefox/6.0"
83.70.174.217 - - [29/Jan/2012:14:46:40 -0500] "GET /~strabal/lucypics/fanfiction/BIS.jpg HTTP/1.1" 200 48911 "http://www.obsolyte.com/~strabal/lucypics/fanfiction/storm.html" "Mozilla/5.0 (Windows NT 5.1; rv:6.0) Gecko/20100101 Firefox/6.0"
83.70.174.217 - - [29/Jan/2012:14:46:41 -0500] "GET /favicon.ico HTTP/1.1" 200 318 "-" "Mozilla/5.0 (Windows NT 5.1; rv:6.0) Gecko/20100101 Firefox/6.0"
83.70.174.217 - - [29/Jan/2012:14:46:57 -0500] "GET /~strabal/lucypics/fanfiction/storm2.html HTTP/1.1" 200 27551 "http://www.obsolyte.com/~strabal/lucypics/fanfiction/storm.html" "Mozilla/5.0 (Windows NT 5.1; rv:6.0) Gecko/20100101 Firefox/6.0"
67.0.50.151 - - [29/Jan/2012:14:47:00 -0500] "GET /vanagon/VanagonProTraining/FuelSystems/118.jpg HTTP/1.1" 200 100776 "http://www.loam.org/vw/Vanagon/VanagonProTraining/FuelSystems/pages.htm" "Mozilla/5.0 (Macintosh; Intel Mac OS X 10.6; rv:9.0.1) Gecko/20100101 Firefox/9.0.1"
67.0.50.151 - - [29/Jan/2012:14:47:11 -0500] "GET /vanagon/VanagonProTraining/FuelSystems/119.jpg HTTP/1.1" 200 111773 "http://www.loam.org/vw/Vanagon/VanagonProTraining/FuelSystems/pages.htm" "Mozilla/5.0 (Macintosh; Intel Mac OS X 10.6; rv:9.0.1) Gecko/20100101 Firefox/9.0.1"
67.0.50.151 - - [29/Jan/2012:14:47:14 -0500] "GET /vanagon/VanagonProTraining/FuelSystems/120.jpg HTTP/1.1" 200 67053 "http://www.loam.org/vw/Vanagon/VanagonProTraining/FuelSystems/pages.htm" "Mozilla/5.0 (Macintosh; Intel Mac OS X 10.6; rv:9.0.1) Gecko/20100101 Firefox/9.0.1"
67.0.50.151 - - [29/Jan/2012:14:47:18 -0500] "GET /vanagon/VanagonProTraining/FuelSystems/121.jpg HTTP/1.1" 200 137260 "http://www.loam.org/vw/Vanagon/VanagonProTraining/FuelSystems/pages.htm" "Mozilla/5.0 (Macintosh; Intel Mac OS X 10.6; rv:9.0.1) Gecko/20100101 Firefox/9.0.1"
83.70.174.217 - - [29/Jan/2012:14:47:34 -0500] "GET /~strabal/lucypics/fanfiction/BIS.jpg HTTP/1.1" 200 48911 "-" "Mozilla/4.0 (compatible; MSIE 7.0; Windows NT 5.1; GTB7.2; .NET CLR 2.0.50727; .NET CLR 3.5.30729)"
83.70.174.217 - - [29/Jan/2012:14:47:35 -0500] "GET /~strabal/lucypics/fanfiction/BIS.jpg HTTP/1.1" 200 48911 "-" "Mozilla/4.0 (compatible; MSIE 7.0; Windows NT 5.1; GTB7.2; .NET CLR 2.0.50727; .NET CLR 3.5.30729)"
208.115.111.74 - - [29/Jan/2012:14:48:29 -0500] "GET /sun380/ HTTP/1.1" 200 7888 "-" "Mozilla/5.0 (compatible; Ezooms/1.0; ezooms.bot@gmail.com)"
83.70.174.217 - - [29/Jan/2012:14:48:32 -0500] "GET /~strabal/lucypics/fanfiction/storm3.html HTTP/1.1" 200 42889 "http://www.obsolyte.com/~strabal/lucypics/fanfiction/storm2.html" "Mozilla/5.0 (Windows NT 5.1; rv:6.0) Gecko/20100101 Firefox/6.0"
83.70.174.217 - - [29/Jan/2012:14:49:06 -0500] "GET /~strabal/lucypics/fanfiction/storm4.html HTTP/1.1" 200 41178 "http://www.obsolyte.com/~strabal/lucypics/fanfiction/storm3.html" "Mozilla/5.0 (Windows NT 5.1; rv:6.0) Gecko/20100101 Firefox/6.0"
199.21.99.68 - - [29/Jan/2012:14:50:04 -0500] "GET /sun_ss5/ss5_promo.pdf HTTP/1.1" 200 240566 "-" "Mozilla/5.0 (compatible; YandexBot/3.0; +http://yandex.com/bots)"
83.70.174.217 - - [29/Jan/2012:14:50:09 -0500] "GET /~strabal/lucypics/fanfiction/storm5.html HTTP/1.1" 200 29780 "http://www.obsolyte.com/~strabal/lucypics/fanfiction/storm4.html" "Mozilla/5.0 (Windows NT 5.1; rv:6.0) Gecko/20100101 Firefox/6.0"
208.115.111.74 - - [29/Jan/2012:14:50:10 -0500] "GET /%7Estrabal/lucypics/main.html HTTP/1.1" 200 15325 "-" "Mozilla/5.0 (compatible; Ezooms/1.0; ezooms.bot@gmail.com)"
83.70.174.217 - - [29/Jan/2012:14:50:39 -0500] "GET /~strabal/lucypics/fanfiction/storm6.html HTTP/1.1" 200 42369 "http://www.obsolyte.com/~strabal/lucypics/fanfiction/storm5.html" "Mozilla/5.0 (Windows NT 5.1; rv:6.0) Gecko/20100101 Firefox/6.0"
46.105.45.126 - - [29/Jan/2012:14:51:05 -0500] "GET /logs/////index.php?option=com_s5clanroster&view=..//..//..//..//..//..//..//..///proc/self/environ%0000 HTTP/1.1" 404 294 "-" "Mozilla/5.0 (Windows; U; Windows NT 5.1; en-US; rv:1.9.2) Gecko/20100115 Firefox/3.6"
46.105.45.126 - - [29/Jan/2012:14:51:06 -0500] "GET /////index.php?option=com_s5clanroster&view=..//..//..//..//..//..//..//..///proc/self/environ%0000 HTTP/1.1" 404 289 "-" "Mozilla/5.0 (Windows; U; Windows NT 5.1; en-US; rv:1.9.2) Gecko/20100115 Firefox/3.6"
46.105.45.126 - - [29/Jan/2012:14:51:28 -0500] "GET /logs/////index.php?option=com_s5clanroster&view=..//..//..//..//..//..//..//..///proc/self/environ%0000 HTTP/1.1" 404 294 "-" "Mozilla/5.0 (Windows; U; Windows NT 5.1; en-US; rv:1.9.2) Gecko/20100115 Firefox/3.6"
46.105.45.126 - - [29/Jan/2012:14:51:28 -0500] "GET /////index.php?option=com_s5clanroster&view=..//..//..//..//..//..//..//..///proc/self/environ%0000 HTTP/1.1" 404 289 "-" "Mozilla/5.0 (Windows; U; Windows NT 5.1; en-US; rv:1.9.2) Gecko/20100115 Firefox/3.6"
24.28.4.227 - - [29/Jan/2012:14:54:08 -0500] "GET /~techrat/vw_spotters/ HTTP/1.1" 200 5450 "http://www.google.com/imgres?hl=en&sa=X&biw=1275&bih=702&tbm=isch&prmd=imvns&tbnid=JgpvEXTP2hXmwM:&imgrefurl=http://www.obsolyte.com/~techrat/vw_spotters/&docid=3-iP_hYu_5W4rM&imgurl=http://www.obsolyte.com/~techrat/vw_spotters/vw_square_detail.jpg&w=640&h=480&ei=t3klT_alCcLpsQKkkNiMAg&zoom=1&iact=hc&vpx=191&vpy=262&dur=1437&hovh=194&hovw=259&tx=149&ty=137&sig=110744207961732671912&page=2&tbnh=155&tbnw=201&start=15&ndsp=20&ved=1t:429,r:0,s:15" "Mozilla/5.0 (Macintosh; Intel Mac OS X 10_6_8) AppleWebKit/535.2 (KHTML, like Gecko) Chrome/15.0.874.121 Safari/535.2"
24.28.4.227 - - [29/Jan/2012:14:54:08 -0500] "GET /~techrat/vw_spotters/vw_ghia_r.jpg HTTP/1.1" 200 13377 "http://www.obsolyte.com/~techrat/vw_spotters/" "Mozilla/5.0 (Macintosh; Intel Mac OS X 10_6_8) AppleWebKit/535.2 (KHTML, like Gecko) Chrome/15.0.874.121 Safari/535.2"
24.28.4.227 - - [29/Jan/2012:14:54:08 -0500] "GET /~techrat/vw_spotters/vw_beetle_f.jpg HTTP/1.1" 200 28153 "http://www.obsolyte.com/~techrat/vw_spotters/" "Mozilla/5.0 (Macintosh; Intel Mac OS X 10_6_8) AppleWebKit/535.2 (KHTML, like Gecko) Chrome/15.0.874.121 Safari/535.2"
24.28.4.227 - - [29/Jan/2012:14:54:08 -0500] "GET /~techrat/vw_spotters/vw_ghia_f.jpg HTTP/1.1" 200 22868 "http://www.obsolyte.com/~techrat/vw_spotters/" "Mozilla/5.0 (Macintosh; Intel Mac OS X 10_6_8) AppleWebKit/535.2 (KHTML, like Gecko) Chrome/15.0.874.121 Safari/535.2"
24.28.4.227 - - [29/Jan/2012:14:54:08 -0500] "GET /~techrat/vw_spotters/vw_thing_f.jpg HTTP/1.1" 200 23902 "http://www.obsolyte.com/~techrat/vw_spotters/" "Mozilla/5.0 (Macintosh; Intel Mac OS X 10_6_8) AppleWebKit/535.2 (KHTML, like Gecko) Chrome/15.0.874.121 Safari/535.2"
24.28.4.227 - - [29/Jan/2012:14:54:08 -0500] "GET /~techrat/vw_spotters/vw_square_detail.jpg HTTP/1.1" 200 89778 "http://www.google.com/imgres?hl=en&sa=X&biw=1275&bih=702&tbm=isch&prmd=imvns&tbnid=JgpvEXTP2hXmwM:&imgrefurl=http://www.obsolyte.com/~techrat/vw_spotters/&docid=3-iP_hYu_5W4rM&imgurl=http://www.obsolyte.com/~techrat/vw_spotters/vw_square_detail.jpg&w=640&h=480&ei=t3klT_alCcLpsQKkkNiMAg&zoom=1&iact=hc&vpx=191&vpy=262&dur=1437&hovh=194&hovw=259&tx=149&ty=137&sig=110744207961732671912&page=2&tbnh=155&tbnw=201&start=15&ndsp=20&ved=1t:429,r:0,s:15" "Mozilla/5.0 (Macintosh; Intel Mac OS X 10_6_8) AppleWebKit/535.2 (KHTML, like Gecko) Chrome/15.0.874.121 Safari/535.2"
24.28.4.227 - - [29/Jan/2012:14:54:08 -0500] "GET /~techrat/vw_spotters/vw_beetle_r.jpg HTTP/1.1" 200 30774 "http://www.obsolyte.com/~techrat/vw_spotters/" "Mozilla/5.0 (Macintosh; Intel Mac OS X 10_6_8) AppleWebKit/535.2 (KHTML, like Gecko) Chrome/15.0.874.121 Safari/535.2"
24.28.4.227 - - [29/Jan/2012:14:54:09 -0500] "GET /~techrat/vw_spotters/vw_thing_r.jpg HTTP/1.1" 200 16248 "http://www.obsolyte.com/~techrat/vw_spotters/" "Mozilla/5.0 (Macintosh; Intel Mac OS X 10_6_8) AppleWebKit/535.2 (KHTML, like Gecko) Chrome/15.0.874.121 Safari/535.2"
24.28.4.227 - - [29/Jan/2012:14:54:09 -0500] "GET /~techrat/vw_spotters/vw_fast_f.jpg HTTP/1.1" 200 17997 "http://www.obsolyte.com/~techrat/vw_spotters/" "Mozilla/5.0 (Macintosh; Intel Mac OS X 10_6_8) AppleWebKit/535.2 (KHTML, like Gecko) Chrome/15.0.874.121 Safari/535.2"
24.28.4.227 - - [29/Jan/2012:14:54:09 -0500] "GET /~techrat/vw_spotters/vw_notch_f.jpg HTTP/1.1" 200 22171 "http://www.obsolyte.com/~techrat/vw_spotters/" "Mozilla/5.0 (Macintosh; Intel Mac OS X 10_6_8) AppleWebKit/535.2 (KHTML, like Gecko) Chrome/15.0.874.121 Safari/535.2"
24.28.4.227 - - [29/Jan/2012:14:54:09 -0500] "GET /~techrat/vw_spotters/vw_notch_r.jpg HTTP/1.1" 200 20478 "http://www.obsolyte.com/~techrat/vw_spotters/" "Mozilla/5.0 (Macintosh; Intel Mac OS X 10_6_8) AppleWebKit/535.2 (KHTML, like Gecko) Chrome/15.0.874.121 Safari/535.2"
24.28.4.227 - - [29/Jan/2012:14:54:09 -0500] "GET /~techrat/vw_spotters/vw_fast_r.jpg HTTP/1.1" 200 23628 "http://www.obsolyte.com/~techrat/vw_spotters/" "Mozilla/5.0 (Macintosh; Intel Mac OS X 10_6_8) AppleWebKit/535.2 (KHTML, like Gecko) Chrome/15.0.874.121 Safari/535.2"
24.28.4.227 - - [29/Jan/2012:14:54:09 -0500] "GET /~techrat/vw_spotters/vw_bus_f.jpg HTTP/1.1" 200 37505 "http://www.obsolyte.com/~techrat/vw_spotters/" "Mozilla/5.0 (Macintosh; Intel Mac OS X 10_6_8) AppleWebKit/535.2 (KHTML, like Gecko) Chrome/15.0.874.121 Safari/535.2"
24.28.4.227 - - [29/Jan/2012:14:54:09 -0500] "GET /~techrat/vw_spotters/vw_square_f.jpg HTTP/1.1" 200 18473 "http://www.obsolyte.com/~techrat/vw_spotters/" "Mozilla/5.0 (Macintosh; Intel Mac OS X 10_6_8) AppleWebKit/535.2 (KHTML, like Gecko) Chrome/15.0.874.121 Safari/535.2"
24.28.4.227 - - [29/Jan/2012:14:54:09 -0500] "GET /~techrat/vw_spotters/vw_412_f.jpg HTTP/1.1" 200 11806 "http://www.obsolyte.com/~techrat/vw_spotters/" "Mozilla/5.0 (Macintosh; Intel Mac OS X 10_6_8) AppleWebKit/535.2 (KHTML, like Gecko) Chrome/15.0.874.121 Safari/535.2"
24.28.4.227 - - [29/Jan/2012:14:54:09 -0500] "GET /~techrat/vw_spotters/vw_square_r.jpg HTTP/1.1" 200 26555 "http://www.obsolyte.com/~techrat/vw_spotters/" "Mozilla/5.0 (Macintosh; Intel Mac OS X 10_6_8) AppleWebKit/535.2 (KHTML, like Gecko) Chrome/15.0.874.121 Safari/535.2"
24.28.4.227 - - [29/Jan/2012:14:54:09 -0500] "GET /~techrat/vw_spotters/vw_412_cool.jpg HTTP/1.1" 200 15107 "http://www.obsolyte.com/~techrat/vw_spotters/" "Mozilla/5.0 (Macintosh; Intel Mac OS X 10_6_8) AppleWebKit/535.2 (KHTML, like Gecko) Chrome/15.0.874.121 Safari/535.2"
24.28.4.227 - - [29/Jan/2012:14:54:09 -0500] "GET /~techrat/vw_spotters/vw_411_wagen_f.jpg HTTP/1.1" 200 15909 "http://www.obsolyte.com/~techrat/vw_spotters/" "Mozilla/5.0 (Macintosh; Intel Mac OS X 10_6_8) AppleWebKit/535.2 (KHTML, like Gecko) Chrome/15.0.874.121 Safari/535.2"
24.28.4.227 - - [29/Jan/2012:14:54:09 -0500] "GET /~techrat/vw_spotters/vw_411_f.jpg HTTP/1.1" 200 22814 "http://www.obsolyte.com/~techrat/vw_spotters/" "Mozilla/5.0 (Macintosh; Intel Mac OS X 10_6_8) AppleWebKit/535.2 (KHTML, like Gecko) Chrome/15.0.874.121 Safari/535.2"
94.50.98.236 - - [29/Jan/2012:14:54:10 -0500] "GET /~techrat/ratrod/2.jpg HTTP/1.1" 200 1405920 "http://interiorferraricar.blogspot.com/2011/07/1957-chevy-bel-air-convertible.html" "Mozilla/5.0 (Windows NT 6.1) AppleWebKit/535.7 (KHTML, like Gecko) Chrome/16.0.912.77 Safari/535.7"
200.150.82.106 - - [29/Jan/2012:14:55:31 -0500] "GET /~techrat/ratrod/ HTTP/1.0" 200 11301 "http://www.google.com.br/imgres?q=old+beetle+rat+rod&hl=pt-BR&biw=1024&bih=677&tbm=isch&tbnid=z-5tdsLTakMLCM:&imgrefurl=http://www.obsolyte.com/~techrat/ratrod/&docid=Vt4gzx7BzTSk5M&imgurl=http://www.obsolyte.com/~techrat/ratrod/7.jpg&w=1565&h=1037&ei=unglT_vOIMffggeeo5nuCA&zoom=1" "Mozilla/5.0 (Windows NT 5.1) AppleWebKit/535.7 (KHTML, like Gecko) Chrome/16.0.912.77 Safari/535.7"
200.150.82.106 - - [29/Jan/2012:14:55:34 -0500] "GET /~techrat/ratrod/1_tb.jpg HTTP/1.0" 200 49030 "http://www.obsolyte.com/~techrat/ratrod/" "Mozilla/5.0 (Windows NT 5.1) AppleWebKit/535.7 (KHTML, like Gecko) Chrome/16.0.912.77 Safari/535.7"
200.150.82.106 - - [29/Jan/2012:14:55:34 -0500] "GET /~techrat/ratrod/2_tb.jpg HTTP/1.0" 200 45481 "http://www.obsolyte.com/~techrat/ratrod/" "Mozilla/5.0 (Windows NT 5.1) AppleWebKit/535.7 (KHTML, like Gecko) Chrome/16.0.912.77 Safari/535.7"
200.150.82.106 - - [29/Jan/2012:14:55:34 -0500] "GET /~techrat/ratrod/4_tb.jpg HTTP/1.0" 200 40798 "http://www.obsolyte.com/~techrat/ratrod/" "Mozilla/5.0 (Windows NT 5.1) AppleWebKit/535.7 (KHTML, like Gecko) Chrome/16.0.912.77 Safari/535.7"
200.150.82.106 - - [29/Jan/2012:14:55:34 -0500] "GET /~techrat/ratrod/3_tb.jpg HTTP/1.0" 200 38977 "http://www.obsolyte.com/~techrat/ratrod/" "Mozilla/5.0 (Windows NT 5.1) AppleWebKit/535.7 (KHTML, like Gecko) Chrome/16.0.912.77 Safari/535.7"
200.150.82.106 - - [29/Jan/2012:14:55:36 -0500] "GET /~techrat/ratrod/5b_tb.jpg HTTP/1.0" 200 36406 "http://www.obsolyte.com/~techrat/ratrod/" "Mozilla/5.0 (Windows NT 5.1) AppleWebKit/535.7 (KHTML, like Gecko) Chrome/16.0.912.77 Safari/535.7"
200.150.82.106 - - [29/Jan/2012:14:55:37 -0500] "GET /~techrat/ratrod/6_tb.jpg HTTP/1.0" 200 36928 "http://www.obsolyte.com/~techrat/ratrod/" "Mozilla/5.0 (Windows NT 5.1) AppleWebKit/535.7 (KHTML, like Gecko) Chrome/16.0.912.77 Safari/535.7"
200.150.82.106 - - [29/Jan/2012:14:55:37 -0500] "GET /~techrat/ratrod/7_tb.jpg HTTP/1.0" 200 31105 "http://www.obsolyte.com/~techrat/ratrod/" "Mozilla/5.0 (Windows NT 5.1) AppleWebKit/535.7 (KHTML, like Gecko) Chrome/16.0.912.77 Safari/535.7"
200.150.82.106 - - [29/Jan/2012:14:55:37 -0500] "GET /~techrat/ratrod/5_tb.jpg HTTP/1.0" 200 32974 "http://www.obsolyte.com/~techrat/ratrod/" "Mozilla/5.0 (Windows NT 5.1) AppleWebKit/535.7 (KHTML, like Gecko) Chrome/16.0.912.77 Safari/535.7"
200.150.82.106 - - [29/Jan/2012:14:55:38 -0500] "GET /~techrat/ratrod/8_tb.jpg HTTP/1.0" 200 37858 "http://www.obsolyte.com/~techrat/ratrod/" "Mozilla/5.0 (Windows NT 5.1) AppleWebKit/535.7 (KHTML, like Gecko) Chrome/16.0.912.77 Safari/535.7"
200.150.82.106 - - [29/Jan/2012:14:55:38 -0500] "GET /~techrat/ratrod/9_tb.jpg HTTP/1.0" 200 35648 "http://www.obsolyte.com/~techrat/ratrod/" "Mozilla/5.0 (Windows NT 5.1) AppleWebKit/535.7 (KHTML, like Gecko) Chrome/16.0.912.77 Safari/535.7"
200.150.82.106 - - [29/Jan/2012:14:55:47 -0500] "GET /~techrat/ratrod/7.jpg HTTP/1.0" 200 1274009 "http://www.google.com.br/imgres?q=old+beetle+rat+rod&hl=pt-BR&biw=1024&bih=677&tbm=isch&tbnid=z-5tdsLTakMLCM:&imgrefurl=http://www.obsolyte.com/~techrat/ratrod/&docid=Vt4gzx7BzTSk5M&imgurl=http://www.obsolyte.com/~techrat/ratrod/7.jpg&w=1565&h=1037&ei=unglT_vOIMffggeeo5nuCA&zoom=1" "Mozilla/5.0 (Windows NT 5.1) AppleWebKit/535.7 (KHTML, like Gecko) Chrome/16.0.912.77 Safari/535.7"
200.150.82.106 - - [29/Jan/2012:14:56:00 -0500] "GET /favicon.ico HTTP/1.0" 200 318 "-" "Mozilla/5.0 (Windows NT 5.1) AppleWebKit/535.7 (KHTML, like Gecko) Chrome/16.0.912.77 Safari/535.7"
109.230.213.188 - - [29/Jan/2012:14:56:15 -0500] "GET /faq/ HTTP/1.0" 200 11077 "http://www.obsolyte.com/faq/" "Opera/8.01 (Windows NT 5.1)"
46.249.162.211 - - [29/Jan/2012:14:57:15 -0500] "GET /logs/access_log.3 HTTP/1.0" 200 1001960 "http://www.obsolyte.com/logs/access_log.3" "Mozilla/4.7 (compatible; OffByOne; Windows 2000) Webster Pro V3.4"
199.21.99.68 - - [29/Jan/2012:14:59:09 -0500] "GET /sunFAQ/sparc_compare.txt HTTP/1.1" 200 9096 "-" "Mozilla/5.0 (compatible; YandexBot/3.0; +http://yandex.com/bots)"
208.115.111.74 - - [29/Jan/2012:15:00:34 -0500] "GET /%7Estrabal/lucypics/bio2.html HTTP/1.1" 200 5996 "-" "Mozilla/5.0 (compatible; Ezooms/1.0; ezooms.bot@gmail.com)"
207.46.204.234 - - [29/Jan/2012:15:02:04 -0500] "GET /robots.txt HTTP/1.1" 404 286 "-" "Mozilla/5.0 (compatible; bingbot/2.0; +http://www.bing.com/bingbot.htm)"
218.186.8.13 - - [29/Jan/2012:15:02:29 -0500] "GET /next/next_slab.gif HTTP/1.1" 200 41328 "http://www.google.com.sg/search?q=next+computer&hl=en&client=safari&tbo=d&source=lnms&tbm=isch&ei=YXslT42rPIfJrQfRv-W6CA&sa=X&oi=mode_link&ct=mode&cd=2&ved=0CAkQ_AUoAQ&biw=768&bih=928" "Mozilla/5.0 (iPad; CPU OS 5_0_1 like Mac OS X) AppleWebKit/534.46 (KHTML, like Gecko) Version/5.1 Mobile/9A405 Safari/7534.48.3"
92.234.130.203 - - [29/Jan/2012:15:07:46 -0500] "GET /dec/multia/ HTTP/1.1" 200 10529 "http://www.google.co.uk/url?sa=t&rct=j&q=DEC+MULTIA&source=web&cd=1&ved=0CCUQFjAA&url=http%3A%2F%2Fwww.obsolyte.com%2Fdec%2Fmultia%2F&ei=6nwlT5DAOqm-0QWsxazOCg&usg=AFQjCNG8uauD2gyjwsUh3EIs2EcKwuv0qQ" "Mozilla/4.0 (compatible; MSIE 8.0; Windows NT 5.1; Trident/4.0; .NET CLR 2.0.50727; .NET CLR 3.0.4506.2152; .NET CLR 1.1.4322; InfoPath.2; .NET CLR 3.5.30729; BOIE8;ENGB)"
92.234.130.203 - - [29/Jan/2012:15:07:47 -0500] "GET /dec/multia/multia2.jpg HTTP/1.1" 200 9340 "http://www.obsolyte.com/dec/multia/" "Mozilla/4.0 (compatible; MSIE 8.0; Windows NT 5.1; Trident/4.0; .NET CLR 2.0.50727; .NET CLR 3.0.4506.2152; .NET CLR 1.1.4322; InfoPath.2; .NET CLR 3.5.30729; BOIE8;ENGB)"
92.234.130.203 - - [29/Jan/2012:15:07:47 -0500] "GET /dec/multia/multia.gif HTTP/1.1" 200 38340 "http://www.obsolyte.com/dec/multia/" "Mozilla/4.0 (compatible; MSIE 8.0; Windows NT 5.1; Trident/4.0; .NET CLR 2.0.50727; .NET CLR 3.0.4506.2152; .NET CLR 1.1.4322; InfoPath.2; .NET CLR 3.5.30729; BOIE8;ENGB)"
92.234.130.203 - - [29/Jan/2012:15:07:47 -0500] "GET /dec/multia/multia_intel.jpg HTTP/1.1" 200 8030 "http://www.obsolyte.com/dec/multia/" "Mozilla/4.0 (compatible; MSIE 8.0; Windows NT 5.1; Trident/4.0; .NET CLR 2.0.50727; .NET CLR 3.0.4506.2152; .NET CLR 1.1.4322; InfoPath.2; .NET CLR 3.5.30729; BOIE8;ENGB)"
92.234.130.203 - - [29/Jan/2012:15:07:47 -0500] "GET /dec/multia/multia_mb.jpg HTTP/1.1" 200 26298 "http://www.obsolyte.com/dec/multia/" "Mozilla/4.0 (compatible; MSIE 8.0; Windows NT 5.1; Trident/4.0; .NET CLR 2.0.50727; .NET CLR 3.0.4506.2152; .NET CLR 1.1.4322; InfoPath.2; .NET CLR 3.5.30729; BOIE8;ENGB)"
92.234.130.203 - - [29/Jan/2012:15:07:48 -0500] "GET /dec/multia/mutlia_cpu.jpg HTTP/1.1" 200 17254 "http://www.obsolyte.com/dec/multia/" "Mozilla/4.0 (compatible; MSIE 8.0; Windows NT 5.1; Trident/4.0; .NET CLR 2.0.50727; .NET CLR 3.0.4506.2152; .NET CLR 1.1.4322; InfoPath.2; .NET CLR 3.5.30729; BOIE8;ENGB)"
92.234.130.203 - - [29/Jan/2012:15:07:48 -0500] "GET /dec/multia/pdf.gif HTTP/1.1" 200 390 "http://www.obsolyte.com/dec/multia/" "Mozilla/4.0 (compatible; MSIE 8.0; Windows NT 5.1; Trident/4.0; .NET CLR 2.0.50727; .NET CLR 3.0.4506.2152; .NET CLR 1.1.4322; InfoPath.2; .NET CLR 3.5.30729; BOIE8;ENGB)"
