108.56.233.12 - - [29/Jan/2012:18:27:27 -0500] "GET /sun_ipc/ HTTP/1.1" 200 9825 "http://www.google.com/imgres?um=1&hl=en&sa=N&biw=1575&bih=1072&authuser=0&tbm=isch&tbnid=ap2JZ4GaagcJZM:&imgrefurl=http://www.obsolyte.com/sun_ipc/&docid=-SUDI-tjJa81yM&imgurl=http://www.obsolyte.com/sun_ipc/ipc_open.jpg&w=202&h=249&ei=tKslT7C3A6fZ0QGA7cDyDg&zoom=1&iact=rc&dur=139&sig=115578459925182648508&page=1&tbnh=114&tbnw=91&start=0&ndsp=48&ved=1t:429,r:6,s:0&tx=18&ty=45" "Mozilla/5.0 (Macintosh; Intel Mac OS X 10_7_2) AppleWebKit/535.7 (KHTML, like Gecko) Chrome/16.0.912.75 Safari/535.7"
108.56.233.12 - - [29/Jan/2012:18:27:27 -0500] "GET /sun_ipc/ipc_open.jpg HTTP/1.1" 200 19067 "http://www.google.com/imgres?um=1&hl=en&sa=N&biw=1575&bih=1072&authuser=0&tbm=isch&tbnid=ap2JZ4GaagcJZM:&imgrefurl=http://www.obsolyte.com/sun_ipc/&docid=-SUDI-tjJa81yM&imgurl=http://www.obsolyte.com/sun_ipc/ipc_open.jpg&w=202&h=249&ei=tKslT7C3A6fZ0QGA7cDyDg&zoom=1&iact=rc&dur=139&sig=115578459925182648508&page=1&tbnh=114&tbnw=91&start=0&ndsp=48&ved=1t:429,r:6,s:0&tx=18&ty=45" "Mozilla/5.0 (Macintosh; Intel Mac OS X 10_7_2) AppleWebKit/535.7 (KHTML, like Gecko) Chrome/16.0.912.75 Safari/535.7"
108.56.233.12 - - [29/Jan/2012:18:27:27 -0500] "GET /sun_ipc/ipc_lit.jpg HTTP/1.1" 200 8561 "http://www.obsolyte.com/sun_ipc/" "Mozilla/5.0 (Macintosh; Intel Mac OS X 10_7_2) AppleWebKit/535.7 (KHTML, like Gecko) Chrome/16.0.912.75 Safari/535.7"
108.56.233.12 - - [29/Jan/2012:18:27:27 -0500] "GET /sun_ipc/IPC_led.jpg HTTP/1.1" 200 2197 "http://www.obsolyte.com/sun_ipc/" "Mozilla/5.0 (Macintosh; Intel Mac OS X 10_7_2) AppleWebKit/535.7 (KHTML, like Gecko) Chrome/16.0.912.75 Safari/535.7"
108.56.233.12 - - [29/Jan/2012:18:27:27 -0500] "GET /sun_ipc/sun4_40.gif HTTP/1.1" 200 6192 "http://www.obsolyte.com/sun_ipc/" "Mozilla/5.0 (Macintosh; Intel Mac OS X 10_7_2) AppleWebKit/535.7 (KHTML, like Gecko) Chrome/16.0.912.75 Safari/535.7"
108.56.233.12 - - [29/Jan/2012:18:27:27 -0500] "GET /sun_ipc/ipc_fan.jpg HTTP/1.1" 200 17604 "http://www.obsolyte.com/sun_ipc/" "Mozilla/5.0 (Macintosh; Intel Mac OS X 10_7_2) AppleWebKit/535.7 (KHTML, like Gecko) Chrome/16.0.912.75 Safari/535.7"
75.73.104.94 - - [29/Jan/2012:18:27:28 -0500] "GET /images/paper.gif HTTP/1.1" 200 1593 "http://www.obsolyte.com/" "Mozilla/5.0 (Linux; U; Android 2.2.2; en-us; LS670 Build/FRG83G) AppleWebKit/533.1 (KHTML, like Gecko) Version/4.0 Mobile Safari/533.1"
75.73.104.94 - - [29/Jan/2012:18:27:28 -0500] "GET /images/title4.gif HTTP/1.1" 200 4678 "http://www.obsolyte.com/" "Mozilla/5.0 (Linux; U; Android 2.2.2; en-us; LS670 Build/FRG83G) AppleWebKit/533.1 (KHTML, like Gecko) Version/4.0 Mobile Safari/533.1"
75.73.104.94 - - [29/Jan/2012:18:27:28 -0500] "GET /images/sun_logo.gif HTTP/1.1" 200 1477 "http://www.obsolyte.com/" "Mozilla/5.0 (Linux; U; Android 2.2.2; en-us; LS670 Build/FRG83G) AppleWebKit/533.1 (KHTML, like Gecko) Version/4.0 Mobile Safari/533.1"
75.73.104.94 - - [29/Jan/2012:18:27:28 -0500] "GET /images/sgi_logo.gif HTTP/1.1" 200 2157 "http://www.obsolyte.com/" "Mozilla/5.0 (Linux; U; Android 2.2.2; en-us; LS670 Build/FRG83G) AppleWebKit/533.1 (KHTML, like Gecko) Version/4.0 Mobile Safari/533.1"
75.73.104.94 - - [29/Jan/2012:18:27:28 -0500] "GET /images/next_logo.gif HTTP/1.1" 200 1864 "http://www.obsolyte.com/" "Mozilla/5.0 (Linux; U; Android 2.2.2; en-us; LS670 Build/FRG83G) AppleWebKit/533.1 (KHTML, like Gecko) Version/4.0 Mobile Safari/533.1"
75.73.104.94 - - [29/Jan/2012:18:27:28 -0500] "GET /images/ipx_grain2.jpg HTTP/1.1" 200 15083 "http://www.obsolyte.com/" "Mozilla/5.0 (Linux; U; Android 2.2.2; en-us; LS670 Build/FRG83G) AppleWebKit/533.1 (KHTML, like Gecko) Version/4.0 Mobile Safari/533.1"
75.73.104.94 - - [29/Jan/2012:18:27:28 -0500] "GET /images/digital_logo.gif HTTP/1.1" 200 1057 "http://www.obsolyte.com/" "Mozilla/5.0 (Linux; U; Android 2.2.2; en-us; LS670 Build/FRG83G) AppleWebKit/533.1 (KHTML, like Gecko) Version/4.0 Mobile Safari/533.1"
75.73.104.94 - - [29/Jan/2012:18:27:31 -0500] "GET /favicon.ico HTTP/1.1" 200 318 "http://www.obsolyte.com/" "Mozilla/5.0 (Linux; U; Android 2.2.2; en-us; LS670 Build/FRG83G) AppleWebKit/533.1 (KHTML, like Gecko) Version/4.0 Mobile Safari/533.1"
108.56.233.12 - - [29/Jan/2012:18:27:33 -0500] "GET /favicon.ico HTTP/1.1" 200 318 "-" "Mozilla/5.0 (Macintosh; Intel Mac OS X 10_7_2) AppleWebKit/535.7 (KHTML, like Gecko) Chrome/16.0.912.75 Safari/535.7"
200.36.161.176 - - [29/Jan/2012:18:27:37 -0500] "GET / HTTP/1.1" 200 10308 "-" "Nokia2630/2.0 (04.20) Profile/MIDP-2.1 Configuration/CLDC-1.1 UP.Link/6.3.0.0.0"
75.73.104.94 - - [29/Jan/2012:18:27:50 -0500] "GET /sun_lx/ HTTP/1.1" 200 6271 "http://www.obsolyte.com/" "Mozilla/5.0 (Linux; U; Android 2.2.2; en-us; LS670 Build/FRG83G) AppleWebKit/533.1 (KHTML, like Gecko) Version/4.0 Mobile Safari/533.1"
75.73.104.94 - - [29/Jan/2012:18:27:50 -0500] "GET /sun_lx/lx_front.jpg HTTP/1.1" 200 10230 "http://www.obsolyte.com/sun_lx/" "Mozilla/5.0 (Linux; U; Android 2.2.2; en-us; LS670 Build/FRG83G) AppleWebKit/533.1 (KHTML, like Gecko) Version/4.0 Mobile Safari/533.1"
75.73.104.94 - - [29/Jan/2012:18:27:50 -0500] "GET /sun_lx/lx_bottom.jpg HTTP/1.1" 200 13297 "http://www.obsolyte.com/sun_lx/" "Mozilla/5.0 (Linux; U; Android 2.2.2; en-us; LS670 Build/FRG83G) AppleWebKit/533.1 (KHTML, like Gecko) Version/4.0 Mobile Safari/533.1"
75.73.104.94 - - [29/Jan/2012:18:27:50 -0500] "GET /sun_lx/lx_rear.jpg HTTP/1.1" 200 24353 "http://www.obsolyte.com/sun_lx/" "Mozilla/5.0 (Linux; U; Android 2.2.2; en-us; LS670 Build/FRG83G) AppleWebKit/533.1 (KHTML, like Gecko) Version/4.0 Mobile Safari/533.1"
75.73.104.94 - - [29/Jan/2012:18:27:50 -0500] "GET /sun_lx/00pdficon.gif HTTP/1.1" 200 500 "http://www.obsolyte.com/sun_lx/" "Mozilla/5.0 (Linux; U; Android 2.2.2; en-us; LS670 Build/FRG83G) AppleWebKit/533.1 (KHTML, like Gecko) Version/4.0 Mobile Safari/533.1"
75.73.104.94 - - [29/Jan/2012:18:27:50 -0500] "GET /sun_lx/lx_mb.jpg HTTP/1.1" 200 53874 "http://www.obsolyte.com/sun_lx/" "Mozilla/5.0 (Linux; U; Android 2.2.2; en-us; LS670 Build/FRG83G) AppleWebKit/533.1 (KHTML, like Gecko) Version/4.0 Mobile Safari/533.1"
75.73.104.94 - - [29/Jan/2012:18:27:51 -0500] "GET /sun_lx/lx_mb.gif HTTP/1.1" 200 6581 "http://www.obsolyte.com/sun_lx/" "Mozilla/5.0 (Linux; U; Android 2.2.2; en-us; LS670 Build/FRG83G) AppleWebKit/533.1 (KHTML, like Gecko) Version/4.0 Mobile Safari/533.1"
75.73.104.94 - - [29/Jan/2012:18:27:51 -0500] "GET /sun_lx/lx_videosimm.jpg HTTP/1.1" 200 20106 "http://www.obsolyte.com/sun_lx/" "Mozilla/5.0 (Linux; U; Android 2.2.2; en-us; LS670 Build/FRG83G) AppleWebKit/533.1 (KHTML, like Gecko) Version/4.0 Mobile Safari/533.1"
75.73.104.94 - - [29/Jan/2012:18:27:51 -0500] "GET /sun_lx/lx_open.jpg HTTP/1.1" 200 28482 "http://www.obsolyte.com/sun_lx/" "Mozilla/5.0 (Linux; U; Android 2.2.2; en-us; LS670 Build/FRG83G) AppleWebKit/533.1 (KHTML, like Gecko) Version/4.0 Mobile Safari/533.1"
188.233.6.248 - - [29/Jan/2012:18:27:53 -0500] "GET /logs/access_log.2 HTTP/1.1" 200 2344416 "-" "-"
180.76.5.139 - - [29/Jan/2012:18:27:59 -0500] "GET / HTTP/1.1" 200 10308 "-" "Mozilla/5.0 (compatible; Baiduspider/2.0; +http://www.baidu.com/search/spider.html)"
200.36.161.176 - - [29/Jan/2012:18:28:20 -0500] "GET / HTTP/1.1" 200 10308 "-" "Nokia2630/2.0 (04.20) Profile/MIDP-2.1 Configuration/CLDC-1.1 UP.Link/6.3.0.0.0"
97.92.4.130 - - [29/Jan/2012:18:28:35 -0500] "GET /personal/vanagon_2.jpg HTTP/1.1" 200 71571 "http://www.google.com/search?hl=en&tbo=d&gbv=2&biw=1024&bih=672&tbm=isch&sa=1&q=vw+vanagon+interior&oq=vw+vanagon+i&aq=0&aqi=g1g-S1&aql=&gs_sm=c&gs_upl=21335l21860l0l23175l2l2l0l0l0l0l179l289l0.2l2l0" "Mozilla/5.0 (iPad; CPU OS 5_0_1 like Mac OS X) AppleWebKit/534.46 (KHTML, like Gecko) Version/5.1 Mobile/9A405 Safari/7534.48.3"
108.56.233.12 - - [29/Jan/2012:18:28:58 -0500] "GET /sunFAQ/faq_nvram.html HTTP/1.1" 200 69181 "http://www.obsolyte.com/sun_ipc/" "Mozilla/5.0 (Macintosh; Intel Mac OS X 10_7_2) AppleWebKit/535.7 (KHTML, like Gecko) Chrome/16.0.912.75 Safari/535.7"
108.56.233.12 - - [29/Jan/2012:18:28:58 -0500] "GET /sunFAQ/sun-nvram.gif HTTP/1.1" 200 23578 "http://www.obsolyte.com/sunFAQ/faq_nvram.html" "Mozilla/5.0 (Macintosh; Intel Mac OS X 10_7_2) AppleWebKit/535.7 (KHTML, like Gecko) Chrome/16.0.912.75 Safari/535.7"
200.36.161.176 - - [29/Jan/2012:18:29:00 -0500] "GET / HTTP/1.1" 200 10308 "-" "Nokia2630/2.0 (04.20) Profile/MIDP-2.1 Configuration/CLDC-1.1 UP.Link/6.3.0.0.0"
199.21.99.68 - - [29/Jan/2012:18:29:50 -0500] "GET /sun_ss10/ss10_feh.pdf HTTP/1.1" 200 2433547 "-" "Mozilla/5.0 (compatible; YandexBot/3.0; +http://yandex.com/bots)"
210.109.103.198 - - [29/Jan/2012:18:29:55 -0500] "GET /logs/access_log.4/zboard.php HTTP/1.1" 404 304 "-" "Mozilla/4.0 (compatible; MSIE 6.0; Windows NT 5.2; SV1; .NET CLR 1.1.4322)"
210.109.103.198 - - [29/Jan/2012:18:29:56 -0500] "GET /zboard.php HTTP/1.1" 404 286 "-" "Mozilla/4.0 (compatible; MSIE 6.0; Windows NT 5.2; SV1; .NET CLR 1.1.4322)"
210.109.103.198 - - [29/Jan/2012:18:29:57 -0500] "GET /logs/zboard.php HTTP/1.1" 404 291 "-" "Mozilla/4.0 (compatible; MSIE 6.0; Windows NT 5.2; SV1; .NET CLR 1.1.4322)"
67.242.125.81 - - [29/Jan/2012:18:31:29 -0500] "GET / HTTP/1.1" 200 10308 "http://www.google.com/url?sa=t&rct=j&q=&esrc=s&source=web&cd=2&ved=0CEsQFjAB&url=http%3A%2F%2Fwww.obsolyte.com%2F&ei=o6wlT8zADKTs0gHHvM2HCQ&usg=AFQjCNGKKUn4hISMj7ZbtXXeImtyYMoHIQ" "Mozilla/5.0 (Windows NT 6.1; WOW64; rv:9.0.1) Gecko/20100101 Firefox/9.0.1"
67.242.125.81 - - [29/Jan/2012:18:31:29 -0500] "GET /images/paper.gif HTTP/1.1" 200 1593 "http://www.obsolyte.com/" "Mozilla/5.0 (Windows NT 6.1; WOW64; rv:9.0.1) Gecko/20100101 Firefox/9.0.1"
67.242.125.81 - - [29/Jan/2012:18:31:29 -0500] "GET /images/title4.gif HTTP/1.1" 200 4678 "http://www.obsolyte.com/" "Mozilla/5.0 (Windows NT 6.1; WOW64; rv:9.0.1) Gecko/20100101 Firefox/9.0.1"
67.242.125.81 - - [29/Jan/2012:18:31:29 -0500] "GET /favicon.gif HTTP/1.1" 200 887 "-" "Mozilla/5.0 (Windows NT 6.1; WOW64; rv:9.0.1) Gecko/20100101 Firefox/9.0.1"
67.242.125.81 - - [29/Jan/2012:18:31:29 -0500] "GET /favicon.ico HTTP/1.1" 200 318 "-" "Mozilla/5.0 (Windows NT 6.1; WOW64; rv:9.0.1) Gecko/20100101 Firefox/9.0.1"
67.242.125.81 - - [29/Jan/2012:18:31:29 -0500] "GET /images/sun_logo.gif HTTP/1.1" 200 1477 "http://www.obsolyte.com/" "Mozilla/5.0 (Windows NT 6.1; WOW64; rv:9.0.1) Gecko/20100101 Firefox/9.0.1"
67.242.125.81 - - [29/Jan/2012:18:31:29 -0500] "GET /images/sgi_logo.gif HTTP/1.1" 200 2157 "http://www.obsolyte.com/" "Mozilla/5.0 (Windows NT 6.1; WOW64; rv:9.0.1) Gecko/20100101 Firefox/9.0.1"
67.242.125.81 - - [29/Jan/2012:18:31:29 -0500] "GET /images/ipx_grain2.jpg HTTP/1.1" 200 15083 "http://www.obsolyte.com/" "Mozilla/5.0 (Windows NT 6.1; WOW64; rv:9.0.1) Gecko/20100101 Firefox/9.0.1"
67.242.125.81 - - [29/Jan/2012:18:31:29 -0500] "GET /images/digital_logo.gif HTTP/1.1" 200 1057 "http://www.obsolyte.com/" "Mozilla/5.0 (Windows NT 6.1; WOW64; rv:9.0.1) Gecko/20100101 Firefox/9.0.1"
67.242.125.81 - - [29/Jan/2012:18:31:29 -0500] "GET /images/next_logo.gif HTTP/1.1" 200 1864 "http://www.obsolyte.com/" "Mozilla/5.0 (Windows NT 6.1; WOW64; rv:9.0.1) Gecko/20100101 Firefox/9.0.1"
75.73.104.94 - - [29/Jan/2012:18:32:10 -0500] "GET /sun_ipx/ HTTP/1.1" 200 11586 "http://www.obsolyte.com/" "Mozilla/5.0 (Linux; U; Android 2.2.2; en-us; LS670 Build/FRG83G) AppleWebKit/533.1 (KHTML, like Gecko) Version/4.0 Mobile Safari/533.1"
75.73.104.94 - - [29/Jan/2012:18:32:11 -0500] "GET /sun_ipx/ipx_portrait.jpg HTTP/1.1" 200 17137 "http://www.obsolyte.com/sun_ipx/" "Mozilla/5.0 (Linux; U; Android 2.2.2; en-us; LS670 Build/FRG83G) AppleWebKit/533.1 (KHTML, like Gecko) Version/4.0 Mobile Safari/533.1"
75.73.104.94 - - [29/Jan/2012:18:32:11 -0500] "GET /sun_ipx/ipx_pup.jpg HTTP/1.1" 200 17885 "http://www.obsolyte.com/sun_ipx/" "Mozilla/5.0 (Linux; U; Android 2.2.2; en-us; LS670 Build/FRG83G) AppleWebKit/533.1 (KHTML, like Gecko) Version/4.0 Mobile Safari/533.1"
75.73.104.94 - - [29/Jan/2012:18:32:11 -0500] "GET /sun_ipx/sun4_50.gif HTTP/1.1" 200 5214 "http://www.obsolyte.com/sun_ipx/" "Mozilla/5.0 (Linux; U; Android 2.2.2; en-us; LS670 Build/FRG83G) AppleWebKit/533.1 (KHTML, like Gecko) Version/4.0 Mobile Safari/533.1"
75.73.104.94 - - [29/Jan/2012:18:32:11 -0500] "GET /sun_ipx/ipx_cat.jpg HTTP/1.1" 200 22458 "http://www.obsolyte.com/sun_ipx/" "Mozilla/5.0 (Linux; U; Android 2.2.2; en-us; LS670 Build/FRG83G) AppleWebKit/533.1 (KHTML, like Gecko) Version/4.0 Mobile Safari/533.1"
75.73.104.94 - - [29/Jan/2012:18:32:11 -0500] "GET /sun_ipx/ipx_guts.jpg HTTP/1.1" 200 33096 "http://www.obsolyte.com/sun_ipx/" "Mozilla/5.0 (Linux; U; Android 2.2.2; en-us; LS670 Build/FRG83G) AppleWebKit/533.1 (KHTML, like Gecko) Version/4.0 Mobile Safari/533.1"
75.73.104.94 - - [29/Jan/2012:18:32:37 -0500] "GET /sun_ipx/ulti_fan_hack/ HTTP/1.1" 200 12402 "http://www.obsolyte.com/sun_ipx/" "Mozilla/5.0 (Linux; U; Android 2.2.2; en-us; LS670 Build/FRG83G) AppleWebKit/533.1 (KHTML, like Gecko) Version/4.0 Mobile Safari/533.1"
75.73.104.94 - - [29/Jan/2012:18:32:39 -0500] "GET /sun_ipx/ulti_fan_hack/01.jpg HTTP/1.1" 200 17318 "http://www.obsolyte.com/sun_ipx/ulti_fan_hack/" "Mozilla/5.0 (Linux; U; Android 2.2.2; en-us; LS670 Build/FRG83G) AppleWebKit/533.1 (KHTML, like Gecko) Version/4.0 Mobile Safari/533.1"
75.73.104.94 - - [29/Jan/2012:18:32:39 -0500] "GET /sun_ipx/ulti_fan_hack/02.jpg HTTP/1.1" 200 8502 "http://www.obsolyte.com/sun_ipx/ulti_fan_hack/" "Mozilla/5.0 (Linux; U; Android 2.2.2; en-us; LS670 Build/FRG83G) AppleWebKit/533.1 (KHTML, like Gecko) Version/4.0 Mobile Safari/533.1"
75.73.104.94 - - [29/Jan/2012:18:32:39 -0500] "GET /sun_ipx/ulti_fan_hack/03.jpg HTTP/1.1" 200 13594 "http://www.obsolyte.com/sun_ipx/ulti_fan_hack/" "Mozilla/5.0 (Linux; U; Android 2.2.2; en-us; LS670 Build/FRG83G) AppleWebKit/533.1 (KHTML, like Gecko) Version/4.0 Mobile Safari/533.1"
75.73.104.94 - - [29/Jan/2012:18:32:39 -0500] "GET /sun_ipx/ulti_fan_hack/05.jpg HTTP/1.1" 200 15922 "http://www.obsolyte.com/sun_ipx/ulti_fan_hack/" "Mozilla/5.0 (Linux; U; Android 2.2.2; en-us; LS670 Build/FRG83G) AppleWebKit/533.1 (KHTML, like Gecko) Version/4.0 Mobile Safari/533.1"
75.73.104.94 - - [29/Jan/2012:18:32:39 -0500] "GET /sun_ipx/ulti_fan_hack/04.jpg HTTP/1.1" 200 13223 "http://www.obsolyte.com/sun_ipx/ulti_fan_hack/" "Mozilla/5.0 (Linux; U; Android 2.2.2; en-us; LS670 Build/FRG83G) AppleWebKit/533.1 (KHTML, like Gecko) Version/4.0 Mobile Safari/533.1"
75.73.104.94 - - [29/Jan/2012:18:32:40 -0500] "GET /sun_ipx/ulti_fan_hack/06.jpg HTTP/1.1" 200 12179 "http://www.obsolyte.com/sun_ipx/ulti_fan_hack/" "Mozilla/5.0 (Linux; U; Android 2.2.2; en-us; LS670 Build/FRG83G) AppleWebKit/533.1 (KHTML, like Gecko) Version/4.0 Mobile Safari/533.1"
75.73.104.94 - - [29/Jan/2012:18:32:40 -0500] "GET /sun_ipx/ulti_fan_hack/07.jpg HTTP/1.1" 200 19161 "http://www.obsolyte.com/sun_ipx/ulti_fan_hack/" "Mozilla/5.0 (Linux; U; Android 2.2.2; en-us; LS670 Build/FRG83G) AppleWebKit/533.1 (KHTML, like Gecko) Version/4.0 Mobile Safari/533.1"
75.73.104.94 - - [29/Jan/2012:18:32:40 -0500] "GET /sun_ipx/ulti_fan_hack/09.jpg HTTP/1.1" 200 19680 "http://www.obsolyte.com/sun_ipx/ulti_fan_hack/" "Mozilla/5.0 (Linux; U; Android 2.2.2; en-us; LS670 Build/FRG83G) AppleWebKit/533.1 (KHTML, like Gecko) Version/4.0 Mobile Safari/533.1"
75.73.104.94 - - [29/Jan/2012:18:32:40 -0500] "GET /sun_ipx/ulti_fan_hack/11.jpg HTTP/1.1" 200 11115 "http://www.obsolyte.com/sun_ipx/ulti_fan_hack/" "Mozilla/5.0 (Linux; U; Android 2.2.2; en-us; LS670 Build/FRG83G) AppleWebKit/533.1 (KHTML, like Gecko) Version/4.0 Mobile Safari/533.1"
75.73.104.94 - - [29/Jan/2012:18:32:40 -0500] "GET /sun_ipx/ulti_fan_hack/08.jpg HTTP/1.1" 200 19864 "http://www.obsolyte.com/sun_ipx/ulti_fan_hack/" "Mozilla/5.0 (Linux; U; Android 2.2.2; en-us; LS670 Build/FRG83G) AppleWebKit/533.1 (KHTML, like Gecko) Version/4.0 Mobile Safari/533.1"
75.73.104.94 - - [29/Jan/2012:18:32:40 -0500] "GET /sun_ipx/ulti_fan_hack/12.jpg HTTP/1.1" 200 10538 "http://www.obsolyte.com/sun_ipx/ulti_fan_hack/" "Mozilla/5.0 (Linux; U; Android 2.2.2; en-us; LS670 Build/FRG83G) AppleWebKit/533.1 (KHTML, like Gecko) Version/4.0 Mobile Safari/533.1"
75.73.104.94 - - [29/Jan/2012:18:32:40 -0500] "GET /sun_ipx/ulti_fan_hack/13.jpg HTTP/1.1" 200 15667 "http://www.obsolyte.com/sun_ipx/ulti_fan_hack/" "Mozilla/5.0 (Linux; U; Android 2.2.2; en-us; LS670 Build/FRG83G) AppleWebKit/533.1 (KHTML, like Gecko) Version/4.0 Mobile Safari/533.1"
75.73.104.94 - - [29/Jan/2012:18:32:40 -0500] "GET /sun_ipx/ulti_fan_hack/14.jpg HTTP/1.1" 200 16878 "http://www.obsolyte.com/sun_ipx/ulti_fan_hack/" "Mozilla/5.0 (Linux; U; Android 2.2.2; en-us; LS670 Build/FRG83G) AppleWebKit/533.1 (KHTML, like Gecko) Version/4.0 Mobile Safari/533.1"
75.73.104.94 - - [29/Jan/2012:18:32:40 -0500] "GET /sun_ipx/ulti_fan_hack/17.jpg HTTP/1.1" 200 9720 "http://www.obsolyte.com/sun_ipx/ulti_fan_hack/" "Mozilla/5.0 (Linux; U; Android 2.2.2; en-us; LS670 Build/FRG83G) AppleWebKit/533.1 (KHTML, like Gecko) Version/4.0 Mobile Safari/533.1"
75.73.104.94 - - [29/Jan/2012:18:32:40 -0500] "GET /sun_ipx/ulti_fan_hack/15.jpg HTTP/1.1" 200 19065 "http://www.obsolyte.com/sun_ipx/ulti_fan_hack/" "Mozilla/5.0 (Linux; U; Android 2.2.2; en-us; LS670 Build/FRG83G) AppleWebKit/533.1 (KHTML, like Gecko) Version/4.0 Mobile Safari/533.1"
75.73.104.94 - - [29/Jan/2012:18:32:40 -0500] "GET /sun_ipx/ulti_fan_hack/16.jpg HTTP/1.1" 200 10878 "http://www.obsolyte.com/sun_ipx/ulti_fan_hack/" "Mozilla/5.0 (Linux; U; Android 2.2.2; en-us; LS670 Build/FRG83G) AppleWebKit/533.1 (KHTML, like Gecko) Version/4.0 Mobile Safari/533.1"
2.34.238.4 - - [29/Jan/2012:18:34:50 -0500] "GET /vanagon/VanagonProTraining/86Vanagon/003.jpg HTTP/1.1" 200 130479 "http://www.loam.org/vw/Vanagon/VanagonProTraining/86Vanagon/pages.htm" "Mozilla/4.0 (compatible; MSIE 8.0; Windows NT 5.1; Trident/4.0; SIMBAR={CAC13AAF-633C-4744-A23C-EB6AC8AD5A8D}; GTB7.2; .NET CLR 1.1.4322; .NET CLR 2.0.50727; .NET CLR 3.0.4506.2152; .NET CLR 3.5.30729)"
2.34.238.4 - - [29/Jan/2012:18:34:59 -0500] "GET /vanagon/VanagonProTraining/86Vanagon/005.jpg HTTP/1.1" 200 95620 "http://www.loam.org/vw/Vanagon/VanagonProTraining/86Vanagon/pages.htm" "Mozilla/4.0 (compatible; MSIE 8.0; Windows NT 5.1; Trident/4.0; SIMBAR={CAC13AAF-633C-4744-A23C-EB6AC8AD5A8D}; GTB7.2; .NET CLR 1.1.4322; .NET CLR 2.0.50727; .NET CLR 3.0.4506.2152; .NET CLR 3.5.30729)"
200.36.161.176 - - [29/Jan/2012:18:35:08 -0500] "GET / HTTP/1.1" 200 10308 "-" "Nokia2630/2.0 (04.20) Profile/MIDP-2.1 Configuration/CLDC-1.1 UP.Link/6.3.0.0.0"
200.36.161.176 - - [29/Jan/2012:18:35:33 -0500] "GET /images/title4.gif HTTP/1.1" 200 4678 "-" "Nokia2630/2.0 (04.20) Profile/MIDP-2.1 Configuration/CLDC-1.1 UP.Link/6.3.0.0.0"
200.36.161.176 - - [29/Jan/2012:18:35:34 -0500] "GET /images/ipx_grain2.jpg HTTP/1.1" 200 15083 "-" "Nokia2630/2.0 (04.20) Profile/MIDP-2.1 Configuration/CLDC-1.1 UP.Link/6.3.0.0.0"
200.76.90.6 - - [29/Jan/2012:18:36:37 -0500] "GET / HTTP/1.1" 200 10308 "-" "Nokia2630/2.0 (04.20) Profile/MIDP-2.1 Configuration/CLDC-1.1"
75.73.104.94 - - [29/Jan/2012:18:37:24 -0500] "GET /sun_ipx/hacks2.html HTTP/1.1" 200 7443 "http://www.obsolyte.com/sun_ipx/" "Mozilla/5.0 (Linux; U; Android 2.2.2; en-us; LS670 Build/FRG83G) AppleWebKit/533.1 (KHTML, like Gecko) Version/4.0 Mobile Safari/533.1"
46.105.45.126 - - [29/Jan/2012:18:37:50 -0500] "GET /logs//*.php?option=com_juliaportfolio&controller=..//..//..//..//..//..//..//..///proc/self/environ%0000 HTTP/1.1" 404 287 "-" "Mozilla/5.0 (Windows; U; Windows NT 5.1; en-US; rv:1.9.2) Gecko/20100115 Firefox/3.6"
46.105.45.126 - - [29/Jan/2012:18:37:50 -0500] "GET //*.php?option=com_juliaportfolio&controller=..//..//..//..//..//..//..//..///proc/self/environ%0000 HTTP/1.1" 404 282 "-" "Mozilla/5.0 (Windows; U; Windows NT 5.1; en-US; rv:1.9.2) Gecko/20100115 Firefox/3.6"
46.105.45.126 - - [29/Jan/2012:18:38:02 -0500] "GET /logs//*.php?option=com_juliaportfolio&controller=..//..//..//..//..//..//..//..///proc/self/environ%0000 HTTP/1.1" 404 287 "-" "Mozilla/5.0 (Windows; U; Windows NT 5.1; en-US; rv:1.9.2) Gecko/20100115 Firefox/3.6"
46.105.45.126 - - [29/Jan/2012:18:38:02 -0500] "GET //*.php?option=com_juliaportfolio&controller=..//..//..//..//..//..//..//..///proc/self/environ%0000 HTTP/1.1" 404 282 "-" "Mozilla/5.0 (Windows; U; Windows NT 5.1; en-US; rv:1.9.2) Gecko/20100115 Firefox/3.6"
199.21.99.68 - - [29/Jan/2012:18:38:28 -0500] "GET /sunFAQ/faq_nvram.html HTTP/1.1" 200 69181 "-" "Mozilla/5.0 (compatible; YandexBot/3.0; +http://yandex.com/bots)"
75.73.104.94 - - [29/Jan/2012:18:39:39 -0500] "GET /sun_ipx/ipx_hacks.html HTTP/1.1" 200 5617 "http://www.obsolyte.com/sun_ipx/" "Mozilla/5.0 (Linux; U; Android 2.2.2; en-us; LS670 Build/FRG83G) AppleWebKit/533.1 (KHTML, like Gecko) Version/4.0 Mobile Safari/533.1"
75.73.104.94 - - [29/Jan/2012:18:39:41 -0500] "GET /sun_ipx/hdcool/hdcool1.jpg HTTP/1.1" 200 12879 "http://www.obsolyte.com/sun_ipx/ipx_hacks.html" "Mozilla/5.0 (Linux; U; Android 2.2.2; en-us; LS670 Build/FRG83G) AppleWebKit/533.1 (KHTML, like Gecko) Version/4.0 Mobile Safari/533.1"
75.73.104.94 - - [29/Jan/2012:18:39:41 -0500] "GET /sun_ipx/hdcool/hdcool2.jpg HTTP/1.1" 200 20479 "http://www.obsolyte.com/sun_ipx/ipx_hacks.html" "Mozilla/5.0 (Linux; U; Android 2.2.2; en-us; LS670 Build/FRG83G) AppleWebKit/533.1 (KHTML, like Gecko) Version/4.0 Mobile Safari/533.1"
75.73.104.94 - - [29/Jan/2012:18:39:41 -0500] "GET /sun_ipx/hdcool/hdcool4.jpg HTTP/1.1" 200 26072 "http://www.obsolyte.com/sun_ipx/ipx_hacks.html" "Mozilla/5.0 (Linux; U; Android 2.2.2; en-us; LS670 Build/FRG83G) AppleWebKit/533.1 (KHTML, like Gecko) Version/4.0 Mobile Safari/533.1"
75.73.104.94 - - [29/Jan/2012:18:39:42 -0500] "GET /sun_ipx/hdcool/hdcool3.jpg HTTP/1.1" 200 24317 "http://www.obsolyte.com/sun_ipx/ipx_hacks.html" "Mozilla/5.0 (Linux; U; Android 2.2.2; en-us; LS670 Build/FRG83G) AppleWebKit/533.1 (KHTML, like Gecko) Version/4.0 Mobile Safari/533.1"
75.73.104.94 - - [29/Jan/2012:18:39:42 -0500] "GET /sun_ipx/hdcool/hdcool5.jpg HTTP/1.1" 200 43892 "http://www.obsolyte.com/sun_ipx/ipx_hacks.html" "Mozilla/5.0 (Linux; U; Android 2.2.2; en-us; LS670 Build/FRG83G) AppleWebKit/533.1 (KHTML, like Gecko) Version/4.0 Mobile Safari/533.1"
75.73.104.94 - - [29/Jan/2012:18:39:42 -0500] "GET /sun_ipx/hdcool/hdcool7.jpg HTTP/1.1" 200 29528 "http://www.obsolyte.com/sun_ipx/ipx_hacks.html" "Mozilla/5.0 (Linux; U; Android 2.2.2; en-us; LS670 Build/FRG83G) AppleWebKit/533.1 (KHTML, like Gecko) Version/4.0 Mobile Safari/533.1"
75.139.34.238 - - [29/Jan/2012:18:42:22 -0500] "GET /next/next_slab.gif HTTP/1.1" 200 41328 "http://www.google.com/search?q=next+computer+image&ie=UTF-8&oe=UTF-8&hl=en&client=safari" "Mozilla/5.0 (iPad; CPU OS 5_0 like Mac OS X) AppleWebKit/534.46 (KHTML, like Gecko) Version/5.1 Mobile/9A334 Safari/7534.48.3"
75.139.34.238 - - [29/Jan/2012:18:43:09 -0500] "GET /next/next_slab.gif HTTP/1.1" 200 41328 "http://www.google.com/search?q=next+computer+image&ie=UTF-8&oe=UTF-8&hl=en&client=safari" "Mozilla/5.0 (iPad; CPU OS 5_0 like Mac OS X) AppleWebKit/534.46 (KHTML, like Gecko) Version/5.1 Mobile/9A334 Safari/7534.48.3"
46.105.45.126 - - [29/Jan/2012:18:46:36 -0500] "GET /logs//*.php?option=com_juliaportfolio&controller=..//..//..//..//..//..//..//..///proc/self/environ%0000 HTTP/1.1" 404 287 "-" "Mozilla/5.0 (Windows; U; Windows NT 5.1; en-US; rv:1.9.2) Gecko/20100115 Firefox/3.6"
46.105.45.126 - - [29/Jan/2012:18:46:37 -0500] "GET //*.php?option=com_juliaportfolio&controller=..//..//..//..//..//..//..//..///proc/self/environ%0000 HTTP/1.1" 404 282 "-" "Mozilla/5.0 (Windows; U; Windows NT 5.1; en-US; rv:1.9.2) Gecko/20100115 Firefox/3.6"
46.105.45.126 - - [29/Jan/2012:18:46:47 -0500] "GET /logs//*.php?option=com_juliaportfolio&controller=..//..//..//..//..//..//..//..///proc/self/environ%0000 HTTP/1.1" 404 287 "-" "Mozilla/5.0 (Windows; U; Windows NT 5.1; en-US; rv:1.9.2) Gecko/20100115 Firefox/3.6"
46.105.45.126 - - [29/Jan/2012:18:46:47 -0500] "GET //*.php?option=com_juliaportfolio&controller=..//..//..//..//..//..//..//..///proc/self/environ%0000 HTTP/1.1" 404 282 "-" "Mozilla/5.0 (Windows; U; Windows NT 5.1; en-US; rv:1.9.2) Gecko/20100115 Firefox/3.6"
199.21.99.68 - - [29/Jan/2012:18:47:01 -0500] "GET /sunPICS/ HTTP/1.1" 200 17863 "-" "Mozilla/5.0 (compatible; YandexBot/3.0; +http://yandex.com/bots)"
217.212.224.183 - - [29/Jan/2012:18:49:13 -0500] "GET /~strabal/lucypics/fanfiction/BIS.jpg HTTP/1.0" 200 48911 "-" "psbot/0.1 (+http://www.picsearch.com/bot.html)"
31.11.167.190 - - [29/Jan/2012:18:51:06 -0500] "GET /~techrat/ratrod/2.jpg HTTP/1.1" 200 1405920 "http://www.garbiarnia.com/forum/viewtopic.php?t=12817&postdays=0&postorder=asc&start=630" "Mozilla/5.0 (Windows NT 6.1; WOW64; rv:9.0.1) Gecko/20100101 Firefox/9.0.1"
199.21.99.68 - - [29/Jan/2012:18:55:25 -0500] "GET /bookstore.html HTTP/1.1" 200 8010 "-" "Mozilla/5.0 (compatible; YandexBot/3.0; +http://yandex.com/bots)"
93.181.151.35 - - [29/Jan/2012:18:56:36 -0500] "GET /~techrat/ratrod/2.jpg HTTP/1.1" 200 71779 "http://www.garbiarnia.com/forum/viewtopic.php?t=12817&postdays=0&postorder=asc&start=630" "Mozilla/5.0 (Windows NT 6.1; WOW64; rv:10.0) Gecko/20100101 Firefox/10.0"
207.46.204.14 - - [29/Jan/2012:18:57:11 -0500] "GET /robots.txt HTTP/1.1" 404 286 "-" "msnbot-media/1.1 (+http://search.msn.com/msnbot.htm)"
207.46.204.14 - - [29/Jan/2012:18:57:11 -0500] "GET /~techrat/vw_spotters/vw_square_detail.jpg HTTP/1.1" 200 89778 "-" "msnbot-media/1.1 (+http://search.msn.com/msnbot.htm)"
207.46.204.14 - - [29/Jan/2012:18:57:12 -0500] "GET /~techrat/vw_spotters/ HTTP/1.1" 200 5450 "-" "msnbot-media/1.1 (+http://search.msn.com/msnbot.htm)"
108.56.233.12 - - [29/Jan/2012:18:59:16 -0500] "GET /sun_lx/ HTTP/1.1" 200 6271 "http://www.google.com/search?q=sun+lx&ie=UTF-8&oe=UTF-8&hl=en&client=safari" "Mozilla/5.0 (iPhone; CPU iPhone OS 5_0_1 like Mac OS X) AppleWebKit/534.46 (KHTML, like Gecko) Version/5.1 Mobile/9A405 Safari/7534.48.3"
108.56.233.12 - - [29/Jan/2012:18:59:16 -0500] "GET /sun_lx/lx_front.jpg HTTP/1.1" 200 10230 "http://www.obsolyte.com/sun_lx/" "Mozilla/5.0 (iPhone; CPU iPhone OS 5_0_1 like Mac OS X) AppleWebKit/534.46 (KHTML, like Gecko) Version/5.1 Mobile/9A405 Safari/7534.48.3"
108.56.233.12 - - [29/Jan/2012:18:59:16 -0500] "GET /sun_lx/lx_bottom.jpg HTTP/1.1" 200 13297 "http://www.obsolyte.com/sun_lx/" "Mozilla/5.0 (iPhone; CPU iPhone OS 5_0_1 like Mac OS X) AppleWebKit/534.46 (KHTML, like Gecko) Version/5.1 Mobile/9A405 Safari/7534.48.3"
108.56.233.12 - - [29/Jan/2012:18:59:16 -0500] "GET /sun_lx/00pdficon.gif HTTP/1.1" 200 500 "http://www.obsolyte.com/sun_lx/" "Mozilla/5.0 (iPhone; CPU iPhone OS 5_0_1 like Mac OS X) AppleWebKit/534.46 (KHTML, like Gecko) Version/5.1 Mobile/9A405 Safari/7534.48.3"
108.56.233.12 - - [29/Jan/2012:18:59:16 -0500] "GET /sun_lx/lx_mb.gif HTTP/1.1" 200 6581 "http://www.obsolyte.com/sun_lx/" "Mozilla/5.0 (iPhone; CPU iPhone OS 5_0_1 like Mac OS X) AppleWebKit/534.46 (KHTML, like Gecko) Version/5.1 Mobile/9A405 Safari/7534.48.3"
108.56.233.12 - - [29/Jan/2012:18:59:16 -0500] "GET /sun_lx/lx_videosimm.jpg HTTP/1.1" 200 20106 "http://www.obsolyte.com/sun_lx/" "Mozilla/5.0 (iPhone; CPU iPhone OS 5_0_1 like Mac OS X) AppleWebKit/534.46 (KHTML, like Gecko) Version/5.1 Mobile/9A405 Safari/7534.48.3"
108.56.233.12 - - [29/Jan/2012:18:59:16 -0500] "GET /sun_lx/lx_mb.jpg HTTP/1.1" 200 53874 "http://www.obsolyte.com/sun_lx/" "Mozilla/5.0 (iPhone; CPU iPhone OS 5_0_1 like Mac OS X) AppleWebKit/534.46 (KHTML, like Gecko) Version/5.1 Mobile/9A405 Safari/7534.48.3"
108.56.233.12 - - [29/Jan/2012:18:59:16 -0500] "GET /sun_lx/lx_open.jpg HTTP/1.1" 200 28482 "http://www.obsolyte.com/sun_lx/" "Mozilla/5.0 (iPhone; CPU iPhone OS 5_0_1 like Mac OS X) AppleWebKit/534.46 (KHTML, like Gecko) Version/5.1 Mobile/9A405 Safari/7534.48.3"
108.56.233.12 - - [29/Jan/2012:18:59:16 -0500] "GET /sun_lx/lx_rear.jpg HTTP/1.1" 200 24353 "http://www.obsolyte.com/sun_lx/" "Mozilla/5.0 (iPhone; CPU iPhone OS 5_0_1 like Mac OS X) AppleWebKit/534.46 (KHTML, like Gecko) Version/5.1 Mobile/9A405 Safari/7534.48.3"
220.181.108.151 - - [29/Jan/2012:19:00:23 -0500] "GET /sun_ipx/sun4_50.gif HTTP/1.1" 200 5214 "-" "Baiduspider-image+(+http://www.baidu.com/search/spider.htm)"
66.227.213.153 - - [29/Jan/2012:19:00:53 -0500] "GET /~techrat/ratrod/7.jpg?jada%20fire%20nackt HTTP/1.1" 200 12805 "http://smokingfreeuniforms.blog.fc2.com/blog-date-201108.html" "Mozilla/4.0 (compatible; MSIE 8.0; Windows NT 5.1; Trident/4.0; .NET CLR 2.0.50727; .NET CLR 3.5.30729)"
66.227.213.153 - - [29/Jan/2012:19:01:26 -0500] "GET /~techrat/ratrod/7.jpg?jada%20fire%20nackt HTTP/1.1" 200 12805 "http://smokingfreeuniforms.blog.fc2.com/blog-date-201108.html" "Mozilla/4.0 (compatible; MSIE 8.0; Windows NT 5.1; Trident/4.0; .NET CLR 2.0.50727; .NET CLR 3.5.30729)"
199.21.99.68 - - [29/Jan/2012:19:03:50 -0500] "GET /sun3/hd.html HTTP/1.1" 200 1760 "-" "Mozilla/5.0 (compatible; YandexBot/3.0; +http://yandex.com/bots)"
184.154.48.82 - - [29/Jan/2012:19:08:08 -0500] "GET /robots.txt HTTP/1.0" 404 274 "-" "Mozilla/5.0 (compatible; MJ12bot/v1.4.1; http://www.majestic12.co.uk/bot.php?+)"
184.154.48.82 - - [29/Jan/2012:19:08:09 -0500] "GET / HTTP/1.0" 200 10308 "-" "Mozilla/5.0 (compatible; MJ12bot/v1.4.1; http://www.majestic12.co.uk/bot.php?+)"
188.123.244.34 - - [29/Jan/2012:19:11:03 -0500] "GET /robots.txt HTTP/1.1" 404 286 "-" "Mozilla/4.0 (compatible; MSIE 8.0; Windows NT 5.1; mmnt.ru)"
199.21.99.68 - - [29/Jan/2012:19:12:09 -0500] "GET /about.html HTTP/1.1" 200 4981 "-" "Mozilla/5.0 (compatible; YandexBot/3.0; +http://yandex.com/bots)"
58.221.42.85 - - [29/Jan/2012:19:13:14 -0500] "GET /learnc/ HTTP/1.1" 200 3564 "http://www.obsolyte.com/" "Mozilla/4.0 (compatible; MSIE 6.0; Windows NT 5.2; SV1; .NET CLR 1.1.4322)"
76.167.63.166 - - [29/Jan/2012:19:17:04 -0500] "GET /~techrat/vw_spotters/vw_bus_f.jpg HTTP/1.1" 200 37505 "http://www.google.com/search?q=vw+bus&hl=en&client=safari&tbo=d&source=lnms&tbm=isch&ei=mLYlT6usO6TRiAKnupXiBw&sa=X&oi=mode_link&ct=mode&cd=2&ved=0CAkQ_AUoAQ&biw=768&bih=946" "Mozilla/5.0 (iPad; U; CPU OS 4_3_2 like Mac OS X; en-us) AppleWebKit/533.17.9 (KHTML, like Gecko) Version/5.0.2 Mobile/8H8 Safari/6533.18.5"
62.238.14.96 - - [29/Jan/2012:19:20:06 -0500] "GET /vanagon/VanagonProTraining/86Vanagon/061.jpg HTTP/1.1" 200 95282 "http://www.loam.org/vw/Vanagon/VanagonProTraining/86Vanagon/pages.htm" "Mozilla/4.0 (compatible; MSIE 8.0; Windows NT 5.1; Trident/4.0; GTB7.2; .NET CLR 2.0.50727; .NET CLR 3.0.4506.2152; .NET CLR 3.5.30729; OfficeLiveConnector.1.3; OfficeLivePatch.0.0; BRI/2)"
65.52.108.146 - - [29/Jan/2012:19:20:22 -0500] "GET /docs/rhl-rg-6.1en/ch-partitions.html HTTP/1.1" 404 312 "-" "Mozilla/5.0 (compatible; bingbot/2.0; +http://www.bing.com/bingbot.htm)"
62.238.14.96 - - [29/Jan/2012:19:20:28 -0500] "GET /vanagon/VanagonProTraining/86Vanagon/041.jpg HTTP/1.1" 200 133348 "http://www.loam.org/vw/Vanagon/VanagonProTraining/86Vanagon/pages.htm" "Mozilla/4.0 (compatible; MSIE 8.0; Windows NT 5.1; Trident/4.0; GTB7.2; .NET CLR 2.0.50727; .NET CLR 3.0.4506.2152; .NET CLR 3.5.30729; OfficeLiveConnector.1.3; OfficeLivePatch.0.0; BRI/2)"
199.21.99.68 - - [29/Jan/2012:19:20:34 -0500] "GET /apache/manual/windows.html HTTP/1.1" 200 19022 "-" "Mozilla/5.0 (compatible; YandexBot/3.0; +http://yandex.com/bots)"
199.21.99.68 - - [29/Jan/2012:19:28:56 -0500] "GET /apache/manual/mod/mod_cgi.html HTTP/1.1" 200 7158 "-" "Mozilla/5.0 (compatible; YandexBot/3.0; +http://yandex.com/bots)"
76.10.135.80 - - [29/Jan/2012:19:29:16 -0500] "GET /favicon.ico HTTP/1.1" 200 318 "-" "Mozilla/5.0 (Ubuntu; X11; Linux x86_64; rv:9.0.1) Gecko/20100101 Firefox/9.0.1"
71.196.236.178 - - [29/Jan/2012:19:29:30 -0500] "GET /next/next_slab.gif HTTP/1.1" 200 41328 "http://www.google.com/search?um=1&hl=en&client=safari&tbo=d&biw=1024&bih=672&tbm=isch&sa=1&q=next+computer&oq=NeXT&aq=1&aqi=g10&aql=&gs_sm=c&gs_upl=5470l15331l0l17706l13l13l8l0l0l0l166l588l0.4l4l0" "Mozilla/5.0 (iPad; CPU OS 5_0_1 like Mac OS X) AppleWebKit/534.46 (KHTML, like Gecko) Version/5.1 Mobile/9A405 Safari/7534.48.3"
95.108.84.152 - - [29/Jan/2012:19:29:49 -0500] "GET /~techrat/vw_spotters/vw_411_f.jpg HTTP/1.1" 200 22814 "http://forums.vwvortex.com/showthread.php?2670873-Car-Lounge-Favorites-of-the-70-s.../page2" "Opera/9.80 (Windows NT 5.1; U; Edition NCSD1; pl) Presto/2.10.229 Version/11.61"
92.249.127.111 - - [29/Jan/2012:19:35:06 -0500] "GET /sun_ss10/ HTTP/1.1" 200 12810 "http://vampira.ru/" "Mozilla/5.0 (compatible; Googlebot/2.1; +http://www.google.com/bot.html)"
92.249.127.111 - - [29/Jan/2012:19:35:07 -0500] "GET /sun_ss10/ HTTP/1.1" 200 13596 "http://vampira.ru/" "Mozilla/5.0 (compatible; Googlebot/2.1; +http://www.google.com/bot.html)"
92.249.127.111 - - [29/Jan/2012:19:35:08 -0500] "GET /sun_ss10/ HTTP/1.1" 200 13596 "http://vampira.ru/" "Mozilla/5.0 (compatible; Googlebot/2.1; +http://www.google.com/bot.html)"
199.21.99.68 - - [29/Jan/2012:19:37:19 -0500] "GET /~strabal/creations/stories.html HTTP/1.1" 200 3186 "-" "Mozilla/5.0 (compatible; YandexBot/3.0; +http://yandex.com/bots)"
71.2.178.230 - - [29/Jan/2012:19:37:37 -0500] "GET /~techrat/vw_spotters/vw_square_detail.jpg HTTP/1.1" 200 89778 "http://www.google.com/search?hl=en&client=safari&tbo=d&biw=768&bih=928&tbm=isch&sa=1&q=square+back+volkswagen+bug&oq=square+back+volkswagen+bug&aq=f&aqi=&aql=&gs_sm=e&gs_upl=11514l13590l0l14418l4l4l0l3l0l0l166l166l0.1l1l0" "Mozilla/5.0 (iPad; CPU OS 5_0_1 like Mac OS X) AppleWebKit/534.46 (KHTML, like Gecko) Version/5.1 Mobile/9A405 Safari/7534.48.3"
79.140.4.163 - - [29/Jan/2012:19:41:58 -0500] "GET /sunFAQ/faq_m68k/ HTTP/1.0" 200 109331 "http://obsolyte.com/sunFAQ/faq_m68k/" "Mozilla/4.0 (compatible; MSIE 6.0; Windows NT 5.1; SV1; .NET CLR 1.1.4322)"
94.122.137.1 - - [29/Jan/2012:19:43:10 -0500] "GET /personal/vwshow/disc2/MVC-001F.JPG HTTP/1.1" 200 65855 "http://www.vosvos.info/forum/index.php?act=Search&nav=au&CODE=show&searchid=790b33ab9768a3f62a3afb5d9f876386&search_in=posts&result_type=posts&hl=&st=150" "Mozilla/5.0 (Windows NT 6.1) AppleWebKit/535.7 (KHTML, like Gecko) Chrome/16.0.912.77 Safari/535.7"
199.21.99.68 - - [29/Jan/2012:19:45:50 -0500] "GET /~strabal/lucypics/fanfiction/role4.html HTTP/1.1" 200 30277 "-" "Mozilla/5.0 (compatible; YandexBot/3.0; +http://yandex.com/bots)"
199.21.99.68 - - [29/Jan/2012:19:54:44 -0500] "GET /~strabal/creations/realm1.html HTTP/1.1" 200 109297 "-" "Mozilla/5.0 (compatible; YandexBot/3.0; +http://yandex.com/bots)"
91.224.160.136 - - [29/Jan/2012:19:59:21 -0500] "GET /logs/access_log.4 HTTP/1.0" 200 1125326 "http://www.obsolyte.com/logs/access_log.4" "Mozilla/4.0 (compatible; MSIE 6.0; Windows NT 5.0; APC; .NET CLR 1.0.3705; .NET CLR 1.1.4322; .NET CLR 2.0.50215; InfoPath.1)"
81.130.53.255 - - [29/Jan/2012:20:00:02 -0500] "GET /next/ HTTP/1.1" 200 6924 "http://www.google.co.uk/imgres?q=NEXT+computer&um=1&hl=en&safe=off&sa=N&biw=1280&bih=896&tbm=isch&tbnid=OeiRGk9fPlDY_M:&imgrefurl=http://www.obsolyte.com/next/&docid=x8tItzauUQHp0M&imgurl=http://www.obsolyte.com/next/next_slab.gif&w=360&h=262&ei=SsElT-HuPMPo8QPAq-nhBw&zoom=1" "Mozilla/5.0 (Windows NT 6.1; WOW64) AppleWebKit/535.7 (KHTML, like Gecko) Chrome/16.0.912.77 Safari/535.7"
81.130.53.255 - - [29/Jan/2012:20:00:03 -0500] "GET /next/m_slab_rear.gif HTTP/1.1" 200 3317 "http://www.obsolyte.com/next/" "Mozilla/5.0 (Windows NT 6.1; WOW64) AppleWebKit/535.7 (KHTML, like Gecko) Chrome/16.0.912.77 Safari/535.7"
81.130.53.255 - - [29/Jan/2012:20:00:03 -0500] "GET /next/m_slab_rear.jpg HTTP/1.1" 200 10473 "http://www.obsolyte.com/next/" "Mozilla/5.0 (Windows NT 6.1; WOW64) AppleWebKit/535.7 (KHTML, like Gecko) Chrome/16.0.912.77 Safari/535.7"
81.130.53.255 - - [29/Jan/2012:20:00:04 -0500] "GET /next/next_slab.gif HTTP/1.1" 200 41328 "http://www.google.co.uk/imgres?q=NEXT+computer&um=1&hl=en&safe=off&sa=N&biw=1280&bih=896&tbm=isch&tbnid=OeiRGk9fPlDY_M:&imgrefurl=http://www.obsolyte.com/next/&docid=x8tItzauUQHp0M&imgurl=http://www.obsolyte.com/next/next_slab.gif&w=360&h=262&ei=SsElT-HuPMPo8QPAq-nhBw&zoom=1" "Mozilla/5.0 (Windows NT 6.1; WOW64) AppleWebKit/535.7 (KHTML, like Gecko) Chrome/16.0.912.77 Safari/535.7"
81.130.53.255 - - [29/Jan/2012:20:00:06 -0500] "GET /next/m_slab_int.jpg HTTP/1.1" 200 65257 "http://www.obsolyte.com/next/" "Mozilla/5.0 (Windows NT 6.1; WOW64) AppleWebKit/535.7 (KHTML, like Gecko) Chrome/16.0.912.77 Safari/535.7"
89.236.172.76 - - [29/Jan/2012:20:01:02 -0500] "GET /next/next_slab.gif HTTP/1.1" 200 41328 "http://www.google.ch/search?q=next+computer&oe=UTF-8&hl=en&client=safari&redir_esc=&um=1&ie=UTF-8&tbm=isch&source=og&sa=N&tab=wi&ei=NcElT9PMNsK6-AaH5tS0CA&biw=1024&bih=644&sei=OcElT6T9B87rObir5cQI" "Mozilla/5.0 (iPad; CPU OS 5_0_1 like Mac OS X) AppleWebKit/534.46 (KHTML, like Gecko) Version/5.1 Mobile/9A405 Safari/7534.48.3"
178.137.17.129 - - [29/Jan/2012:20:01:27 -0500] "GET /logs/access_log.4 HTTP/1.0" 200 1123866 "http://www.obsolyte.com/logs/access_log.4" "Mozilla/4.0 (compatible; MSIE 6.0; Windows NT) ::ELNSB50::000061100320025802a00111000000000507000900000000"
178.139.15.110 - - [29/Jan/2012:20:01:47 -0500] "GET /next/next_slab.gif HTTP/1.1" 200 41328 "http://www.google.es/search?hl=gl&safe=off&tbo=d&biw=768&bih=928&tbm=isch&sa=1&q=next+computer&btnG=Buscar" "Mozilla/5.0 (iPad; CPU OS 5_0_1 like Mac OS X) AppleWebKit/534.46 (KHTML, like Gecko) Version/5.1 Mobile/9A405 Safari/7534.48.3"
199.21.99.68 - - [29/Jan/2012:20:03:13 -0500] "GET /~strabal/lucypics/fanfiction/storm6.html HTTP/1.1" 200 42369 "-" "Mozilla/5.0 (compatible; YandexBot/3.0; +http://yandex.com/bots)"
65.52.109.199 - - [29/Jan/2012:20:05:13 -0500] "GET /robots.txt HTTP/1.1" 404 286 "-" "Mozilla/5.0 (compatible; bingbot/2.0; +http://www.bing.com/bingbot.htm)"
65.52.109.199 - - [29/Jan/2012:20:06:37 -0500] "GET /sunFAQ/faq_hardware/hwref2.html HTTP/1.1" 304 - "-" "Mozilla/5.0 (compatible; bingbot/2.0; +http://www.bing.com/bingbot.htm)"
81.130.53.255 - - [29/Jan/2012:20:07:18 -0500] "GET /favicon.ico HTTP/1.1" 200 318 "-" "Mozilla/5.0 (Windows NT 6.1; WOW64) AppleWebKit/535.7 (KHTML, like Gecko) Chrome/16.0.912.77 Safari/535.7"
85.181.73.137 - - [29/Jan/2012:20:10:35 -0500] "GET / HTTP/1.1" 200 10308 "http://en.wikipedia.org/wiki/SPARCstation" "Mozilla/5.0 (X11; Linux i686) AppleWebKit/535.18 (KHTML, like Gecko) Chrome/18.0.1010.0 Safari/535.18"
85.181.73.137 - - [29/Jan/2012:20:10:35 -0500] "GET /images/paper.gif HTTP/1.1" 200 1593 "http://www.obsolyte.com/" "Mozilla/5.0 (X11; Linux i686) AppleWebKit/535.18 (KHTML, like Gecko) Chrome/18.0.1010.0 Safari/535.18"
85.181.73.137 - - [29/Jan/2012:20:10:35 -0500] "GET /images/title4.gif HTTP/1.1" 200 4678 "http://www.obsolyte.com/" "Mozilla/5.0 (X11; Linux i686) AppleWebKit/535.18 (KHTML, like Gecko) Chrome/18.0.1010.0 Safari/535.18"
85.181.73.137 - - [29/Jan/2012:20:10:35 -0500] "GET /images/sun_logo.gif HTTP/1.1" 200 1477 "http://www.obsolyte.com/" "Mozilla/5.0 (X11; Linux i686) AppleWebKit/535.18 (KHTML, like Gecko) Chrome/18.0.1010.0 Safari/535.18"
85.181.73.137 - - [29/Jan/2012:20:10:35 -0500] "GET /images/sgi_logo.gif HTTP/1.1" 200 2157 "http://www.obsolyte.com/" "Mozilla/5.0 (X11; Linux i686) AppleWebKit/535.18 (KHTML, like Gecko) Chrome/18.0.1010.0 Safari/535.18"
85.181.73.137 - - [29/Jan/2012:20:10:36 -0500] "GET /images/next_logo.gif HTTP/1.1" 200 1864 "http://www.obsolyte.com/" "Mozilla/5.0 (X11; Linux i686) AppleWebKit/535.18 (KHTML, like Gecko) Chrome/18.0.1010.0 Safari/535.18"
85.181.73.137 - - [29/Jan/2012:20:10:36 -0500] "GET /images/digital_logo.gif HTTP/1.1" 200 1057 "http://www.obsolyte.com/" "Mozilla/5.0 (X11; Linux i686) AppleWebKit/535.18 (KHTML, like Gecko) Chrome/18.0.1010.0 Safari/535.18"
85.181.73.137 - - [29/Jan/2012:20:10:36 -0500] "GET /images/ipx_grain2.jpg HTTP/1.1" 200 15083 "http://www.obsolyte.com/" "Mozilla/5.0 (X11; Linux i686) AppleWebKit/535.18 (KHTML, like Gecko) Chrome/18.0.1010.0 Safari/535.18"
85.181.73.137 - - [29/Jan/2012:20:10:36 -0500] "GET /favicon.ico HTTP/1.1" 200 318 "-" "Mozilla/5.0 (X11; Linux i686) AppleWebKit/535.18 (KHTML, like Gecko) Chrome/18.0.1010.0 Safari/535.18"
85.181.73.137 - - [29/Jan/2012:20:10:58 -0500] "GET /sun3/ HTTP/1.1" 200 5383 "http://www.obsolyte.com/" "Mozilla/5.0 (X11; Linux i686) AppleWebKit/535.18 (KHTML, like Gecko) Chrome/18.0.1010.0 Safari/535.18"
85.181.73.137 - - [29/Jan/2012:20:10:59 -0500] "GET /sun3/images/sun3_160.gif HTTP/1.1" 200 8512 "http://www.obsolyte.com/sun3/" "Mozilla/5.0 (X11; Linux i686) AppleWebKit/535.18 (KHTML, like Gecko) Chrome/18.0.1010.0 Safari/535.18"
85.181.73.137 - - [29/Jan/2012:20:10:59 -0500] "GET /sun3/images/slidebar.gif HTTP/1.1" 200 8656 "http://www.obsolyte.com/sun3/" "Mozilla/5.0 (X11; Linux i686) AppleWebKit/535.18 (KHTML, like Gecko) Chrome/18.0.1010.0 Safari/535.18"
85.181.73.137 - - [29/Jan/2012:20:11:02 -0500] "GET /sun3/inside.html HTTP/1.1" 200 2358 "http://www.obsolyte.com/sun3/" "Mozilla/5.0 (X11; Linux i686) AppleWebKit/535.18 (KHTML, like Gecko) Chrome/18.0.1010.0 Safari/535.18"
85.181.73.137 - - [29/Jan/2012:20:11:03 -0500] "GET /sun3/images/layout.gif HTTP/1.1" 200 24579 "http://www.obsolyte.com/sun3/inside.html" "Mozilla/5.0 (X11; Linux i686) AppleWebKit/535.18 (KHTML, like Gecko) Chrome/18.0.1010.0 Safari/535.18"
85.181.73.137 - - [29/Jan/2012:20:11:12 -0500] "GET /sun_ss2/ HTTP/1.1" 200 9016 "http://www.obsolyte.com/" "Mozilla/5.0 (X11; Linux i686) AppleWebKit/535.18 (KHTML, like Gecko) Chrome/18.0.1010.0 Safari/535.18"
85.181.73.137 - - [29/Jan/2012:20:11:12 -0500] "GET /sun_ss2/ss2_2.jpg HTTP/1.1" 200 8199 "http://www.obsolyte.com/sun_ss2/" "Mozilla/5.0 (X11; Linux i686) AppleWebKit/535.18 (KHTML, like Gecko) Chrome/18.0.1010.0 Safari/535.18"
85.181.73.137 - - [29/Jan/2012:20:11:12 -0500] "GET /sun_ss2/sun4_75.gif HTTP/1.1" 200 5693 "http://www.obsolyte.com/sun_ss2/" "Mozilla/5.0 (X11; Linux i686) AppleWebKit/535.18 (KHTML, like Gecko) Chrome/18.0.1010.0 Safari/535.18"
85.181.73.137 - - [29/Jan/2012:20:11:12 -0500] "GET /sun_ss2/ss2_3.jpg HTTP/1.1" 200 21867 "http://www.obsolyte.com/sun_ss2/" "Mozilla/5.0 (X11; Linux i686) AppleWebKit/535.18 (KHTML, like Gecko) Chrome/18.0.1010.0 Safari/535.18"
85.181.73.137 - - [29/Jan/2012:20:11:12 -0500] "GET /sun_ss2/ss2_4.jpg HTTP/1.1" 200 15434 "http://www.obsolyte.com/sun_ss2/" "Mozilla/5.0 (X11; Linux i686) AppleWebKit/535.18 (KHTML, like Gecko) Chrome/18.0.1010.0 Safari/535.18"
85.181.73.137 - - [29/Jan/2012:20:11:13 -0500] "GET /sun_ss2/ss2_5.jpg HTTP/1.1" 200 31262 "http://www.obsolyte.com/sun_ss2/" "Mozilla/5.0 (X11; Linux i686) AppleWebKit/535.18 (KHTML, like Gecko) Chrome/18.0.1010.0 Safari/535.18"
199.21.99.68 - - [29/Jan/2012:20:11:55 -0500] "GET /~strabal/lucypics/fanfiction/dejavu.html HTTP/1.1" 200 38393 "-" "Mozilla/5.0 (compatible; YandexBot/3.0; +http://yandex.com/bots)"
85.181.73.137 - - [29/Jan/2012:20:12:34 -0500] "GET /sun_ss5/ HTTP/1.1" 200 14917 "http://www.obsolyte.com/" "Mozilla/5.0 (X11; Linux i686) AppleWebKit/535.18 (KHTML, like Gecko) Chrome/18.0.1010.0 Safari/535.18"
85.181.73.137 - - [29/Jan/2012:20:12:34 -0500] "GET /sun_ss5/pdf.gif HTTP/1.1" 200 390 "http://www.obsolyte.com/sun_ss5/" "Mozilla/5.0 (X11; Linux i686) AppleWebKit/535.18 (KHTML, like Gecko) Chrome/18.0.1010.0 Safari/535.18"
85.181.73.137 - - [29/Jan/2012:20:12:34 -0500] "GET /sun_ss20/floppy.jpg HTTP/1.1" 200 12433 "http://www.obsolyte.com/sun_ss5/" "Mozilla/5.0 (X11; Linux i686) AppleWebKit/535.18 (KHTML, like Gecko) Chrome/18.0.1010.0 Safari/535.18"
85.181.73.137 - - [29/Jan/2012:20:12:34 -0500] "GET /sun_ss5/ss5_1.jpg HTTP/1.1" 200 14675 "http://www.obsolyte.com/sun_ss5/" "Mozilla/5.0 (X11; Linux i686) AppleWebKit/535.18 (KHTML, like Gecko) Chrome/18.0.1010.0 Safari/535.18"
85.181.73.137 - - [29/Jan/2012:20:12:35 -0500] "GET /sun_ss5/ss5_server.jpg HTTP/1.1" 200 51920 "http://www.obsolyte.com/sun_ss5/" "Mozilla/5.0 (X11; Linux i686) AppleWebKit/535.18 (KHTML, like Gecko) Chrome/18.0.1010.0 Safari/535.18"
85.181.73.137 - - [29/Jan/2012:20:12:35 -0500] "GET /sun_ss5/ss5_jumpers.jpg HTTP/1.1" 200 39884 "http://www.obsolyte.com/sun_ss5/" "Mozilla/5.0 (X11; Linux i686) AppleWebKit/535.18 (KHTML, like Gecko) Chrome/18.0.1010.0 Safari/535.18"
85.181.73.137 - - [29/Jan/2012:20:12:35 -0500] "GET /sun_ss5/ss5_int.jpg HTTP/1.1" 200 58136 "http://www.obsolyte.com/sun_ss5/" "Mozilla/5.0 (X11; Linux i686) AppleWebKit/535.18 (KHTML, like Gecko) Chrome/18.0.1010.0 Safari/535.18"
85.181.73.137 - - [29/Jan/2012:20:12:35 -0500] "GET /sun_ss5/ss5_rear.jpg HTTP/1.1" 200 42643 "http://www.obsolyte.com/sun_ss5/" "Mozilla/5.0 (X11; Linux i686) AppleWebKit/535.18 (KHTML, like Gecko) Chrome/18.0.1010.0 Safari/535.18"
85.181.73.137 - - [29/Jan/2012:20:12:35 -0500] "GET /sun_ss5/ss5-newfan.jpg HTTP/1.1" 200 74139 "http://www.obsolyte.com/sun_ss5/" "Mozilla/5.0 (X11; Linux i686) AppleWebKit/535.18 (KHTML, like Gecko) Chrome/18.0.1010.0 Safari/535.18"
85.181.73.137 - - [29/Jan/2012:20:12:35 -0500] "GET /sun_ss5/ss5-newfan2.jpg HTTP/1.1" 200 29609 "http://www.obsolyte.com/sun_ss5/" "Mozilla/5.0 (X11; Linux i686) AppleWebKit/535.18 (KHTML, like Gecko) Chrome/18.0.1010.0 Safari/535.18"
85.181.73.137 - - [29/Jan/2012:20:14:02 -0500] "GET /sun_ss10/ HTTP/1.1" 200 13596 "http://www.obsolyte.com/" "Mozilla/5.0 (X11; Linux i686) AppleWebKit/535.18 (KHTML, like Gecko) Chrome/18.0.1010.0 Safari/535.18"
85.181.73.137 - - [29/Jan/2012:20:14:02 -0500] "GET /sun_ss10/3some2.jpg HTTP/1.1" 200 11135 "http://www.obsolyte.com/sun_ss10/" "Mozilla/5.0 (X11; Linux i686) AppleWebKit/535.18 (KHTML, like Gecko) Chrome/18.0.1010.0 Safari/535.18"
85.181.73.137 - - [29/Jan/2012:20:14:03 -0500] "GET /sun_ss10/pdf.gif HTTP/1.1" 200 390 "http://www.obsolyte.com/sun_ss10/" "Mozilla/5.0 (X11; Linux i686) AppleWebKit/535.18 (KHTML, like Gecko) Chrome/18.0.1010.0 Safari/535.18"
85.181.73.137 - - [29/Jan/2012:20:14:03 -0500] "GET /sun_ss10/ss10_venting.jpg HTTP/1.1" 200 9867 "http://www.obsolyte.com/sun_ss10/" "Mozilla/5.0 (X11; Linux i686) AppleWebKit/535.18 (KHTML, like Gecko) Chrome/18.0.1010.0 Safari/535.18"
85.181.73.137 - - [29/Jan/2012:20:14:03 -0500] "GET /sun_ss10/airflow.gif HTTP/1.1" 200 7798 "http://www.obsolyte.com/sun_ss10/" "Mozilla/5.0 (X11; Linux i686) AppleWebKit/535.18 (KHTML, like Gecko) Chrome/18.0.1010.0 Safari/535.18"
85.181.73.137 - - [29/Jan/2012:20:14:03 -0500] "GET /sun_ss10/ss10_cpu.jpg HTTP/1.1" 200 16775 "http://www.obsolyte.com/sun_ss10/" "Mozilla/5.0 (X11; Linux i686) AppleWebKit/535.18 (KHTML, like Gecko) Chrome/18.0.1010.0 Safari/535.18"
200.36.161.176 - - [29/Jan/2012:20:14:03 -0500] "GET / HTTP/1.1" 200 10308 "-" "Nokia2630/2.0 (04.20) Profile/MIDP-2.1 Configuration/CLDC-1.1 UP.Link/6.3.0.0.0"
85.181.73.137 - - [29/Jan/2012:20:14:03 -0500] "GET /sun_ss10/ss10_interior.jpg HTTP/1.1" 200 33787 "http://www.obsolyte.com/sun_ss10/" "Mozilla/5.0 (X11; Linux i686) AppleWebKit/535.18 (KHTML, like Gecko) Chrome/18.0.1010.0 Safari/535.18"
85.181.73.137 - - [29/Jan/2012:20:14:03 -0500] "GET /sun_ss10/ss10_ports.jpg HTTP/1.1" 200 70142 "http://www.obsolyte.com/sun_ss10/" "Mozilla/5.0 (X11; Linux i686) AppleWebKit/535.18 (KHTML, like Gecko) Chrome/18.0.1010.0 Safari/535.18"
85.181.73.137 - - [29/Jan/2012:20:14:04 -0500] "GET /sun_ss10/ss10_smbus1.jpg HTTP/1.1" 200 69939 "http://www.obsolyte.com/sun_ss10/" "Mozilla/5.0 (X11; Linux i686) AppleWebKit/535.18 (KHTML, like Gecko) Chrome/18.0.1010.0 Safari/535.18"
85.181.73.137 - - [29/Jan/2012:20:14:04 -0500] "GET /sun_ss10/modules.gif HTTP/1.1" 200 34748 "http://www.obsolyte.com/sun_ss10/" "Mozilla/5.0 (X11; Linux i686) AppleWebKit/535.18 (KHTML, like Gecko) Chrome/18.0.1010.0 Safari/535.18"
85.181.73.137 - - [29/Jan/2012:20:14:04 -0500] "GET /sun_ss10/ss10_mbus.jpg HTTP/1.1" 200 44477 "http://www.obsolyte.com/sun_ss10/" "Mozilla/5.0 (X11; Linux i686) AppleWebKit/535.18 (KHTML, like Gecko) Chrome/18.0.1010.0 Safari/535.18"
85.181.73.137 - - [29/Jan/2012:20:14:04 -0500] "GET /sun_ss10/ss10_smbus2.jpg HTTP/1.1" 200 65244 "http://www.obsolyte.com/sun_ss10/" "Mozilla/5.0 (X11; Linux i686) AppleWebKit/535.18 (KHTML, like Gecko) Chrome/18.0.1010.0 Safari/535.18"
200.36.161.176 - - [29/Jan/2012:20:14:18 -0500] "GET /images/sgi_logo.gif HTTP/1.1" 200 2157 "-" "Nokia2630/2.0 (04.20) Profile/MIDP-2.1 Configuration/CLDC-1.1 UP.Link/6.3.0.0.0"
200.36.161.176 - - [29/Jan/2012:20:14:18 -0500] "GET /images/sun_logo.gif HTTP/1.1" 200 1477 "-" "Nokia2630/2.0 (04.20) Profile/MIDP-2.1 Configuration/CLDC-1.1 UP.Link/6.3.0.0.0"
200.36.161.176 - - [29/Jan/2012:20:14:19 -0500] "GET /images/title4.gif HTTP/1.1" 200 4678 "-" "Nokia2630/2.0 (04.20) Profile/MIDP-2.1 Configuration/CLDC-1.1 UP.Link/6.3.0.0.0"
200.36.161.176 - - [29/Jan/2012:20:14:20 -0500] "GET /images/next_logo.gif HTTP/1.1" 200 1864 "-" "Nokia2630/2.0 (04.20) Profile/MIDP-2.1 Configuration/CLDC-1.1 UP.Link/6.3.0.0.0"
200.36.161.176 - - [29/Jan/2012:20:14:25 -0500] "GET /images/ipx_grain2.jpg HTTP/1.1" 200 15083 "-" "Nokia2630/2.0 (04.20) Profile/MIDP-2.1 Configuration/CLDC-1.1 UP.Link/6.3.0.0.0"
200.36.161.176 - - [29/Jan/2012:20:14:28 -0500] "GET /images/digital_logo.gif HTTP/1.1" 200 1057 "-" "Nokia2630/2.0 (04.20) Profile/MIDP-2.1 Configuration/CLDC-1.1 UP.Link/6.3.0.0.0"
200.36.161.176 - - [29/Jan/2012:20:14:31 -0500] "GET /images/paper.gif HTTP/1.1" 200 1593 "-" "Nokia2630/2.0 (04.20) Profile/MIDP-2.1 Configuration/CLDC-1.1 UP.Link/6.3.0.0.0"
65.52.109.199 - - [29/Jan/2012:20:15:15 -0500] "GET /sunFAQ/faq_m68k/ HTTP/1.1" 304 - "-" "Mozilla/5.0 (compatible; bingbot/2.0; +http://www.bing.com/bingbot.htm)"
66.249.71.76 - - [29/Jan/2012:20:15:22 -0500] "GET /robots.txt HTTP/1.1" 404 286 "-" "Mozilla/5.0 (compatible; Googlebot/2.1; +http://www.google.com/bot.html)"
66.249.71.76 - - [29/Jan/2012:20:15:22 -0500] "GET /sunPICS/ HTTP/1.1" 200 17863 "-" "Mediapartners-Google"
85.181.73.137 - - [29/Jan/2012:20:16:11 -0500] "GET /sunPICS/ HTTP/1.1" 200 17863 "http://www.obsolyte.com/" "Mozilla/5.0 (X11; Linux i686) AppleWebKit/535.18 (KHTML, like Gecko) Chrome/18.0.1010.0 Safari/535.18"
