92.234.130.203 - - [29/Jan/2012:15:07:49 -0500] "GET /dec/multia/multia_intel2.jpg HTTP/1.1" 200 34442 "http://www.obsolyte.com/dec/multia/" "Mozilla/4.0 (compatible; MSIE 8.0; Windows NT 5.1; Trident/4.0; .NET CLR 2.0.50727; .NET CLR 3.0.4506.2152; .NET CLR 1.1.4322; InfoPath.2; .NET CLR 3.5.30729; BOIE8;ENGB)"
92.234.130.203 - - [29/Jan/2012:15:07:49 -0500] "GET /favicon.ico HTTP/1.1" 200 318 "-" "Mozilla/4.0 (compatible; MSIE 8.0; Windows NT 5.1; Trident/4.0; .NET CLR 2.0.50727; .NET CLR 3.0.4506.2152; .NET CLR 1.1.4322; InfoPath.2; .NET CLR 3.5.30729; BOIE8;ENGB)"
188.11.39.16 - - [29/Jan/2012:15:07:56 -0500] "GET /sunFAQ/faq_framebuffer/fbfaq_files/scart.gif HTTP/1.1" 200 38496 "http://www.hwupgrade.it/forum/showthread.php?t=1582707&page=3" "Mozilla/4.0 (compatible; MSIE 8.0; Windows NT 6.1; WOW64; Trident/4.0; GTB7.2; SLCC2; .NET CLR 2.0.50727; .NET CLR 3.5.30729; .NET CLR 3.0.30729; Media Center PC 6.0; .NET4.0C)"
83.20.192.129 - - [29/Jan/2012:15:08:49 -0500] "GET /~techrat/ratrod/2.jpg HTTP/1.1" 200 1405920 "http://www.garbiarnia.com/forum/viewtopic.php?t=12817&postdays=0&postorder=asc&start=630" "Mozilla/5.0 (Windows NT 6.1; rv:9.0.1) Gecko/20100101 Firefox/9.0.1"
88.191.131.90 - - [29/Jan/2012:15:12:52 -0500] "GET /sgi_indigo2/i2_front_open.jpg HTTP/1.0" 200 20890 "-" "-"
124.115.0.162 - - [29/Jan/2012:15:16:40 -0500] "GET / HTTP/1.1" 200 10308 "-" "Sosospider+(+http://help.soso.com/webspider.htm)"
199.21.99.68 - - [29/Jan/2012:15:17:40 -0500] "GET /sgi_indigo2/indigo2.pdf HTTP/1.1" 200 974366 "-" "Mozilla/5.0 (compatible; YandexBot/3.0; +http://yandex.com/bots)"
66.249.71.179 - - [29/Jan/2012:15:19:56 -0500] "GET /robots.txt HTTP/1.1" 404 286 "-" "Mozilla/5.0 (compatible; Googlebot/2.1; +http://www.google.com/bot.html)"
66.249.71.179 - - [29/Jan/2012:15:19:56 -0500] "GET / HTTP/1.1" 200 10308 "-" "Mozilla/5.0 (compatible; Googlebot/2.1; +http://www.google.com/bot.html)"
61.135.249.244 - - [29/Jan/2012:15:20:31 -0500] "GET / HTTP/1.1" 200 10308 "-" "Mozilla/5.0 (compatible; YodaoBot/1.0; http://www.yodao.com/help/webmaster/spider/; )"
157.55.17.192 - - [29/Jan/2012:15:21:42 -0500] "GET /robots.txt HTTP/1.1" 404 286 "-" "Mozilla/5.0 (compatible; bingbot/2.0; +http://www.bing.com/bingbot.htm)"
199.21.99.68 - - [29/Jan/2012:15:22:50 -0500] "GET /sgi_indigo2/indigo2.pdf HTTP/1.1" 200 447020 "-" "Mozilla/5.0 (compatible; YandexBot/3.0; +http://yandex.com/bots)"
157.55.17.192 - - [29/Jan/2012:15:24:52 -0500] "GET /~techrat/ratrod/ HTTP/1.1" 304 - "-" "Mozilla/5.0 (compatible; bingbot/2.0; +http://www.bing.com/bingbot.htm)"
96.254.101.46 - - [29/Jan/2012:15:27:21 -0500] "GET /~techrat/vw_spotters/vw_square_detail.jpg HTTP/1.1" 200 89778 "http://hkweb.us/mayor-upholstery-volkswagen-squareback-1967/" "Mozilla/4.0 (compatible; MSIE 8.0; Windows NT 6.1; Win64; x64; Trident/4.0; .NET CLR 2.0.50727; SLCC2; .NET CLR 3.5.30729; .NET CLR 3.0.30729; Media Center PC 6.0; .NET4.0C; .NET4.0E)"
92.7.135.73 - - [29/Jan/2012:15:28:40 -0500] "GET /sgi_indy/ HTTP/1.1" 200 6745 "http://www.google.co.uk/imgres?q=silicon+graphics+indy&um=1&hl=en&safe=off&sa=N&biw=1388&bih=806&tbm=isch&tbnid=z-xISzXLCTK6XM:&imgrefurl=http://www.obsolyte.com/sgi_indy/&docid=JbCyFzYXmaA5EM&imgurl=http://www.obsolyte.com/sgi_indy/indy_inside.jpg&w=320&h=240&ei=0YElT9uHAcbn8QO44_XYDw&zoom=1&iact=hc&vpx=550&vpy=155&dur=1089&hovh=192&hovw=256&tx=141&ty=112&sig=106781186404688185826&page=1&tbnh=144&tbnw=200&start=0&ndsp=24&ved=1t:429,r:2,s:0" "Mozilla/5.0 (Macintosh; Intel Mac OS X 10_7_0) AppleWebKit/535.7 (KHTML, like Gecko) Chrome/16.0.912.75 Safari/535.7"
92.7.135.73 - - [29/Jan/2012:15:28:40 -0500] "GET /sgi_indy/indy_inside.jpg HTTP/1.1" 200 23285 "http://www.google.co.uk/imgres?q=silicon+graphics+indy&um=1&hl=en&safe=off&sa=N&biw=1388&bih=806&tbm=isch&tbnid=z-xISzXLCTK6XM:&imgrefurl=http://www.obsolyte.com/sgi_indy/&docid=JbCyFzYXmaA5EM&imgurl=http://www.obsolyte.com/sgi_indy/indy_inside.jpg&w=320&h=240&ei=0YElT9uHAcbn8QO44_XYDw&zoom=1&iact=hc&vpx=550&vpy=155&dur=1089&hovh=192&hovw=256&tx=141&ty=112&sig=106781186404688185826&page=1&tbnh=144&tbnw=200&start=0&ndsp=24&ved=1t:429,r:2,s:0" "Mozilla/5.0 (Macintosh; Intel Mac OS X 10_7_0) AppleWebKit/535.7 (KHTML, like Gecko) Chrome/16.0.912.75 Safari/535.7"
92.7.135.73 - - [29/Jan/2012:15:28:40 -0500] "GET /sgi_indy/indy_monitor.jpg HTTP/1.1" 200 12805 "http://www.obsolyte.com/sgi_indy/" "Mozilla/5.0 (Macintosh; Intel Mac OS X 10_7_0) AppleWebKit/535.7 (KHTML, like Gecko) Chrome/16.0.912.75 Safari/535.7"
92.7.135.73 - - [29/Jan/2012:15:28:41 -0500] "GET /sgi_indy/indy_graphics.jpg HTTP/1.1" 200 16915 "http://www.obsolyte.com/sgi_indy/" "Mozilla/5.0 (Macintosh; Intel Mac OS X 10_7_0) AppleWebKit/535.7 (KHTML, like Gecko) Chrome/16.0.912.75 Safari/535.7"
92.7.135.73 - - [29/Jan/2012:15:28:41 -0500] "GET /sgi_indy/indy_hd.jpg HTTP/1.1" 200 17475 "http://www.obsolyte.com/sgi_indy/" "Mozilla/5.0 (Macintosh; Intel Mac OS X 10_7_0) AppleWebKit/535.7 (KHTML, like Gecko) Chrome/16.0.912.75 Safari/535.7"
92.7.135.73 - - [29/Jan/2012:15:28:41 -0500] "GET /sgi_indy/indy_rear.jpg HTTP/1.1" 200 24773 "http://www.obsolyte.com/sgi_indy/" "Mozilla/5.0 (Macintosh; Intel Mac OS X 10_7_0) AppleWebKit/535.7 (KHTML, like Gecko) Chrome/16.0.912.75 Safari/535.7"
92.7.135.73 - - [29/Jan/2012:15:28:41 -0500] "GET /sgi_indy/hotbox.jpg HTTP/1.1" 200 90395 "http://www.obsolyte.com/sgi_indy/" "Mozilla/5.0 (Macintosh; Intel Mac OS X 10_7_0) AppleWebKit/535.7 (KHTML, like Gecko) Chrome/16.0.912.75 Safari/535.7"
92.7.135.73 - - [29/Jan/2012:15:28:51 -0500] "GET /favicon.ico HTTP/1.1" 200 318 "-" "Mozilla/5.0 (Macintosh; Intel Mac OS X 10_7_0) AppleWebKit/535.7 (KHTML, like Gecko) Chrome/16.0.912.75 Safari/535.7"
80.40.134.103 - - [29/Jan/2012:15:29:12 -0500] "GET /sgi_indy/ HTTP/1.0" 200 6745 "http://www.obsolyte.com/sgi_indy/" "Mozilla/4.0 (compatible; MSIE 8.0; Windows NT 5.1; Trident/4.0; .NET CLR 2.0.50727; .NET CLR 3.0.04506.648; .NET CLR 3.5.21022; .NET CLR 3.0.4506.2152; .NET CLR 3.5.30729; InfoPath.2)"
195.241.230.138 - - [29/Jan/2012:15:36:05 -0500] "GET /next/next_slab.gif HTTP/1.1" 200 41328 "http://www.google.nl/search?q=next+computer&hl=nl&client=safari&tbo=u&tbm=isch&source=univ&sa=X&ei=aYMlT4qmG9CaOsTRsLAI&sqi=2&ved=0CFMQsAQ&biw=1024&bih=644" "Mozilla/5.0 (iPad; CPU OS 5_0_1 like Mac OS X) AppleWebKit/534.46 (KHTML, like Gecko) Version/5.1 Mobile/9A405 Safari/7534.48.3"
212.227.127.165 - - [29/Jan/2012:15:38:57 -0500] "GET / HTTP/1.0" 200 10308 "-" "Mozilla/5.0 (compatible; Baiduspider/2.0; +http://www.baidu.com/search/spider.html)"
83.149.3.160 - - [29/Jan/2012:15:43:34 -0500] "GET /sunPICS/sparc_vme/4630_systemboard.jpg HTTP/1.1" 200 73380 "http://www.skolldecal.com/files/materinskaya-plata-ga-_-6vtxe-drayvera-bios-skachat.html" "Mozilla/5.0 (Windows NT 6.1; WOW64) AppleWebKit/535.7 (KHTML, like Gecko) Chrome/16.0.912.77 Safari/535.7"
65.52.108.146 - - [29/Jan/2012:15:43:35 -0500] "GET /robots.txt HTTP/1.1" 404 286 "-" "Mozilla/5.0 (compatible; bingbot/2.0; +http://www.bing.com/bingbot.htm)"
189.51.236.51 - - [29/Jan/2012:15:43:47 -0500] "GET /next/ HTTP/1.1" 200 6924 "http://www.google.com.br/imgres?imgurl=http://www.obsolyte.com/next/next_slab.gif&imgrefurl=http://www.obsolyte.com/next/&usg=__Vwmfi257xTRydHz__EsnHCuCgwM=&h=262&w=360&sz=41&hl=en&start=18&zoom=1&tbnid=OeiRGk9fPlDY_M:&tbnh=88&tbnw=121&ei=IYUlT8fqBZPxggeP8NiwBA&prev=/search%3Fq%3Dnext%2Bjobs%26um%3D1%26hl%3Den%26sa%3DN%26biw%3D1280%26bih%3D909%26tbm%3Disch&um=1&itbs=1" "Mozilla/5.0 (Windows NT 5.1) AppleWebKit/535.7 (KHTML, like Gecko) Chrome/16.0.912.77 Safari/535.7"
189.51.236.51 - - [29/Jan/2012:15:43:50 -0500] "GET /next/m_slab_rear.jpg HTTP/1.1" 200 10473 "http://www.obsolyte.com/next/" "Mozilla/5.0 (Windows NT 5.1) AppleWebKit/535.7 (KHTML, like Gecko) Chrome/16.0.912.77 Safari/535.7"
189.51.236.51 - - [29/Jan/2012:15:43:50 -0500] "GET /next/m_slab_rear.gif HTTP/1.1" 200 3317 "http://www.obsolyte.com/next/" "Mozilla/5.0 (Windows NT 5.1) AppleWebKit/535.7 (KHTML, like Gecko) Chrome/16.0.912.77 Safari/535.7"
189.51.236.51 - - [29/Jan/2012:15:43:54 -0500] "GET /next/next_slab.gif HTTP/1.1" 200 41328 "http://www.google.com.br/imgres?imgurl=http://www.obsolyte.com/next/next_slab.gif&imgrefurl=http://www.obsolyte.com/next/&usg=__Vwmfi257xTRydHz__EsnHCuCgwM=&h=262&w=360&sz=41&hl=en&start=18&zoom=1&tbnid=OeiRGk9fPlDY_M:&tbnh=88&tbnw=121&ei=IYUlT8fqBZPxggeP8NiwBA&prev=/search%3Fq%3Dnext%2Bjobs%26um%3D1%26hl%3Den%26sa%3DN%26biw%3D1280%26bih%3D909%26tbm%3Disch&um=1&itbs=1" "Mozilla/5.0 (Windows NT 5.1) AppleWebKit/535.7 (KHTML, like Gecko) Chrome/16.0.912.77 Safari/535.7"
189.51.236.51 - - [29/Jan/2012:15:43:56 -0500] "GET /next/m_slab_int.jpg HTTP/1.1" 200 65257 "http://www.obsolyte.com/next/" "Mozilla/5.0 (Windows NT 5.1) AppleWebKit/535.7 (KHTML, like Gecko) Chrome/16.0.912.77 Safari/535.7"
207.46.204.234 - - [29/Jan/2012:15:44:30 -0500] "GET /docs/minicom-1.82.1/doc/ChangeLog HTTP/1.1" 404 309 "-" "Mozilla/5.0 (compatible; bingbot/2.0; +http://www.bing.com/bingbot.htm)"
66.249.71.76 - - [29/Jan/2012:15:45:48 -0500] "GET /sgi_indigo2/indigo2.pdf HTTP/1.1" 304 - "-" "Mozilla/5.0 (compatible; Googlebot/2.1; +http://www.google.com/bot.html)"
99.239.40.248 - - [29/Jan/2012:15:47:29 -0500] "GET /next/next_slab.gif HTTP/1.1" 200 41328 "http://www.google.ca/search?q=NeXT+computers&oe=UTF-8&hl=en&client=safari&um=1&ie=UTF-8&tbm=isch&source=og&sa=N&tab=wi&ei=F4YlT_wvgYXRAYqkhIkJ&biw=1024&bih=672&sei=OoYlT-neFuLx0gHD2Y30AQ" "Mozilla/5.0 (iPad; CPU OS 5_0_1 like Mac OS X) AppleWebKit/534.46 (KHTML, like Gecko) Version/5.1 Mobile/9A405 Safari/7534.48.3"
199.21.99.68 - - [29/Jan/2012:15:50:22 -0500] "GET /sgi_indigo2/indigo2.pdf HTTP/1.1" 200 4738199 "-" "Mozilla/5.0 (compatible; YandexBot/3.0; +http://yandex.com/bots)"
50.97.96.103 - - [29/Jan/2012:15:55:34 -0500] "HEAD / HTTP/1.1" 200 0 "http://trainer4you.com" "Mozilla/4.0 (compatible; MSIE 7.0; Windows NT 5.1; .NET CLR 1.1.4322; .NET CLR 2.0.50727; .NET CLR 3.0.04506.30)"
190.251.42.189 - - [29/Jan/2012:16:00:22 -0500] "GET /next/next_slab.gif HTTP/1.1" 200 41328 "http://www.google.com.co/search?q=next+computer&hl=es&client=safari&tbo=d&source=lnms&tbm=isch&ei=8YglT5y3DIrvggfQ74HsDg&sa=X&oi=mode_link&ct=mode&cd=2&ved=0CAkQ_AUoAQ&biw=1024&bih=672" "Mozilla/5.0 (iPad; CPU OS 5_0_1 like Mac OS X) AppleWebKit/534.46 (KHTML, like Gecko) Version/5.1 Mobile/9A405 Safari/7534.48.3"
74.68.97.72 - - [29/Jan/2012:16:02:58 -0500] "GET /next/next_slab.gif HTTP/1.1" 200 41328 "http://www.google.com/search?q=next+computer&oe=UTF-8&hl=en&client=safari&um=1&ie=UTF-8&tbm=isch&source=og&sa=N&tab=wi&ei=r4klT8HOEoyq0AHUhpWECQ&biw=768&bih=928&sei=soklT6viB-Tw0gHa-dH3CA" "Mozilla/5.0 (iPad; CPU OS 5_0_1 like Mac OS X) AppleWebKit/534.46 (KHTML, like Gecko) Version/5.1 Mobile/9A405 Safari/7534.48.3"
199.21.99.68 - - [29/Jan/2012:16:03:45 -0500] "GET /sun_ss5/ss5_service.pdf HTTP/1.1" 200 552246 "-" "Mozilla/5.0 (compatible; YandexBot/3.0; +http://yandex.com/bots)"
65.52.108.146 - - [29/Jan/2012:16:04:37 -0500] "GET /sun3/kernel/generic.html HTTP/1.1" 304 - "-" "Mozilla/5.0 (compatible; bingbot/2.0; +http://www.bing.com/bingbot.htm)"
38.101.148.126 - - [29/Jan/2012:16:08:46 -0500] "GET /sunPICS/CDS3000/sun2a.jpg HTTP/1.1" 200 36758 "-" "Mozilla/5.0 (compatible; discobot/2.0; +http://discoveryengine.com/discobot.html)"
38.101.148.126 - - [29/Jan/2012:16:08:47 -0500] "GET /sunPICS/framebuffer/cg3.jpg HTTP/1.1" 200 7779 "-" "Mozilla/5.0 (compatible; discobot/2.0; +http://discoveryengine.com/discobot.html)"
70.188.165.39 - - [29/Jan/2012:16:14:19 -0500] "GET /faq/ HTTP/1.1" 200 11077 "http://www.google.com/url?sa=t&rct=j&q=&esrc=s&source=web&cd=1&ved=0CCcQFjAA&url=http%3A%2F%2Fwww.obsolyte.com%2Ffaq%2F&ei=KIwlT_OBH4TosQLimeGMAg&usg=AFQjCNG92IvUm-kblugjnr6Gus98tF6pJQ" "Mozilla/5.0 (Windows NT 6.1; WOW64; rv:9.0.1) Gecko/20100101 Firefox/9.0.1"
70.188.165.39 - - [29/Jan/2012:16:14:19 -0500] "GET /faq/scsi.gif HTTP/1.1" 200 953 "http://www.obsolyte.com/faq/" "Mozilla/5.0 (Windows NT 6.1; WOW64; rv:9.0.1) Gecko/20100101 Firefox/9.0.1"
70.188.165.39 - - [29/Jan/2012:16:14:19 -0500] "GET /faq/scsisetting.gif HTTP/1.1" 200 4729 "http://www.obsolyte.com/faq/" "Mozilla/5.0 (Windows NT 6.1; WOW64; rv:9.0.1) Gecko/20100101 Firefox/9.0.1"
70.188.165.39 - - [29/Jan/2012:16:14:19 -0500] "GET /faq/ide.jpg HTTP/1.1" 200 40416 "http://www.obsolyte.com/faq/" "Mozilla/5.0 (Windows NT 6.1; WOW64; rv:9.0.1) Gecko/20100101 Firefox/9.0.1"
70.188.165.39 - - [29/Jan/2012:16:14:19 -0500] "GET /faq/50pinscsi.jpg HTTP/1.1" 200 41828 "http://www.obsolyte.com/faq/" "Mozilla/5.0 (Windows NT 6.1; WOW64; rv:9.0.1) Gecko/20100101 Firefox/9.0.1"
70.188.165.39 - - [29/Jan/2012:16:14:19 -0500] "GET /faq/scascsi.jpg HTTP/1.1" 200 35727 "http://www.obsolyte.com/faq/" "Mozilla/5.0 (Windows NT 6.1; WOW64; rv:9.0.1) Gecko/20100101 Firefox/9.0.1"
70.188.165.39 - - [29/Jan/2012:16:14:19 -0500] "GET /faq/68pinscsi.jpg HTTP/1.1" 200 35244 "http://www.obsolyte.com/faq/" "Mozilla/5.0 (Windows NT 6.1; WOW64; rv:9.0.1) Gecko/20100101 Firefox/9.0.1"
70.188.165.39 - - [29/Jan/2012:16:14:20 -0500] "GET /faq/sca_adapter_ondrive.jpg HTTP/1.1" 200 57056 "http://www.obsolyte.com/faq/" "Mozilla/5.0 (Windows NT 6.1; WOW64; rv:9.0.1) Gecko/20100101 Firefox/9.0.1"
70.188.165.39 - - [29/Jan/2012:16:14:20 -0500] "GET /faq/sca_adapter.jpg HTTP/1.1" 200 89442 "http://www.obsolyte.com/faq/" "Mozilla/5.0 (Windows NT 6.1; WOW64; rv:9.0.1) Gecko/20100101 Firefox/9.0.1"
70.188.165.39 - - [29/Jan/2012:16:14:21 -0500] "GET /favicon.ico HTTP/1.1" 200 318 "-" "Mozilla/5.0 (Windows NT 6.1; WOW64; rv:9.0.1) Gecko/20100101 Firefox/9.0.1"
199.21.99.68 - - [29/Jan/2012:16:14:56 -0500] "GET /sunFAQ/faq_sparcbook.txt HTTP/1.1" 200 12251 "-" "Mozilla/5.0 (compatible; YandexBot/3.0; +http://yandex.com/bots)"
199.21.99.68 - - [29/Jan/2012:16:15:01 -0500] "GET /sunFAQ/faq_sparcbook.txt HTTP/1.1" 200 28206 "-" "Mozilla/5.0 (compatible; YandexBot/3.0; +http://yandex.com/bots)"
24.49.234.75 - - [29/Jan/2012:16:17:57 -0500] "GET /next/next_slab.gif HTTP/1.1" 200 41328 "http://www.google.ca/search?hl=fr&client=safari&tbo=d&biw=768&bih=928&tbm=isch&sa=1&q=NeXT+computer&oq=NeXT+computer&aq=f&aqi=g1g-S3&aql=&gs_sm=e&gs_upl=12303l20061l0l20863l23l23l3l10l1l0l188l1215l1.9l10l0" "Mozilla/5.0 (iPad; CPU OS 5_0_1 like Mac OS X) AppleWebKit/534.46 (KHTML, like Gecko) Version/5.1 Mobile/9A405 Safari/7534.48.3"
65.255.37.206 - - [29/Jan/2012:16:19:06 -0500] "GET /images/next_logo.gif HTTP/1.1" 200 1864 "http://hiltop.wen.ru/hilltop.html?693" "samsung gt-b3410/UC Browser8.0.3.107/69/444, SAMSUNG-GT-B3410/1.0 Profile/MIDP-2.0 Configuration/CLDC-1.1 UP.Browser/6.2.3.3.c.1.102 (GUI) MMP/2.0 Untrusted/1.0"
99.55.244.135 - - [29/Jan/2012:16:21:14 -0500] "GET /next/next_slab.gif HTTP/1.1" 200 41328 "http://www.google.com/search?q=next+computer&hl=en&client=safari&tbo=u&tbm=isch&source=univ&sa=X&ei=DY4lT-zPM43PgAew7KyTCQ&ved=0CFQQsAQ&biw=768&bih=928" "Mozilla/5.0 (iPad; CPU OS 5_0_1 like Mac OS X) AppleWebKit/534.46 (KHTML, like Gecko) Version/5.1 Mobile/9A405 Safari/7534.48.3"
157.55.17.148 - - [29/Jan/2012:16:23:08 -0500] "GET /robots.txt HTTP/1.1" 404 286 "-" "Mozilla/5.0 (compatible; bingbot/2.0; +http://www.bing.com/bingbot.htm)"
72.201.207.122 - - [29/Jan/2012:16:23:51 -0500] "GET /faq/ HTTP/1.1" 200 11077 "http://www.google.com/url?sa=t&rct=j&q=what%20is%2050%20pin%20scsi&source=web&cd=6&sqi=2&ved=0CFsQFjAF&url=http%3A%2F%2Fwww.obsolyte.com%2Ffaq%2F&ei=to4lT-LJLs2ksQLPirWMAg&usg=AFQjCNG92IvUm-kblugjnr6Gus98tF6pJQ" "Mozilla/5.0 (compatible; MSIE 9.0; Windows NT 6.1; WOW64; Trident/5.0)"
199.21.99.68 - - [29/Jan/2012:16:23:51 -0500] "GET /sunFAQ/ HTTP/1.1" 200 8342 "-" "Mozilla/5.0 (compatible; YandexBot/3.0; +http://yandex.com/bots)"
72.201.207.122 - - [29/Jan/2012:16:23:51 -0500] "GET /faq/scsi.gif HTTP/1.1" 200 953 "http://www.obsolyte.com/faq/" "Mozilla/5.0 (compatible; MSIE 9.0; Windows NT 6.1; WOW64; Trident/5.0)"
72.201.207.122 - - [29/Jan/2012:16:23:52 -0500] "GET /faq/ide.jpg HTTP/1.1" 200 40416 "http://www.obsolyte.com/faq/" "Mozilla/5.0 (compatible; MSIE 9.0; Windows NT 6.1; WOW64; Trident/5.0)"
72.201.207.122 - - [29/Jan/2012:16:23:52 -0500] "GET /faq/68pinscsi.jpg HTTP/1.1" 200 35244 "http://www.obsolyte.com/faq/" "Mozilla/5.0 (compatible; MSIE 9.0; Windows NT 6.1; WOW64; Trident/5.0)"
72.201.207.122 - - [29/Jan/2012:16:23:52 -0500] "GET /faq/scsisetting.gif HTTP/1.1" 200 4729 "http://www.obsolyte.com/faq/" "Mozilla/5.0 (compatible; MSIE 9.0; Windows NT 6.1; WOW64; Trident/5.0)"
72.201.207.122 - - [29/Jan/2012:16:23:52 -0500] "GET /faq/scascsi.jpg HTTP/1.1" 200 35727 "http://www.obsolyte.com/faq/" "Mozilla/5.0 (compatible; MSIE 9.0; Windows NT 6.1; WOW64; Trident/5.0)"
72.201.207.122 - - [29/Jan/2012:16:23:52 -0500] "GET /faq/50pinscsi.jpg HTTP/1.1" 200 41828 "http://www.obsolyte.com/faq/" "Mozilla/5.0 (compatible; MSIE 9.0; Windows NT 6.1; WOW64; Trident/5.0)"
72.201.207.122 - - [29/Jan/2012:16:23:52 -0500] "GET /faq/sca_adapter_ondrive.jpg HTTP/1.1" 200 57056 "http://www.obsolyte.com/faq/" "Mozilla/5.0 (compatible; MSIE 9.0; Windows NT 6.1; WOW64; Trident/5.0)"
72.201.207.122 - - [29/Jan/2012:16:23:52 -0500] "GET /faq/sca_adapter.jpg HTTP/1.1" 200 89442 "http://www.obsolyte.com/faq/" "Mozilla/5.0 (compatible; MSIE 9.0; Windows NT 6.1; WOW64; Trident/5.0)"
72.201.207.122 - - [29/Jan/2012:16:23:53 -0500] "GET /favicon.ico HTTP/1.1" 200 318 "-" "Mozilla/5.0 (compatible; MSIE 9.0; Windows NT 6.1; WOW64; Trident/5.0)"
79.10.94.98 - - [29/Jan/2012:16:25:07 -0500] "GET /next/next_slab.gif HTTP/1.1" 200 41328 "http://www.google.it/search?q=next+computer&hl=it&client=safari&um=1&ie=UTF-8&tbm=isch&source=og&sa=N&tab=wi&ei=l3wlT6fqF-Hm4QTEyLj6DA&biw=1024&bih=672&sei=sY0lT_yOI-b54QT2xtX6DA" "Mozilla/5.0 (iPad; CPU OS 5_0_1 like Mac OS X) AppleWebKit/534.46 (KHTML, like Gecko) Version/5.1 Mobile/9A405 Safari/7534.48.3"
82.98.160.142 - - [29/Jan/2012:16:27:41 -0500] "GET //index.php?option=com_kochsuite&Itemid=&mosConfig_absolute_path=test HTTP/1.1" 404 286 "-" "Mozilla/5.0 (Windows; U; Windows NT 5.1; it; rv:1.8.1) Gecko/20060918 Firefox/2.0"
82.98.160.142 - - [29/Jan/2012:16:27:44 -0500] "GET //index.php?option=com_kochsuite&Itemid=&mosConfig_absolute_path=test? HTTP/1.1" 404 286 "-" "Mozilla/5.0 (Windows; U; Windows NT 5.1; it; rv:1.8.1) Gecko/20060918 Firefox/2.0"
82.98.160.142 - - [29/Jan/2012:16:27:46 -0500] "GET //index.php?option=com_kochsuite&Itemid=&mosConfig_absolute_path=test?? HTTP/1.1" 404 286 "-" "Mozilla/5.0 (Windows; U; Windows NT 5.1; it; rv:1.8.1) Gecko/20060918 Firefox/2.0"
82.98.160.142 - - [29/Jan/2012:16:27:48 -0500] "GET //index.php?option=com_kochsuite&Itemid=&mosConfig_absolute_path=http://img.youtube.com.ignorelist.com:55000/.google/byroe.php HTTP/1.1" 404 286 "-" "Mozilla/5.0 (Windows; U; Windows NT 5.1; it; rv:1.8.1) Gecko/20060918 Firefox/2.0"
82.98.160.142 - - [29/Jan/2012:16:27:50 -0500] "GET //index.php?option=com_kochsuite&Itemid=&mosConfig_absolute_path=http://img.youtube.com.ignorelist.com:55000/.google/byroe.php? HTTP/1.1" 404 286 "-" "Mozilla/5.0 (Windows; U; Windows NT 5.1; it; rv:1.8.1) Gecko/20060918 Firefox/2.0"
75.36.181.206 - - [29/Jan/2012:16:27:56 -0500] "GET /~techrat/ratrod/3.jpg HTTP/1.1" 200 1487479 "http://www.google.com/search?tbm=isch&hl=en&source=hp&q=vw+beetle+rat+rod&gbv=2&aq=0sS&aqi=g-sS2&aql=&oq=vw+bettle+rat&biw=1024&bih=672&sei=ro8lT4buDuPkiAK87YGKCA" "Mozilla/5.0 (iPad; CPU OS 5_0_1 like Mac OS X) AppleWebKit/534.46 (KHTML, like Gecko) Version/5.1 Mobile/9A405 Safari/7534.48.3"
157.55.17.148 - - [29/Jan/2012:16:28:41 -0500] "GET /sun380/ HTTP/1.1" 304 - "-" "Mozilla/5.0 (compatible; bingbot/2.0; +http://www.bing.com/bingbot.htm)"
75.210.52.65 - - [29/Jan/2012:16:29:14 -0500] "GET /personal/vwshow/disc2/MVC-001F.JPG HTTP/1.1" 200 65855 "http://www.thesamba.com/vw/forum/viewtopic.php?t=149769&postdays=0&postorder=asc&start=200" "Mozilla/4.0 (compatible; MSIE 7.0; Windows NT 6.1; WOW64; Trident/4.0; SLCC2; .NET CLR 2.0.50727; .NET CLR 3.5.30729; .NET CLR 3.0.30729; Media Center PC 6.0; MDDC; AskTbX-SD/5.12.5.17640; BRI/2)"
184.154.48.82 - - [29/Jan/2012:16:30:16 -0500] "GET /robots.txt HTTP/1.0" 404 274 "-" "Mozilla/5.0 (compatible; MJ12bot/v1.4.1; http://www.majestic12.co.uk/bot.php?+)"
184.154.48.82 - - [29/Jan/2012:16:30:18 -0500] "GET /learnc/ HTTP/1.0" 200 3564 "-" "Mozilla/5.0 (compatible; MJ12bot/v1.4.1; http://www.majestic12.co.uk/bot.php?+)"
199.21.99.68 - - [29/Jan/2012:16:32:30 -0500] "GET /sgiFAQ/ HTTP/1.1" 200 4281 "-" "Mozilla/5.0 (compatible; YandexBot/3.0; +http://yandex.com/bots)"
80.80.146.162 - - [29/Jan/2012:16:33:24 -0500] "GET /faq/ HTTP/1.1" 200 11077 "http://www.google.com/url?sa=t&rct=j&q=scsi%20id%20number&source=web&cd=3&ved=0CDwQFjAC&url=http%3A%2F%2Fwww.obsolyte.com%2Ffaq%2F&ei=85AlT8POIM2f-wa01dCrCA&usg=AFQjCNG92IvUm-kblugjnr6Gus98tF6pJQ" "Mozilla/5.0 (X11; U; Linux i686; en-US; rv:1.9.2.24) Gecko/20111107 Ubuntu/10.04 (lucid) Firefox/3.6.24"
80.80.146.162 - - [29/Jan/2012:16:33:24 -0500] "GET /faq/scsi.gif HTTP/1.1" 200 953 "http://www.obsolyte.com/faq/" "Mozilla/5.0 (X11; U; Linux i686; en-US; rv:1.9.2.24) Gecko/20111107 Ubuntu/10.04 (lucid) Firefox/3.6.24"
80.80.146.162 - - [29/Jan/2012:16:33:24 -0500] "GET /faq/ide.jpg HTTP/1.1" 200 40416 "http://www.obsolyte.com/faq/" "Mozilla/5.0 (X11; U; Linux i686; en-US; rv:1.9.2.24) Gecko/20111107 Ubuntu/10.04 (lucid) Firefox/3.6.24"
80.80.146.162 - - [29/Jan/2012:16:33:24 -0500] "GET /faq/scsisetting.gif HTTP/1.1" 200 4729 "http://www.obsolyte.com/faq/" "Mozilla/5.0 (X11; U; Linux i686; en-US; rv:1.9.2.24) Gecko/20111107 Ubuntu/10.04 (lucid) Firefox/3.6.24"
80.80.146.162 - - [29/Jan/2012:16:33:24 -0500] "GET /faq/scascsi.jpg HTTP/1.1" 200 35727 "http://www.obsolyte.com/faq/" "Mozilla/5.0 (X11; U; Linux i686; en-US; rv:1.9.2.24) Gecko/20111107 Ubuntu/10.04 (lucid) Firefox/3.6.24"
80.80.146.162 - - [29/Jan/2012:16:33:24 -0500] "GET /faq/50pinscsi.jpg HTTP/1.1" 200 41828 "http://www.obsolyte.com/faq/" "Mozilla/5.0 (X11; U; Linux i686; en-US; rv:1.9.2.24) Gecko/20111107 Ubuntu/10.04 (lucid) Firefox/3.6.24"
80.80.146.162 - - [29/Jan/2012:16:33:24 -0500] "GET /faq/68pinscsi.jpg HTTP/1.1" 200 35244 "http://www.obsolyte.com/faq/" "Mozilla/5.0 (X11; U; Linux i686; en-US; rv:1.9.2.24) Gecko/20111107 Ubuntu/10.04 (lucid) Firefox/3.6.24"
80.80.146.162 - - [29/Jan/2012:16:33:24 -0500] "GET /faq/sca_adapter_ondrive.jpg HTTP/1.1" 200 57056 "http://www.obsolyte.com/faq/" "Mozilla/5.0 (X11; U; Linux i686; en-US; rv:1.9.2.24) Gecko/20111107 Ubuntu/10.04 (lucid) Firefox/3.6.24"
80.80.146.162 - - [29/Jan/2012:16:33:25 -0500] "GET /faq/sca_adapter.jpg HTTP/1.1" 200 89442 "http://www.obsolyte.com/faq/" "Mozilla/5.0 (X11; U; Linux i686; en-US; rv:1.9.2.24) Gecko/20111107 Ubuntu/10.04 (lucid) Firefox/3.6.24"
80.80.146.162 - - [29/Jan/2012:16:33:25 -0500] "GET /favicon.ico HTTP/1.1" 200 318 "-" "Mozilla/5.0 (X11; U; Linux i686; en-US; rv:1.9.2.24) Gecko/20111107 Ubuntu/10.04 (lucid) Firefox/3.6.24"
123.125.71.19 - - [29/Jan/2012:16:37:15 -0500] "GET /next/next_slab.gif HTTP/1.1" 200 41328 "-" "Baiduspider-image+(+http://www.baidu.com/search/spider.htm)"
71.35.96.206 - - [29/Jan/2012:16:38:23 -0500] "GET /vanagon/VanagonProTraining/86Vanagon/059.jpg HTTP/1.1" 200 91538 "-" "Mozilla/5.0 (Macintosh; U; PPC Mac OS X 10.5; en-US; rv:1.9.2.25) Gecko/20111212 Firefox/3.6.25"
180.76.6.211 - - [29/Jan/2012:16:39:28 -0500] "GET / HTTP/1.1" 200 10308 "-" "Mozilla/5.0 (compatible; Baiduspider/2.0; +http://www.baidu.com/search/spider.html)"
199.21.99.68 - - [29/Jan/2012:16:41:34 -0500] "GET /sunFAQ/faq_framebuffer/framebuffer.html HTTP/1.1" 200 105424 "-" "Mozilla/5.0 (compatible; YandexBot/3.0; +http://yandex.com/bots)"
72.225.41.118 - - [29/Jan/2012:16:41:39 -0500] "GET /favicon.gif HTTP/1.1" 200 887 "-" "Mozilla/5.0 (X11; Linux x86_64; rv:9.0.1) Gecko/20100101 Firefox/9.0.1"
72.225.41.118 - - [29/Jan/2012:16:42:09 -0500] "GET / HTTP/1.1" 200 10308 "-" "Mozilla/5.0 (X11; Linux x86_64; rv:9.0.1) Gecko/20100101 Firefox/9.0.1"
72.225.41.118 - - [29/Jan/2012:16:42:09 -0500] "GET /images/title4.gif HTTP/1.1" 200 4678 "http://obsolyte.com/" "Mozilla/5.0 (X11; Linux x86_64; rv:9.0.1) Gecko/20100101 Firefox/9.0.1"
72.225.41.118 - - [29/Jan/2012:16:42:09 -0500] "GET /images/paper.gif HTTP/1.1" 200 1593 "http://obsolyte.com/" "Mozilla/5.0 (X11; Linux x86_64; rv:9.0.1) Gecko/20100101 Firefox/9.0.1"
72.225.41.118 - - [29/Jan/2012:16:42:09 -0500] "GET /images/next_logo.gif HTTP/1.1" 200 1864 "http://obsolyte.com/" "Mozilla/5.0 (X11; Linux x86_64; rv:9.0.1) Gecko/20100101 Firefox/9.0.1"
72.225.41.118 - - [29/Jan/2012:16:42:09 -0500] "GET /images/sun_logo.gif HTTP/1.1" 200 1477 "http://obsolyte.com/" "Mozilla/5.0 (X11; Linux x86_64; rv:9.0.1) Gecko/20100101 Firefox/9.0.1"
72.225.41.118 - - [29/Jan/2012:16:42:09 -0500] "GET /images/sgi_logo.gif HTTP/1.1" 200 2157 "http://obsolyte.com/" "Mozilla/5.0 (X11; Linux x86_64; rv:9.0.1) Gecko/20100101 Firefox/9.0.1"
72.225.41.118 - - [29/Jan/2012:16:42:09 -0500] "GET /images/ipx_grain2.jpg HTTP/1.1" 200 15083 "http://obsolyte.com/" "Mozilla/5.0 (X11; Linux x86_64; rv:9.0.1) Gecko/20100101 Firefox/9.0.1"
72.225.41.118 - - [29/Jan/2012:16:42:09 -0500] "GET /images/digital_logo.gif HTTP/1.1" 200 1057 "http://obsolyte.com/" "Mozilla/5.0 (X11; Linux x86_64; rv:9.0.1) Gecko/20100101 Firefox/9.0.1"
82.98.160.142 - - [29/Jan/2012:16:42:21 -0500] "GET //index.php?option=com_flyspray&Itemid=&mosConfig_absolute_path=test HTTP/1.1" 404 286 "-" "Mozilla/5.0 (Windows; U; Windows NT 5.1; it; rv:1.8.1) Gecko/20060918 Firefox/2.0"
82.98.160.142 - - [29/Jan/2012:16:42:24 -0500] "GET //index.php?option=com_flyspray&Itemid=&mosConfig_absolute_path=test? HTTP/1.1" 404 286 "-" "Mozilla/5.0 (Windows; U; Windows NT 5.1; it; rv:1.8.1) Gecko/20060918 Firefox/2.0"
82.98.160.142 - - [29/Jan/2012:16:42:26 -0500] "GET //index.php?option=com_flyspray&Itemid=&mosConfig_absolute_path=test?? HTTP/1.1" 404 286 "-" "Mozilla/5.0 (Windows; U; Windows NT 5.1; it; rv:1.8.1) Gecko/20060918 Firefox/2.0"
82.98.160.142 - - [29/Jan/2012:16:42:28 -0500] "GET //index.php?option=com_flyspray&Itemid=&mosConfig_absolute_path=http://img.youtube.com.ignorelist.com:55000/.google/byroe.php HTTP/1.1" 404 286 "-" "Mozilla/5.0 (Windows; U; Windows NT 5.1; it; rv:1.8.1) Gecko/20060918 Firefox/2.0"
82.98.160.142 - - [29/Jan/2012:16:42:30 -0500] "GET //index.php?option=com_flyspray&Itemid=&mosConfig_absolute_path=http://img.youtube.com.ignorelist.com:55000/.google/byroe.php? HTTP/1.1" 404 286 "-" "Mozilla/5.0 (Windows; U; Windows NT 5.1; it; rv:1.8.1) Gecko/20060918 Firefox/2.0"
99.62.133.110 - - [29/Jan/2012:16:45:32 -0500] "GET /~techrat/vw_spotters/vw_bus_f.jpg HTTP/1.1" 200 37505 "http://www.google.com/search?q=pictures+of+vw+buses&ie=UTF-8&oe=UTF-8&hl=en&client=safari" "Mozilla/5.0 (iPad; U; CPU OS 4_3_5 like Mac OS X; en-us) AppleWebKit/533.17.9 (KHTML, like Gecko) Version/5.0.2 Mobile/8L1 Safari/6533.18.5"
217.212.224.183 - - [29/Jan/2012:16:47:46 -0500] "GET /~strabal/lucypics/fanfiction/COD.jpg HTTP/1.0" 200 85890 "-" "psbot/0.1 (+http://www.picsearch.com/bot.html)"
209.131.38.42 - - [29/Jan/2012:16:49:32 -0500] "GET /~techrat/ratrod/1.jpg HTTP/1.1" 200 1436691 "-" "Mozilla/5.0 (iPhone; U; CPU iPhone OS 4_3_4 like Mac OS X; en-us) AppleWebKit/533.17.9 (KHTML, like Gecko) Version/5.0.2 Mobile/8K2 Safari/6533.18.5"
199.21.99.68 - - [29/Jan/2012:16:50:13 -0500] "GET /sunFAQ/faq_hardware/hwref0.html HTTP/1.1" 200 6757 "-" "Mozilla/5.0 (compatible; YandexBot/3.0; +http://yandex.com/bots)"
65.52.109.199 - - [29/Jan/2012:16:51:08 -0500] "GET /robots.txt HTTP/1.1" 404 286 "-" "Mozilla/5.0 (compatible; bingbot/2.0; +http://www.bing.com/bingbot.htm)"
65.52.109.199 - - [29/Jan/2012:16:51:59 -0500] "GET /sgi_indigo2/ HTTP/1.1" 304 - "-" "Mozilla/5.0 (compatible; bingbot/2.0; +http://www.bing.com/bingbot.htm)"
89.215.90.132 - - [29/Jan/2012:16:56:57 -0500] "GET /news.html HTTP/1.1" 200 6754 "http://www.obsolyte.com/" "Mozilla/5.0 (Windows NT 5.1; rv:9.0.1) Gecko/20100101 Firefox/9.0.1"
173.57.113.34 - - [29/Jan/2012:16:57:07 -0500] "GET /images/logo_small.gif HTTP/1.1" 200 4441 "http://obsolyte.com/sunFAQ/serial/" "Mozilla/5.0 (compatible; MSIE 9.0; Windows NT 6.1; WOW64; Trident/5.0)"
173.57.113.34 - - [29/Jan/2012:16:57:07 -0500] "GET /sunFAQ/serial/ HTTP/1.1" 200 13600 "-" "Mozilla/5.0 (compatible; MSIE 9.0; Windows NT 6.1; WOW64; Trident/5.0)"
173.57.113.34 - - [29/Jan/2012:16:57:07 -0500] "GET /images/logo_small.gif HTTP/1.1" 200 4441 "http://obsolyte.com/sunFAQ/serial/" "Mozilla/5.0 (compatible; MSIE 9.0; Windows NT 6.1; WOW64; Trident/5.0)"
173.57.113.34 - - [29/Jan/2012:16:57:07 -0500] "GET /sunFAQ/serial/9.gif HTTP/1.1" 200 2263 "http://obsolyte.com/sunFAQ/serial/" "Mozilla/5.0 (compatible; MSIE 9.0; Windows NT 6.1; WOW64; Trident/5.0)"
173.57.113.34 - - [29/Jan/2012:16:57:07 -0500] "GET /sunFAQ/serial/null_modem.jpg HTTP/1.1" 200 11445 "http://obsolyte.com/sunFAQ/serial/" "Mozilla/5.0 (compatible; MSIE 9.0; Windows NT 6.1; WOW64; Trident/5.0)"
173.57.113.34 - - [29/Jan/2012:16:57:07 -0500] "GET /sunFAQ/serial/8-25.gif HTTP/1.1" 200 4067 "http://obsolyte.com/sunFAQ/serial/" "Mozilla/5.0 (compatible; MSIE 9.0; Windows NT 6.1; WOW64; Trident/5.0)"
173.57.113.34 - - [29/Jan/2012:16:57:07 -0500] "GET /sunFAQ/serial/pin_ports.jpg HTTP/1.1" 200 15579 "http://obsolyte.com/sunFAQ/serial/" "Mozilla/5.0 (compatible; MSIE 9.0; Windows NT 6.1; WOW64; Trident/5.0)"
173.57.113.34 - - [29/Jan/2012:16:57:07 -0500] "GET /sunFAQ/serial/9pin.jpg HTTP/1.1" 200 13877 "http://obsolyte.com/sunFAQ/serial/" "Mozilla/5.0 (compatible; MSIE 9.0; Windows NT 6.1; WOW64; Trident/5.0)"
66.249.71.179 - - [29/Jan/2012:16:57:07 -0500] "GET /sunFAQ/serial/ HTTP/1.1" 200 13600 "-" "Mediapartners-Google"
173.57.113.34 - - [29/Jan/2012:16:57:07 -0500] "GET /favicon.ico HTTP/1.1" 200 318 "-" "Mozilla/5.0 (compatible; MSIE 9.0; Windows NT 6.1; WOW64; Trident/5.0)"
199.21.99.68 - - [29/Jan/2012:16:59:05 -0500] "GET /sunFAQ/faq_framebuffer/colormapFAQ.html HTTP/1.1" 200 46293 "-" "Mozilla/5.0 (compatible; YandexBot/3.0; +http://yandex.com/bots)"
90.214.6.250 - - [29/Jan/2012:17:00:08 -0500] "GET /sun_ipx/ HTTP/1.1" 200 11586 "http://www.google.co.uk/url?sa=t&rct=j&q=sun+ipx&source=web&cd=1&ved=0CCgQFjAA&url=http%3A%2F%2Fwww.obsolyte.com%2Fsun_ipx%2F&ei=QZclT__EA6Ok0QX0qrnOCg&usg=AFQjCNGUcDrL1P3M5skbpLHa4KgTRw4KAw" "Mozilla/5.0 (Windows NT 6.1) AppleWebKit/535.7 (KHTML, like Gecko) Chrome/16.0.912.77 Safari/535.7"
90.214.6.250 - - [29/Jan/2012:17:00:08 -0500] "GET /sun_ipx/ipx_portrait.jpg HTTP/1.1" 200 17137 "http://www.obsolyte.com/sun_ipx/" "Mozilla/5.0 (Windows NT 6.1) AppleWebKit/535.7 (KHTML, like Gecko) Chrome/16.0.912.77 Safari/535.7"
90.214.6.250 - - [29/Jan/2012:17:00:08 -0500] "GET /sun_ipx/sun4_50.gif HTTP/1.1" 200 5214 "http://www.obsolyte.com/sun_ipx/" "Mozilla/5.0 (Windows NT 6.1) AppleWebKit/535.7 (KHTML, like Gecko) Chrome/16.0.912.77 Safari/535.7"
90.214.6.250 - - [29/Jan/2012:17:00:09 -0500] "GET /sun_ipx/ipx_pup.jpg HTTP/1.1" 200 17885 "http://www.obsolyte.com/sun_ipx/" "Mozilla/5.0 (Windows NT 6.1) AppleWebKit/535.7 (KHTML, like Gecko) Chrome/16.0.912.77 Safari/535.7"
90.214.6.250 - - [29/Jan/2012:17:00:09 -0500] "GET /sun_ipx/ipx_cat.jpg HTTP/1.1" 200 22458 "http://www.obsolyte.com/sun_ipx/" "Mozilla/5.0 (Windows NT 6.1) AppleWebKit/535.7 (KHTML, like Gecko) Chrome/16.0.912.77 Safari/535.7"
90.214.6.250 - - [29/Jan/2012:17:00:09 -0500] "GET /sun_ipx/ipx_guts.jpg HTTP/1.1" 200 33096 "http://www.obsolyte.com/sun_ipx/" "Mozilla/5.0 (Windows NT 6.1) AppleWebKit/535.7 (KHTML, like Gecko) Chrome/16.0.912.77 Safari/535.7"
90.214.6.250 - - [29/Jan/2012:17:00:09 -0500] "GET /favicon.ico HTTP/1.1" 200 318 "-" "Mozilla/5.0 (Windows NT 6.1) AppleWebKit/535.7 (KHTML, like Gecko) Chrome/16.0.912.77 Safari/535.7"
140.128.102.183 - - [29/Jan/2012:17:00:34 -0500] "GET /logs//index.php?option=com_shoutbox&controller=..//..//..//..//..//..//..//..//..//..//..//..//..//..//..//proc/self/environ%00 HTTP/1.1" 404 291 "-" "libwww-perl/5.836"
140.128.102.183 - - [29/Jan/2012:17:00:34 -0500] "GET //index.php?option=com_shoutbox&controller=..//..//..//..//..//..//..//..//..//..//..//..//..//..//..//proc/self/environ%00 HTTP/1.1" 404 286 "-" "libwww-perl/5.836"
90.214.6.250 - - [29/Jan/2012:17:03:09 -0500] "GET /sun_ipx/hacks2.html HTTP/1.1" 200 7443 "http://www.obsolyte.com/sun_ipx/" "Mozilla/5.0 (Windows NT 6.1) AppleWebKit/535.7 (KHTML, like Gecko) Chrome/16.0.912.77 Safari/535.7"
178.137.167.64 - - [29/Jan/2012:17:03:36 -0500] "GET /sunFAQ/faq_nvram.html HTTP/1.0" 200 69181 "http://www.obsolyte.com/sunFAQ/faq_nvram.html" "Mozilla/4.0 (compatible; MSIE 6.0; Windows NT 5.2; WOW64; SV1; .NET CLR 2.0.50727)"
140.128.102.183 - - [29/Jan/2012:17:04:32 -0500] "GET /logs//index.php?option=com_juliaportfolio&controller=..//..//..//..//..//..//..//..//..//..//..//..//..//..//..//proc/self/environ%00 HTTP/1.1" 404 291 "-" "libwww-perl/5.836"
140.128.102.183 - - [29/Jan/2012:17:04:33 -0500] "GET //index.php?option=com_juliaportfolio&controller=..//..//..//..//..//..//..//..//..//..//..//..//..//..//..//proc/self/environ%00 HTTP/1.1" 404 286 "-" "libwww-perl/5.836"
93.63.190.66 - - [29/Jan/2012:17:04:37 -0500] "GET / HTTP/1.1" 200 10308 "-" "-"
93.63.190.66 - - [29/Jan/2012:17:04:40 -0500] "GET /about.html HTTP/1.1" 200 4981 "-" "-"
93.63.190.66 - - [29/Jan/2012:17:04:42 -0500] "GET /news.html HTTP/1.1" 200 6754 "-" "-"
93.63.190.66 - - [29/Jan/2012:17:04:45 -0500] "GET /sgi_iris/ HTTP/1.1" 200 8143 "-" "-"
140.128.102.183 - - [29/Jan/2012:17:06:11 -0500] "GET /logs//index.php?option=com_juliaportfolio&controller=..//..//..//..//..//..//..//..//..//..//..//..//..//..//..//proc/self/environ%00 HTTP/1.1" 404 291 "-" "libwww-perl/5.836"
140.128.102.183 - - [29/Jan/2012:17:06:12 -0500] "GET //index.php?option=com_juliaportfolio&controller=..//..//..//..//..//..//..//..//..//..//..//..//..//..//..//proc/self/environ%00 HTTP/1.1" 404 286 "-" "libwww-perl/5.836"
86.148.6.220 - - [29/Jan/2012:17:13:04 -0500] "GET /personal/vwshow/disc2/MVC-001F.JPG HTTP/1.1" 200 65855 "http://www.thesamba.com/vw/forum/viewtopic.php?t=149769&postdays=0&postorder=asc&start=200" "Mozilla/5.0 (Windows NT 6.1; WOW64) AppleWebKit/535.7 (KHTML, like Gecko) Chrome/16.0.912.77 Safari/535.7"
103.22.248.100 - - [29/Jan/2012:17:15:51 -0500] "GET /sun_ipx/ HTTP/1.0" 200 11586 "http://bit.ly/nl1b07" "Mozilla/4.0 (compatible; MSIE 6.0; Windows NT 5.1; Hotbar 3.0)"
83.8.84.142 - - [29/Jan/2012:17:17:43 -0500] "GET /~techrat/ratrod/2.jpg HTTP/1.1" 200 1405920 "http://www.garbiarnia.com/forum/viewtopic.php?t=12817&postdays=0&postorder=asc&start=630" "Opera/9.80 (Windows NT 6.1; U; pl) Presto/2.9.168 Version/11.50"
199.21.99.68 - - [29/Jan/2012:17:18:59 -0500] "GET /dec/multia/udb-man.pdf HTTP/1.1" 200 2269287 "-" "Mozilla/5.0 (compatible; YandexBot/3.0; +http://yandex.com/bots)"
74.12.20.37 - - [29/Jan/2012:17:19:49 -0500] "GET /dec/multia/udb-man.pdf HTTP/1.1" 200 2269287 "http://www.google.ca/url?sa=t&rct=j&q=dec%20multia&source=web&cd=2&ved=0CCwQFjAB&url=http%3A%2F%2Fwww.obsolyte.com%2Fdec%2Fmultia%2Fudb-man.pdf&ei=25slT7SNOcjy0gGav_jQCA&usg=AFQjCNHP6_3r_DQcB0nRf51Nv1UrnPkxyg" "Mozilla/5.0 (compatible; MSIE 9.0; Windows NT 6.1; WOW64; Trident/5.0)"
93.56.32.224 - - [29/Jan/2012:17:20:07 -0500] "GET / HTTP/1.1" 200 10308 "-" "Mozilla/5.0 (Macintosh; Intel Mac OS X 10_6_8) AppleWebKit/534.52.7 (KHTML, like Gecko)"
93.56.32.224 - - [29/Jan/2012:17:20:07 -0500] "GET /images/paper.gif HTTP/1.1" 200 1593 "http://obsolyte.com/" "Mozilla/5.0 (Macintosh; Intel Mac OS X 10_6_8) AppleWebKit/534.52.7 (KHTML, like Gecko)"
93.56.32.224 - - [29/Jan/2012:17:20:07 -0500] "GET /images/title4.gif HTTP/1.1" 200 4678 "http://obsolyte.com/" "Mozilla/5.0 (Macintosh; Intel Mac OS X 10_6_8) AppleWebKit/534.52.7 (KHTML, like Gecko)"
93.56.32.224 - - [29/Jan/2012:17:20:07 -0500] "GET /images/ipx_grain2.jpg HTTP/1.1" 200 15083 "http://obsolyte.com/" "Mozilla/5.0 (Macintosh; Intel Mac OS X 10_6_8) AppleWebKit/534.52.7 (KHTML, like Gecko)"
93.56.32.224 - - [29/Jan/2012:17:20:22 -0500] "GET /images/sgi_logo.gif HTTP/1.1" 200 2157 "http://obsolyte.com/" "Mozilla/5.0 (Macintosh; Intel Mac OS X 10_6_8) AppleWebKit/534.52.7 (KHTML, like Gecko)"
93.56.32.224 - - [29/Jan/2012:17:20:22 -0500] "GET /images/next_logo.gif HTTP/1.1" 200 1864 "http://obsolyte.com/" "Mozilla/5.0 (Macintosh; Intel Mac OS X 10_6_8) AppleWebKit/534.52.7 (KHTML, like Gecko)"
93.56.32.224 - - [29/Jan/2012:17:20:22 -0500] "GET /images/digital_logo.gif HTTP/1.1" 200 1057 "http://obsolyte.com/" "Mozilla/5.0 (Macintosh; Intel Mac OS X 10_6_8) AppleWebKit/534.52.7 (KHTML, like Gecko)"
93.56.32.224 - - [29/Jan/2012:17:20:22 -0500] "GET /images/sun_logo.gif HTTP/1.1" 200 1477 "http://obsolyte.com/" "Mozilla/5.0 (Macintosh; Intel Mac OS X 10_6_8) AppleWebKit/534.52.7 (KHTML, like Gecko)"
93.56.32.224 - - [29/Jan/2012:17:20:23 -0500] "GET /favicon.ico HTTP/1.1" 200 318 "http://obsolyte.com/" "Mozilla/5.0 (Macintosh; Intel Mac OS X 10_6_8) AppleWebKit/534.52.7 (KHTML, like Gecko)"
93.56.32.224 - - [29/Jan/2012:17:20:24 -0500] "GET /sunFAQ/scsi_info.html HTTP/1.1" 200 6269 "-" "Mozilla/5.0 (Macintosh; Intel Mac OS X 10_6_8) AppleWebKit/534.52.7 (KHTML, like Gecko)"
140.128.102.183 - - [29/Jan/2012:17:21:06 -0500] "GET /logs//index.php?option=com_weberpcustomer&controller=..//..//..//..//..//..//..//..//..//..//..//..//..//..//..//proc/self/environ%00 HTTP/1.1" 404 291 "-" "libwww-perl/5.836"
140.128.102.183 - - [29/Jan/2012:17:21:07 -0500] "GET //index.php?option=com_weberpcustomer&controller=..//..//..//..//..//..//..//..//..//..//..//..//..//..//..//proc/self/environ%00 HTTP/1.1" 404 286 "-" "libwww-perl/5.836"
140.128.102.183 - - [29/Jan/2012:17:21:12 -0500] "GET /logs//index.php?option=com_weberpcustomer&controller=..//..//..//..//..//..//..//..//..//..//..//..//..//..//..//proc/self/environ%00 HTTP/1.1" 404 291 "-" "libwww-perl/5.836"
140.128.102.183 - - [29/Jan/2012:17:21:12 -0500] "GET //index.php?option=com_weberpcustomer&controller=..//..//..//..//..//..//..//..//..//..//..//..//..//..//..//proc/self/environ%00 HTTP/1.1" 404 286 "-" "libwww-perl/5.836"
93.56.32.224 - - [29/Jan/2012:17:22:46 -0500] "GET /sun380/ HTTP/1.1" 200 7888 "-" "Mozilla/5.0 (Macintosh; Intel Mac OS X 10_6_8) AppleWebKit/534.52.7 (KHTML, like Gecko)"
93.56.32.224 - - [29/Jan/2012:17:22:47 -0500] "GET /sun380/front.jpg HTTP/1.1" 200 12924 "http://obsolyte.com/sun380/" "Mozilla/5.0 (Macintosh; Intel Mac OS X 10_6_8) AppleWebKit/534.52.7 (KHTML, like Gecko)"
93.56.32.224 - - [29/Jan/2012:17:22:47 -0500] "GET /sun380/serials.jpg HTTP/1.1" 200 17236 "http://obsolyte.com/sun380/" "Mozilla/5.0 (Macintosh; Intel Mac OS X 10_6_8) AppleWebKit/534.52.7 (KHTML, like Gecko)"
93.56.32.224 - - [29/Jan/2012:17:22:47 -0500] "GET /sun380/ports.jpg HTTP/1.1" 200 29768 "http://obsolyte.com/sun380/" "Mozilla/5.0 (Macintosh; Intel Mac OS X 10_6_8) AppleWebKit/534.52.7 (KHTML, like Gecko)"
93.56.32.224 - - [29/Jan/2012:17:22:47 -0500] "GET /sun380/cpu.jpg HTTP/1.1" 200 29605 "http://obsolyte.com/sun380/" "Mozilla/5.0 (Macintosh; Intel Mac OS X 10_6_8) AppleWebKit/534.52.7 (KHTML, like Gecko)"
93.56.32.224 - - [29/Jan/2012:17:22:47 -0500] "GET /sun380/3_80memory.gif HTTP/1.1" 200 62569 "http://obsolyte.com/sun380/" "Mozilla/5.0 (Macintosh; Intel Mac OS X 10_6_8) AppleWebKit/534.52.7 (KHTML, like Gecko)"
93.56.32.224 - - [29/Jan/2012:17:22:48 -0500] "GET /sun380/open.jpg HTTP/1.1" 200 74134 "http://obsolyte.com/sun380/" "Mozilla/5.0 (Macintosh; Intel Mac OS X 10_6_8) AppleWebKit/534.52.7 (KHTML, like Gecko)"
93.56.32.224 - - [29/Jan/2012:17:22:49 -0500] "GET /sun380/sun3_80.gif HTTP/1.1" 200 5580 "http://obsolyte.com/sun380/" "Mozilla/5.0 (Macintosh; Intel Mac OS X 10_6_8) AppleWebKit/534.52.7 (KHTML, like Gecko)"
74.125.16.148 - - [29/Jan/2012:17:23:37 -0500] "GET /~techrat/ratrod/2.jpg HTTP/1.1" 200 1405920 "http://interiorferraricar.blogspot.com/2011/07/1957-chevy-bel-air-convertible.html" "Mozilla/5.0 (X11; Linux x86_64) AppleWebKit/534.51 (KHTML, like Gecko; Google Web Preview) Chrome/12.0.742 Safari/534.51"
200.36.161.176 - - [29/Jan/2012:17:23:52 -0500] "GET / HTTP/1.1" 200 10308 "-" "Nokia2630/2.0 (04.20) Profile/MIDP-2.1 Configuration/CLDC-1.1 UP.Link/6.3.0.0.0"
200.36.161.176 - - [29/Jan/2012:17:24:28 -0500] "GET / HTTP/1.1" 200 10308 "-" "Nokia2630/2.0 (04.20) Profile/MIDP-2.1 Configuration/CLDC-1.1 UP.Link/6.3.0.0.0"
200.76.90.6 - - [29/Jan/2012:17:24:40 -0500] "GET / HTTP/1.1" 200 10308 "-" "Nokia2630/2.0 (04.20) Profile/MIDP-2.1 Configuration/CLDC-1.1"
123.125.71.96 - - [29/Jan/2012:17:25:01 -0500] "GET / HTTP/1.1" 200 10308 "-" "Mozilla/5.0 (compatible; Baiduspider/2.0; +http://www.baidu.com/search/spider.html)"
80.213.84.8 - - [29/Jan/2012:17:25:04 -0500] "GET /next/next_slab.gif HTTP/1.1" 200 41328 "http://www.google.no/search?q=next+computer&hl=en&client=safari&tbo=d&source=lnms&tbm=isch&ei=5pwlT6z9EKzZ4QTUz5j6DA&sa=X&oi=mode_link&ct=mode&cd=2&ved=0CAkQ_AUoAQ&biw=1024&bih=672" "Mozilla/5.0 (iPad; CPU OS 5_0_1 like Mac OS X) AppleWebKit/534.46 (KHTML, like Gecko) Version/5.1 Mobile/9A405 Safari/7534.48.3"
220.181.108.171 - - [29/Jan/2012:17:25:17 -0500] "GET / HTTP/1.1" 200 10308 "-" "Mozilla/5.0 (compatible; Baiduspider/2.0; +http://www.baidu.com/search/spider.html)"
200.36.161.176 - - [29/Jan/2012:17:25:19 -0500] "GET /images/title4.gif HTTP/1.1" 200 4678 "-" "Nokia2630/2.0 (04.20) Profile/MIDP-2.1 Configuration/CLDC-1.1 UP.Link/6.3.0.0.0"
200.36.161.176 - - [29/Jan/2012:17:25:40 -0500] "GET /images/title4.gif HTTP/1.1" 200 4678 "-" "Nokia2630/2.0 (04.20) Profile/MIDP-2.1 Configuration/CLDC-1.1 UP.Link/6.3.0.0.0"
200.76.90.6 - - [29/Jan/2012:17:25:54 -0500] "GET / HTTP/1.1" 200 10308 "-" "Nokia2630/2.0 (04.20) Profile/MIDP-2.1 Configuration/CLDC-1.1"
200.36.161.176 - - [29/Jan/2012:17:26:09 -0500] "GET /images/next_logo.gif HTTP/1.1" 200 1864 "-" "Nokia2630/2.0 (04.20) Profile/MIDP-2.1 Configuration/CLDC-1.1 UP.Link/6.3.0.0.0"
200.36.161.176 - - [29/Jan/2012:17:26:09 -0500] "GET /images/digital_logo.gif HTTP/1.1" 200 1057 "-" "Nokia2630/2.0 (04.20) Profile/MIDP-2.1 Configuration/CLDC-1.1 UP.Link/6.3.0.0.0"
200.76.90.6 - - [29/Jan/2012:17:26:24 -0500] "GET / HTTP/1.1" 200 10308 "-" "Nokia2630/2.0 (04.20) Profile/MIDP-2.1 Configuration/CLDC-1.1"
74.125.78.88 - - [29/Jan/2012:17:27:24 -0500] "GET /~techrat/vw_spotters/vw_412_f.jpg HTTP/1.1" 200 11806 "http://www.keversite.nl/forum/viewtopic.php?f=33&t=22088&p=379888" "Mozilla/5.0 (X11; Linux x86_64) AppleWebKit/534.51 (KHTML, like Gecko; Google Web Preview) Chrome/12.0.742 Safari/534.51"
74.125.78.82 - - [29/Jan/2012:17:27:24 -0500] "GET /~techrat/vw_spotters/vw_412_cool.jpg HTTP/1.1" 200 15107 "http://www.keversite.nl/forum/viewtopic.php?f=33&t=22088&p=379888" "Mozilla/5.0 (X11; Linux x86_64) AppleWebKit/534.51 (KHTML, like Gecko; Google Web Preview) Chrome/12.0.742 Safari/534.51"
199.21.99.68 - - [29/Jan/2012:17:27:48 -0500] "GET /dec/ HTTP/1.1" 200 7898 "-" "Mozilla/5.0 (compatible; YandexBot/3.0; +http://yandex.com/bots)"
173.25.37.72 - - [29/Jan/2012:17:29:26 -0500] "GET /~techrat/ratrod/7.jpg?jada%20fire%20nackt HTTP/1.1" 200 15725 "http://smokingfreeuniforms.blog.fc2.com/blog-date-201108.html" "Mozilla/5.0 (compatible; MSIE 9.0; Windows NT 6.1; WOW64; Trident/5.0)"
189.222.146.21 - - [29/Jan/2012:17:29:27 -0500] "GET /next/next_slab.gif HTTP/1.1" 200 41328 "http://www.google.com.mx/search?q=next+computer&hl=en&client=safari&tbo=d&source=lnms&tbm=isch&ei=Cp4lT_DZE8rYiALJj8HzBw&sa=X&oi=mode_link&ct=mode&cd=2&sqi=2&ved=0CAcQ_AUoAQ&biw=768&bih=928" "Mozilla/5.0 (iPad; CPU OS 5_0_1 like Mac OS X) AppleWebKit/534.46 (KHTML, like Gecko) Version/5.1 Mobile/9A405 Safari/7534.48.3"
80.80.146.162 - - [29/Jan/2012:17:31:34 -0500] "GET /faq/ HTTP/1.1" 200 11077 "http://www.google.com/url?sa=t&rct=j&q=scsi%20id%20number&source=web&cd=3&ved=0CDwQFjAC&url=http%3A%2F%2Fwww.obsolyte.com%2Ffaq%2F&ei=85AlT8POIM2f-wa01dCrCA&usg=AFQjCNG92IvUm-kblugjnr6Gus98tF6pJQ" "Mozilla/5.0 (X11; U; Linux i686; en-US; rv:1.9.2.24) Gecko/20111107 Ubuntu/10.04 (lucid) Firefox/3.6.24"
80.80.146.162 - - [29/Jan/2012:17:31:37 -0500] "GET /faq/scsi.gif HTTP/1.1" 200 953 "http://www.obsolyte.com/faq/" "Mozilla/5.0 (X11; U; Linux i686; en-US; rv:1.9.2.24) Gecko/20111107 Ubuntu/10.04 (lucid) Firefox/3.6.24"
80.80.146.162 - - [29/Jan/2012:17:31:37 -0500] "GET /faq/scsisetting.gif HTTP/1.1" 200 4729 "http://www.obsolyte.com/faq/" "Mozilla/5.0 (X11; U; Linux i686; en-US; rv:1.9.2.24) Gecko/20111107 Ubuntu/10.04 (lucid) Firefox/3.6.24"
80.80.146.162 - - [29/Jan/2012:17:31:37 -0500] "GET /faq/ide.jpg HTTP/1.1" 200 40416 "http://www.obsolyte.com/faq/" "Mozilla/5.0 (X11; U; Linux i686; en-US; rv:1.9.2.24) Gecko/20111107 Ubuntu/10.04 (lucid) Firefox/3.6.24"
80.80.146.162 - - [29/Jan/2012:17:31:37 -0500] "GET /faq/68pinscsi.jpg HTTP/1.1" 200 35244 "http://www.obsolyte.com/faq/" "Mozilla/5.0 (X11; U; Linux i686; en-US; rv:1.9.2.24) Gecko/20111107 Ubuntu/10.04 (lucid) Firefox/3.6.24"
80.80.146.162 - - [29/Jan/2012:17:31:37 -0500] "GET /faq/50pinscsi.jpg HTTP/1.1" 200 41828 "http://www.obsolyte.com/faq/" "Mozilla/5.0 (X11; U; Linux i686; en-US; rv:1.9.2.24) Gecko/20111107 Ubuntu/10.04 (lucid) Firefox/3.6.24"
80.80.146.162 - - [29/Jan/2012:17:31:37 -0500] "GET /faq/scascsi.jpg HTTP/1.1" 200 35727 "http://www.obsolyte.com/faq/" "Mozilla/5.0 (X11; U; Linux i686; en-US; rv:1.9.2.24) Gecko/20111107 Ubuntu/10.04 (lucid) Firefox/3.6.24"
80.80.146.162 - - [29/Jan/2012:17:31:37 -0500] "GET /faq/sca_adapter_ondrive.jpg HTTP/1.1" 200 57056 "http://www.obsolyte.com/faq/" "Mozilla/5.0 (X11; U; Linux i686; en-US; rv:1.9.2.24) Gecko/20111107 Ubuntu/10.04 (lucid) Firefox/3.6.24"
80.80.146.162 - - [29/Jan/2012:17:31:38 -0500] "GET /faq/sca_adapter.jpg HTTP/1.1" 200 89442 "http://www.obsolyte.com/faq/" "Mozilla/5.0 (X11; U; Linux i686; en-US; rv:1.9.2.24) Gecko/20111107 Ubuntu/10.04 (lucid) Firefox/3.6.24"
80.80.146.162 - - [29/Jan/2012:17:31:44 -0500] "GET /favicon.ico HTTP/1.1" 200 318 "-" "Mozilla/5.0 (X11; U; Linux i686; en-US; rv:1.9.2.24) Gecko/20111107 Ubuntu/10.04 (lucid) Firefox/3.6.24"
151.25.61.112 - - [29/Jan/2012:17:31:51 -0500] "GET / HTTP/1.1" 200 10308 "http://en.wikipedia.org/wiki/SPARCstation" "Mozilla/5.0 (Macintosh; U; Intel Mac OS X 10.4; it; rv:1.9.2.24) Gecko/20111103 Firefox/3.6.24"
151.25.61.112 - - [29/Jan/2012:17:31:52 -0500] "GET /images/paper.gif HTTP/1.1" 200 1593 "http://www.obsolyte.com/" "Mozilla/5.0 (Macintosh; U; Intel Mac OS X 10.4; it; rv:1.9.2.24) Gecko/20111103 Firefox/3.6.24"
151.25.61.112 - - [29/Jan/2012:17:31:52 -0500] "GET /images/title4.gif HTTP/1.1" 200 4678 "http://www.obsolyte.com/" "Mozilla/5.0 (Macintosh; U; Intel Mac OS X 10.4; it; rv:1.9.2.24) Gecko/20111103 Firefox/3.6.24"
151.25.61.112 - - [29/Jan/2012:17:31:52 -0500] "GET /favicon.gif HTTP/1.1" 200 887 "-" "Mozilla/5.0 (Macintosh; U; Intel Mac OS X 10.4; it; rv:1.9.2.24) Gecko/20111103 Firefox/3.6.24"
151.25.61.112 - - [29/Jan/2012:17:31:52 -0500] "GET /images/sun_logo.gif HTTP/1.1" 200 1477 "http://www.obsolyte.com/" "Mozilla/5.0 (Macintosh; U; Intel Mac OS X 10.4; it; rv:1.9.2.24) Gecko/20111103 Firefox/3.6.24"
151.25.61.112 - - [29/Jan/2012:17:31:52 -0500] "GET /images/sgi_logo.gif HTTP/1.1" 200 2157 "http://www.obsolyte.com/" "Mozilla/5.0 (Macintosh; U; Intel Mac OS X 10.4; it; rv:1.9.2.24) Gecko/20111103 Firefox/3.6.24"
151.25.61.112 - - [29/Jan/2012:17:31:52 -0500] "GET /images/next_logo.gif HTTP/1.1" 200 1864 "http://www.obsolyte.com/" "Mozilla/5.0 (Macintosh; U; Intel Mac OS X 10.4; it; rv:1.9.2.24) Gecko/20111103 Firefox/3.6.24"
151.25.61.112 - - [29/Jan/2012:17:31:52 -0500] "GET /images/ipx_grain2.jpg HTTP/1.1" 200 15083 "http://www.obsolyte.com/" "Mozilla/5.0 (Macintosh; U; Intel Mac OS X 10.4; it; rv:1.9.2.24) Gecko/20111103 Firefox/3.6.24"
151.25.61.112 - - [29/Jan/2012:17:31:52 -0500] "GET /images/digital_logo.gif HTTP/1.1" 200 1057 "http://www.obsolyte.com/" "Mozilla/5.0 (Macintosh; U; Intel Mac OS X 10.4; it; rv:1.9.2.24) Gecko/20111103 Firefox/3.6.24"
151.25.61.112 - - [29/Jan/2012:17:31:53 -0500] "GET /favicon.ico HTTP/1.1" 200 318 "-" "Mozilla/5.0 (Macintosh; U; Intel Mac OS X 10.4; it; rv:1.9.2.24) Gecko/20111103 Firefox/3.6.24"
140.128.102.183 - - [29/Jan/2012:17:32:03 -0500] "GET /logs//index.php?option=com_weberpcustomer&controller=..//..//..//..//..//..//..//..//..//..//..//..//..//..//..//proc/self/environ%00 HTTP/1.1" 404 291 "-" "libwww-perl/5.836"
140.128.102.183 - - [29/Jan/2012:17:32:03 -0500] "GET //index.php?option=com_weberpcustomer&controller=..//..//..//..//..//..//..//..//..//..//..//..//..//..//..//proc/self/environ%00 HTTP/1.1" 404 286 "-" "libwww-perl/5.836"
140.128.102.183 - - [29/Jan/2012:17:32:06 -0500] "GET /logs//index.php?option=com_weberpcustomer&controller=..//..//..//..//..//..//..//..//..//..//..//..//..//..//..//proc/self/environ%00 HTTP/1.1" 404 291 "-" "libwww-perl/5.836"
140.128.102.183 - - [29/Jan/2012:17:32:07 -0500] "GET //index.php?option=com_weberpcustomer&controller=..//..//..//..//..//..//..//..//..//..//..//..//..//..//..//proc/self/environ%00 HTTP/1.1" 404 286 "-" "libwww-perl/5.836"
151.25.61.112 - - [29/Jan/2012:17:32:20 -0500] "GET /sun3/ HTTP/1.1" 200 5383 "http://www.obsolyte.com/" "Mozilla/5.0 (Macintosh; U; Intel Mac OS X 10.4; it; rv:1.9.2.24) Gecko/20111103 Firefox/3.6.24"
151.25.61.112 - - [29/Jan/2012:17:32:20 -0500] "GET /sun3/images/sun3_160.gif HTTP/1.1" 200 8512 "http://www.obsolyte.com/sun3/" "Mozilla/5.0 (Macintosh; U; Intel Mac OS X 10.4; it; rv:1.9.2.24) Gecko/20111103 Firefox/3.6.24"
151.25.61.112 - - [29/Jan/2012:17:32:20 -0500] "GET /sun3/images/slidebar.gif HTTP/1.1" 200 8656 "http://www.obsolyte.com/sun3/" "Mozilla/5.0 (Macintosh; U; Intel Mac OS X 10.4; it; rv:1.9.2.24) Gecko/20111103 Firefox/3.6.24"
140.128.102.183 - - [29/Jan/2012:17:32:22 -0500] "GET /logs//index.php?option=com_weberpcustomer&controller=..//..//..//..//..//..//..//..//..//..//..//..//..//..//..//proc/self/environ%00 HTTP/1.1" 404 291 "-" "libwww-perl/5.836"
