68.164.80.32 - - [29/Jan/2012:04:03:21 -0500] "GET /~techrat/ratrod/ HTTP/1.1" 200 11301 "http://www.google.com/search?q=painting+vw+bug+primer&hl=en&client=safari&prmd=imvns&ei=F-EkT_vMKYns0gHY19m1CA&start=40&sa=N&biw=320&bih=416" "Mozilla/5.0 (iPhone; CPU iPhone OS 5_0_1 like Mac OS X) AppleWebKit/534.46 (KHTML, like Gecko) Version/5.1 Mobile/9A405 Safari/7534.48.3"
68.164.80.32 - - [29/Jan/2012:04:03:22 -0500] "GET /~techrat/ratrod/1_tb.jpg HTTP/1.1" 200 49030 "http://www.obsolyte.com/~techrat/ratrod/" "Mozilla/5.0 (iPhone; CPU iPhone OS 5_0_1 like Mac OS X) AppleWebKit/534.46 (KHTML, like Gecko) Version/5.1 Mobile/9A405 Safari/7534.48.3"
68.164.80.32 - - [29/Jan/2012:04:03:22 -0500] "GET /~techrat/ratrod/2_tb.jpg HTTP/1.1" 200 45481 "http://www.obsolyte.com/~techrat/ratrod/" "Mozilla/5.0 (iPhone; CPU iPhone OS 5_0_1 like Mac OS X) AppleWebKit/534.46 (KHTML, like Gecko) Version/5.1 Mobile/9A405 Safari/7534.48.3"
68.164.80.32 - - [29/Jan/2012:04:03:22 -0500] "GET /~techrat/ratrod/5_tb.jpg HTTP/1.1" 200 32974 "http://www.obsolyte.com/~techrat/ratrod/" "Mozilla/5.0 (iPhone; CPU iPhone OS 5_0_1 like Mac OS X) AppleWebKit/534.46 (KHTML, like Gecko) Version/5.1 Mobile/9A405 Safari/7534.48.3"
68.164.80.32 - - [29/Jan/2012:04:03:22 -0500] "GET /~techrat/ratrod/4_tb.jpg HTTP/1.1" 200 40798 "http://www.obsolyte.com/~techrat/ratrod/" "Mozilla/5.0 (iPhone; CPU iPhone OS 5_0_1 like Mac OS X) AppleWebKit/534.46 (KHTML, like Gecko) Version/5.1 Mobile/9A405 Safari/7534.48.3"
68.164.80.32 - - [29/Jan/2012:04:03:23 -0500] "GET /~techrat/ratrod/5b_tb.jpg HTTP/1.1" 200 36406 "http://www.obsolyte.com/~techrat/ratrod/" "Mozilla/5.0 (iPhone; CPU iPhone OS 5_0_1 like Mac OS X) AppleWebKit/534.46 (KHTML, like Gecko) Version/5.1 Mobile/9A405 Safari/7534.48.3"
68.164.80.32 - - [29/Jan/2012:04:03:23 -0500] "GET /~techrat/ratrod/6_tb.jpg HTTP/1.1" 200 36928 "http://www.obsolyte.com/~techrat/ratrod/" "Mozilla/5.0 (iPhone; CPU iPhone OS 5_0_1 like Mac OS X) AppleWebKit/534.46 (KHTML, like Gecko) Version/5.1 Mobile/9A405 Safari/7534.48.3"
68.164.80.32 - - [29/Jan/2012:04:03:23 -0500] "GET /~techrat/ratrod/7_tb.jpg HTTP/1.1" 200 31105 "http://www.obsolyte.com/~techrat/ratrod/" "Mozilla/5.0 (iPhone; CPU iPhone OS 5_0_1 like Mac OS X) AppleWebKit/534.46 (KHTML, like Gecko) Version/5.1 Mobile/9A405 Safari/7534.48.3"
68.164.80.32 - - [29/Jan/2012:04:03:23 -0500] "GET /~techrat/ratrod/3_tb.jpg HTTP/1.1" 200 38977 "http://www.obsolyte.com/~techrat/ratrod/" "Mozilla/5.0 (iPhone; CPU iPhone OS 5_0_1 like Mac OS X) AppleWebKit/534.46 (KHTML, like Gecko) Version/5.1 Mobile/9A405 Safari/7534.48.3"
68.164.80.32 - - [29/Jan/2012:04:03:23 -0500] "GET /~techrat/ratrod/9_tb.jpg HTTP/1.1" 200 35648 "http://www.obsolyte.com/~techrat/ratrod/" "Mozilla/5.0 (iPhone; CPU iPhone OS 5_0_1 like Mac OS X) AppleWebKit/534.46 (KHTML, like Gecko) Version/5.1 Mobile/9A405 Safari/7534.48.3"
68.164.80.32 - - [29/Jan/2012:04:03:24 -0500] "GET /~techrat/ratrod/8_tb.jpg HTTP/1.1" 200 37858 "http://www.obsolyte.com/~techrat/ratrod/" "Mozilla/5.0 (iPhone; CPU iPhone OS 5_0_1 like Mac OS X) AppleWebKit/534.46 (KHTML, like Gecko) Version/5.1 Mobile/9A405 Safari/7534.48.3"
109.230.245.197 - - [29/Jan/2012:04:06:19 -0500] "GET /fc/ HTTP/1.0" 200 7383 "http://216.128.67.44/fc/" "Mozilla/4.79 [en] (Windows NT 5.0; U)"
211.49.170.193 - - [29/Jan/2012:04:06:59 -0500] "GET /logs/access_log.4//index.php?option=com_perchagallery&controller=../../../../../../../../../../../../..//proc/self/environ%0000 HTTP/1.1" 404 304 "-" "Mozilla/4.0 (compatible; MSIE 6.0; MSN 2.5; Windows 98)"
211.49.170.193 - - [29/Jan/2012:04:07:00 -0500] "GET //index.php?option=com_perchagallery&controller=../../../../../../../../../../../../..//proc/self/environ%0000 HTTP/1.1" 404 286 "-" "Mozilla/4.0 (compatible; MSIE 6.0; MSN 2.5; Windows 98)"
211.49.170.193 - - [29/Jan/2012:04:07:01 -0500] "GET /logs//index.php?option=com_perchagallery&controller=../../../../../../../../../../../../..//proc/self/environ%0000 HTTP/1.1" 404 291 "-" "Mozilla/4.0 (compatible; MSIE 6.0; MSN 2.5; Windows 98)"
94.23.35.218 - - [29/Jan/2012:04:07:28 -0500] "GET /logs/access_log.4//index.php?option=com_rokdownloads&controller=../../../../../../../../../../../../../../../../../../../../../../../..//proc/self/environ%0000 HTTP/1.1" 404 304 "-" "Mozilla/5.0 (Windows; U; Windows NT 5.1; en-GB; rv:1.8.0.1) Gecko/20060111 Firefox/1.5.0.1"
94.23.35.218 - - [29/Jan/2012:04:07:28 -0500] "GET //index.php?option=com_rokdownloads&controller=../../../../../../../../../../../../../../../../../../../../../../../..//proc/self/environ%0000 HTTP/1.1" 404 286 "-" "Mozilla/5.0 (Windows; U; Windows NT 5.1; en-GB; rv:1.8.0.1) Gecko/20060111 Firefox/1.5.0.1"
94.23.35.218 - - [29/Jan/2012:04:07:28 -0500] "GET /logs//index.php?option=com_rokdownloads&controller=../../../../../../../../../../../../../../../../../../../../../../../..//proc/self/environ%0000 HTTP/1.1" 404 291 "-" "Mozilla/5.0 (Windows; U; Windows NT 5.1; en-GB; rv:1.8.0.1) Gecko/20060111 Firefox/1.5.0.1"
124.83.180.18 - - [29/Jan/2012:04:07:31 -0500] "HEAD /sun380/sun3_80.gif HTTP/1.1" 200 0 "-" "-"
213.163.39.85 - - [29/Jan/2012:04:07:33 -0500] "GET /logs/access_log.4//index.php?option=com_perchagallery&controller=../../../../../../../../../../../../..//proc/self/environ%0000 HTTP/1.1" 404 304 "-" "Mozilla/4.0 (compatible; MSIE 7.0b; Windows NT 5.1)"
213.163.39.85 - - [29/Jan/2012:04:07:38 -0500] "GET //index.php?option=com_perchagallery&controller=../../../../../../../../../../../../..//proc/self/environ%0000 HTTP/1.1" 404 286 "-" "Mozilla/4.0 (compatible; MSIE 7.0b; Windows NT 5.1)"
213.163.39.85 - - [29/Jan/2012:04:07:38 -0500] "GET /logs//index.php?option=com_perchagallery&controller=../../../../../../../../../../../../..//proc/self/environ%0000 HTTP/1.1" 404 291 "-" "Mozilla/4.0 (compatible; MSIE 7.0b; Windows NT 5.1)"
94.23.35.218 - - [29/Jan/2012:04:08:30 -0500] "GET /logs/access_log.4//index.php?option=com_rokdownloads&controller=../../../../../../../../../../../../../../../../../../../../../../../..//proc/self/environ%0000 HTTP/1.1" 404 304 "-" "Mozilla/5.0 (Windows; U; Windows NT 5.1; en-GB; rv:1.8.0.1) Gecko/20060111 Firefox/1.5.0.1"
94.23.35.218 - - [29/Jan/2012:04:08:31 -0500] "GET //index.php?option=com_rokdownloads&controller=../../../../../../../../../../../../../../../../../../../../../../../..//proc/self/environ%0000 HTTP/1.1" 404 286 "-" "Mozilla/5.0 (Windows; U; Windows NT 5.1; en-GB; rv:1.8.0.1) Gecko/20060111 Firefox/1.5.0.1"
94.23.35.218 - - [29/Jan/2012:04:08:31 -0500] "GET /logs//index.php?option=com_rokdownloads&controller=../../../../../../../../../../../../../../../../../../../../../../../..//proc/self/environ%0000 HTTP/1.1" 404 291 "-" "Mozilla/5.0 (Windows; U; Windows NT 5.1; en-GB; rv:1.8.0.1) Gecko/20060111 Firefox/1.5.0.1"
140.128.102.183 - - [29/Jan/2012:04:08:46 -0500] "GET /logs//index.php?option=com_gcalendar&controller=..//..//..//..//..//..//..//..//..//..//..//..//..//..//..//proc/self/environ%00 HTTP/1.1" 404 291 "-" "libwww-perl/5.836"
140.128.102.183 - - [29/Jan/2012:04:08:47 -0500] "GET //index.php?option=com_gcalendar&controller=..//..//..//..//..//..//..//..//..//..//..//..//..//..//..//proc/self/environ%00 HTTP/1.1" 404 286 "-" "libwww-perl/5.836"
211.49.170.193 - - [29/Jan/2012:04:09:36 -0500] "GET /logs/access_log.4//index.php?option=com_perchagallery&controller=../../../../../../../../../../../../..//proc/self/environ%0000 HTTP/1.1" 404 304 "-" "Mozilla/4.0 (compatible; MSIE 6.0; MSN 2.5; Windows 98)"
211.49.170.193 - - [29/Jan/2012:04:09:37 -0500] "GET //index.php?option=com_perchagallery&controller=../../../../../../../../../../../../..//proc/self/environ%0000 HTTP/1.1" 404 286 "-" "Mozilla/4.0 (compatible; MSIE 6.0; MSN 2.5; Windows 98)"
211.49.170.193 - - [29/Jan/2012:04:09:38 -0500] "GET /logs//index.php?option=com_perchagallery&controller=../../../../../../../../../../../../..//proc/self/environ%0000 HTTP/1.1" 404 291 "-" "Mozilla/4.0 (compatible; MSIE 6.0; MSN 2.5; Windows 98)"
140.128.102.183 - - [29/Jan/2012:04:09:58 -0500] "GET /logs//index.php?option=com_gcalendar&controller=..//..//..//..//..//..//..//..//..//..//..//..//..//..//..//proc/self/environ%00 HTTP/1.1" 404 291 "-" "libwww-perl/5.836"
140.128.102.183 - - [29/Jan/2012:04:09:59 -0500] "GET //index.php?option=com_gcalendar&controller=..//..//..//..//..//..//..//..//..//..//..//..//..//..//..//proc/self/environ%00 HTTP/1.1" 404 286 "-" "libwww-perl/5.836"
67.205.76.246 - - [29/Jan/2012:04:11:19 -0500] "GET /logs/access_log.4//index.php?option=com_rokdownloads&controller=../../../../../../../../../../../../../../../../../../../../../../../..//proc/self/environ%0000 HTTP/1.1" 404 304 "-" "Mozilla/4.0 (compatible; MSIE 6.0; Windows NT 5.1; SV1)"
67.205.76.246 - - [29/Jan/2012:04:11:19 -0500] "GET //index.php?option=com_rokdownloads&controller=../../../../../../../../../../../../../../../../../../../../../../../..//proc/self/environ%0000 HTTP/1.1" 404 286 "-" "Mozilla/4.0 (compatible; MSIE 6.0; Windows NT 5.1; SV1)"
67.205.76.246 - - [29/Jan/2012:04:11:19 -0500] "GET /logs//index.php?option=com_rokdownloads&controller=../../../../../../../../../../../../../../../../../../../../../../../..//proc/self/environ%0000 HTTP/1.1" 404 291 "-" "Mozilla/4.0 (compatible; MSIE 6.0; Windows NT 5.1; SV1)"
12.10.219.162 - - [29/Jan/2012:04:12:10 -0500] "GET / HTTP/1.1" 200 10308 "http://www.google.com/search?q=%22where+do+i+find+out+how+old+sun+servers+are%22&hl=en&gbv=2&num=10&lr=&ft=i&cr=&safe=images" "Mozilla/4.0 (compatible; MSIE 7.0; Windows NT 5.1; .NET CLR 2.0.50727; .NET CLR 3.0.4506.2152; .NET CLR 3.5.30729; InfoPath.2; MS-RTC LM 8)"
12.10.219.162 - - [29/Jan/2012:04:12:10 -0500] "GET /images/paper.gif HTTP/1.1" 200 1593 "http://www.obsolyte.com/" "Mozilla/4.0 (compatible; MSIE 7.0; Windows NT 5.1; .NET CLR 2.0.50727; .NET CLR 3.0.4506.2152; .NET CLR 3.5.30729; InfoPath.2; MS-RTC LM 8)"
12.10.219.162 - - [29/Jan/2012:04:12:12 -0500] "GET /images/title4.gif HTTP/1.1" 200 4678 "http://www.obsolyte.com/" "Mozilla/4.0 (compatible; MSIE 7.0; Windows NT 5.1; .NET CLR 2.0.50727; .NET CLR 3.0.4506.2152; .NET CLR 3.5.30729; InfoPath.2; MS-RTC LM 8)"
12.10.219.162 - - [29/Jan/2012:04:12:12 -0500] "GET /images/sun_logo.gif HTTP/1.1" 200 1477 "http://www.obsolyte.com/" "Mozilla/4.0 (compatible; MSIE 7.0; Windows NT 5.1; .NET CLR 2.0.50727; .NET CLR 3.0.4506.2152; .NET CLR 3.5.30729; InfoPath.2; MS-RTC LM 8)"
12.10.219.162 - - [29/Jan/2012:04:12:12 -0500] "GET /images/ipx_grain2.jpg HTTP/1.1" 200 15083 "http://www.obsolyte.com/" "Mozilla/4.0 (compatible; MSIE 7.0; Windows NT 5.1; .NET CLR 2.0.50727; .NET CLR 3.0.4506.2152; .NET CLR 3.5.30729; InfoPath.2; MS-RTC LM 8)"
12.10.219.162 - - [29/Jan/2012:04:12:13 -0500] "GET /images/sgi_logo.gif HTTP/1.1" 200 2157 "http://www.obsolyte.com/" "Mozilla/4.0 (compatible; MSIE 7.0; Windows NT 5.1; .NET CLR 2.0.50727; .NET CLR 3.0.4506.2152; .NET CLR 3.5.30729; InfoPath.2; MS-RTC LM 8)"
12.10.219.162 - - [29/Jan/2012:04:12:13 -0500] "GET /images/next_logo.gif HTTP/1.1" 200 1864 "http://www.obsolyte.com/" "Mozilla/4.0 (compatible; MSIE 7.0; Windows NT 5.1; .NET CLR 2.0.50727; .NET CLR 3.0.4506.2152; .NET CLR 3.5.30729; InfoPath.2; MS-RTC LM 8)"
12.10.219.162 - - [29/Jan/2012:04:12:13 -0500] "GET /images/digital_logo.gif HTTP/1.1" 200 1057 "http://www.obsolyte.com/" "Mozilla/4.0 (compatible; MSIE 7.0; Windows NT 5.1; .NET CLR 2.0.50727; .NET CLR 3.0.4506.2152; .NET CLR 3.5.30729; InfoPath.2; MS-RTC LM 8)"
12.10.219.162 - - [29/Jan/2012:04:12:15 -0500] "GET /favicon.ico HTTP/1.1" 200 318 "-" "Mozilla/4.0 (compatible; MSIE 7.0; Windows NT 5.1; .NET CLR 2.0.50727; .NET CLR 3.0.4506.2152; .NET CLR 3.5.30729; InfoPath.2; MS-RTC LM 8)"
199.21.99.68 - - [29/Jan/2012:04:12:48 -0500] "GET /sgi_indigo2/ HTTP/1.1" 304 - "-" "Mozilla/5.0 (compatible; YandexBot/3.0; +http://yandex.com/bots)"
77.21.147.173 - - [29/Jan/2012:04:12:51 -0500] "GET /sunFAQ/faq_nvram.html HTTP/1.1" 200 69181 "-" "findlinks/2.0.2 (+http://wortschatz.uni-leipzig.de/findlinks/)"
213.163.39.85 - - [29/Jan/2012:04:13:39 -0500] "GET /logs/access_log.4//index.php?option=com_perchagallery&controller=../../../../../../../../../../../../..//proc/self/environ%0000 HTTP/1.1" 404 304 "-" "Mozilla/4.0 (compatible; MSIE 7.0b; Windows NT 5.1)"
94.23.35.218 - - [29/Jan/2012:04:13:44 -0500] "GET /logs/access_log.4//index.php?option=com_rokdownloads&controller=../../../../../../../../../../../../../../../../../../../../../../../..//proc/self/environ%0000 HTTP/1.1" 404 304 "-" "Mozilla/5.0 (BeOS; U; BeOS BePC; en-US; rv:1.9a1) Gecko/20051002 Firefox/1.6a1"
94.23.35.218 - - [29/Jan/2012:04:13:44 -0500] "GET //index.php?option=com_rokdownloads&controller=../../../../../../../../../../../../../../../../../../../../../../../..//proc/self/environ%0000 HTTP/1.1" 404 286 "-" "Mozilla/5.0 (BeOS; U; BeOS BePC; en-US; rv:1.9a1) Gecko/20051002 Firefox/1.6a1"
94.23.35.218 - - [29/Jan/2012:04:13:44 -0500] "GET /logs//index.php?option=com_rokdownloads&controller=../../../../../../../../../../../../../../../../../../../../../../../..//proc/self/environ%0000 HTTP/1.1" 404 291 "-" "Mozilla/5.0 (BeOS; U; BeOS BePC; en-US; rv:1.9a1) Gecko/20051002 Firefox/1.6a1"
213.163.39.85 - - [29/Jan/2012:04:13:45 -0500] "GET //index.php?option=com_perchagallery&controller=../../../../../../../../../../../../..//proc/self/environ%0000 HTTP/1.1" 404 286 "-" "Mozilla/4.0 (compatible; MSIE 7.0b; Windows NT 5.1)"
213.163.39.85 - - [29/Jan/2012:04:13:50 -0500] "GET /logs//index.php?option=com_perchagallery&controller=../../../../../../../../../../../../..//proc/self/environ%0000 HTTP/1.1" 404 291 "-" "Mozilla/4.0 (compatible; MSIE 7.0b; Windows NT 5.1)"
213.163.39.85 - - [29/Jan/2012:04:14:02 -0500] "GET /logs/access_log.4//index2.php?option=com_matamko&controller=../../../../../../../../../../../../..//proc/self/environ%0000 HTTP/1.1" 404 305 "-" "Mozilla/4.0 (compatible; MSIE 7.0b; Windows NT 5.1)"
213.163.39.85 - - [29/Jan/2012:04:14:02 -0500] "GET //index2.php?option=com_matamko&controller=../../../../../../../../../../../../..//proc/self/environ%0000 HTTP/1.1" 404 287 "-" "Mozilla/4.0 (compatible; MSIE 7.0b; Windows NT 5.1)"
213.163.39.85 - - [29/Jan/2012:04:14:10 -0500] "GET /logs//index2.php?option=com_matamko&controller=../../../../../../../../../../../../..//proc/self/environ%0000 HTTP/1.1" 404 292 "-" "Mozilla/4.0 (compatible; MSIE 7.0b; Windows NT 5.1)"
175.110.230.136 - - [29/Jan/2012:04:14:28 -0500] "GET /sgi_indigo2/ HTTP/1.1" 200 12751 "http://www.google.com.pk/imgres?imgurl=http://www.obsolyte.com/sgi_indigo2/purple.jpg&imgrefurl=http://www.obsolyte.com/sgi_indigo2/&h=380&w=591&sz=52&tbnid=vxrN0QWR3xCpSM:&tbnh=90&tbnw=140&prev=/search%3Fq%3Dsilicon%2Bgraphics%2Bindigo%26tbm%3Disch%26tbo%3Du&zoom=1&q=silicon+graphics+indigo&docid=p5eawdwaQdKhnM&hl=en&sa=X&ei=w-MkT5-jAYLorQfQ7bn0Bw&sqi=2&ved=0CDwQ9QEwBQ&dur=2758" "Mozilla/5.0 (Windows NT 6.1; WOW64; rv:10.0) Gecko/20100101 Firefox/10.0"
175.110.230.136 - - [29/Jan/2012:04:14:29 -0500] "GET /sgi_indigo2/i2_front.jpg HTTP/1.1" 200 25559 "http://www.obsolyte.com/sgi_indigo2/" "Mozilla/5.0 (Windows NT 6.1; WOW64; rv:10.0) Gecko/20100101 Firefox/10.0"
175.110.230.136 - - [29/Jan/2012:04:14:30 -0500] "GET /sgi_indigo2/i2_front_off.jpg HTTP/1.1" 200 23857 "http://www.obsolyte.com/sgi_indigo2/" "Mozilla/5.0 (Windows NT 6.1; WOW64; rv:10.0) Gecko/20100101 Firefox/10.0"
175.110.230.136 - - [29/Jan/2012:04:14:31 -0500] "GET /sgi_indigo2/i2_front_open.jpg HTTP/1.1" 200 20890 "http://www.obsolyte.com/sgi_indigo2/" "Mozilla/5.0 (Windows NT 6.1; WOW64; rv:10.0) Gecko/20100101 Firefox/10.0"
175.110.230.136 - - [29/Jan/2012:04:14:31 -0500] "GET /sgi_indigo2/i2_isa_gio.jpg HTTP/1.1" 200 18091 "http://www.obsolyte.com/sgi_indigo2/" "Mozilla/5.0 (Windows NT 6.1; WOW64; rv:10.0) Gecko/20100101 Firefox/10.0"
175.110.230.136 - - [29/Jan/2012:04:14:32 -0500] "GET /sgi_indigo2/i2_top_off.jpg HTTP/1.1" 200 24288 "http://www.obsolyte.com/sgi_indigo2/" "Mozilla/5.0 (Windows NT 6.1; WOW64; rv:10.0) Gecko/20100101 Firefox/10.0"
175.110.230.136 - - [29/Jan/2012:04:14:34 -0500] "GET /sgi_indigo2/i2_xz_card.jpg HTTP/1.1" 200 22774 "http://www.obsolyte.com/sgi_indigo2/" "Mozilla/5.0 (Windows NT 6.1; WOW64; rv:10.0) Gecko/20100101 Firefox/10.0"
175.110.230.136 - - [29/Jan/2012:04:14:35 -0500] "GET /sgi_indigo2/purple.jpg HTTP/1.1" 200 52356 "http://www.google.com.pk/imgres?imgurl=http://www.obsolyte.com/sgi_indigo2/purple.jpg&imgrefurl=http://www.obsolyte.com/sgi_indigo2/&h=380&w=591&sz=52&tbnid=vxrN0QWR3xCpSM:&tbnh=90&tbnw=140&prev=/search%3Fq%3Dsilicon%2Bgraphics%2Bindigo%26tbm%3Disch%26tbo%3Du&zoom=1&q=silicon+graphics+indigo&docid=p5eawdwaQdKhnM&hl=en&sa=X&ei=w-MkT5-jAYLorQfQ7bn0Bw&sqi=2&ved=0CDwQ9QEwBQ&dur=2758" "Mozilla/5.0 (Windows NT 6.1; WOW64; rv:10.0) Gecko/20100101 Firefox/10.0"
175.110.230.136 - - [29/Jan/2012:04:14:35 -0500] "GET /sgi_indigo2/i2_cpu.jpg HTTP/1.1" 200 36143 "http://www.obsolyte.com/sgi_indigo2/" "Mozilla/5.0 (Windows NT 6.1; WOW64; rv:10.0) Gecko/20100101 Firefox/10.0"
175.110.230.136 - - [29/Jan/2012:04:14:35 -0500] "GET /sgi_indigo2/i2_top_rear.jpg HTTP/1.1" 200 27077 "http://www.obsolyte.com/sgi_indigo2/" "Mozilla/5.0 (Windows NT 6.1; WOW64; rv:10.0) Gecko/20100101 Firefox/10.0"
175.110.230.136 - - [29/Jan/2012:04:14:41 -0500] "GET /favicon.ico HTTP/1.1" 200 318 "-" "Mozilla/5.0 (Windows NT 6.1; WOW64; rv:10.0) Gecko/20100101 Firefox/10.0"
94.23.35.218 - - [29/Jan/2012:04:14:50 -0500] "GET /logs/access_log.4//index.php?option=com_rokdownloads&controller=../../../../../../../../../../../../../../../../../../../../../../../..//proc/self/environ%0000 HTTP/1.1" 404 304 "-" "Mozilla/5.0 (Windows; U; Windows NT 5.1; en-GB; rv:1.8.0.1) Gecko/20060111 Firefox/1.5.0.1"
94.23.35.218 - - [29/Jan/2012:04:14:50 -0500] "GET //index.php?option=com_rokdownloads&controller=../../../../../../../../../../../../../../../../../../../../../../../..//proc/self/environ%0000 HTTP/1.1" 404 286 "-" "Mozilla/5.0 (Windows; U; Windows NT 5.1; en-GB; rv:1.8.0.1) Gecko/20060111 Firefox/1.5.0.1"
94.23.35.218 - - [29/Jan/2012:04:14:50 -0500] "GET /logs//index.php?option=com_rokdownloads&controller=../../../../../../../../../../../../../../../../../../../../../../../..//proc/self/environ%0000 HTTP/1.1" 404 291 "-" "Mozilla/5.0 (Windows; U; Windows NT 5.1; en-GB; rv:1.8.0.1) Gecko/20060111 Firefox/1.5.0.1"
93.90.50.70 - - [29/Jan/2012:04:14:53 -0500] "GET /sunPICS/classic/sparcclassic.gif HTTP/1.0" 200 59295 "-" "-"
93.90.50.70 - - [29/Jan/2012:04:14:54 -0500] "GET /sunPICS/classic/sparcclassic.gif HTTP/1.0" 200 59295 "-" "-"
78.27.106.121 - - [29/Jan/2012:04:15:13 -0500] "GET /sunPICS/classic/sparcclassic.gif HTTP/1.1" 200 59295 "http://takaisin.fi/urllog/index.php?rivi=30&filtteri=&ehto=" "Mozilla/5.0 (X11; Linux i686) AppleWebKit/535.7 (KHTML, like Gecko) Ubuntu/11.10 Chromium/16.0.912.75 Chrome/16.0.912.75 Safari/535.7"
78.27.106.121 - - [29/Jan/2012:04:15:13 -0500] "GET /favicon.ico HTTP/1.1" 200 318 "-" "Mozilla/5.0 (X11; Linux i686) AppleWebKit/535.7 (KHTML, like Gecko) Ubuntu/11.10 Chromium/16.0.912.75 Chrome/16.0.912.75 Safari/535.7"
222.253.109.74 - - [29/Jan/2012:04:15:38 -0500] "GET /vanagon/VanagonProTraining/86Vanagon/040.jpg HTTP/1.1" 206 36513 "http://xehoivietnam.com/forum/showthread.php?t=8046" "Mozilla/5.0 (Windows NT 5.1; rv:9.0.1) Gecko/20100101 Firefox/9.0.1"
124.115.0.24 - - [29/Jan/2012:04:15:38 -0500] "GET / HTTP/1.1" 200 10308 "-" "Sosospider+(+http://help.soso.com/webspider.htm)"
94.23.35.218 - - [29/Jan/2012:04:16:25 -0500] "GET /logs/access_log.4//index.php?option=com_rokdownloads&controller=../../../../../../../../../../../../../../../../../../../../../../../..//proc/self/environ%0000 HTTP/1.1" 404 304 "-" "Mozilla/5.0 (BeOS; U; BeOS BePC; en-US; rv:1.9a1) Gecko/20051002 Firefox/1.6a1"
94.23.35.218 - - [29/Jan/2012:04:16:25 -0500] "GET //index.php?option=com_rokdownloads&controller=../../../../../../../../../../../../../../../../../../../../../../../..//proc/self/environ%0000 HTTP/1.1" 404 286 "-" "Mozilla/5.0 (BeOS; U; BeOS BePC; en-US; rv:1.9a1) Gecko/20051002 Firefox/1.6a1"
94.23.35.218 - - [29/Jan/2012:04:16:25 -0500] "GET /logs//index.php?option=com_rokdownloads&controller=../../../../../../../../../../../../../../../../../../../../../../../..//proc/self/environ%0000 HTTP/1.1" 404 291 "-" "Mozilla/5.0 (BeOS; U; BeOS BePC; en-US; rv:1.9a1) Gecko/20051002 Firefox/1.6a1"
176.31.247.216 - - [29/Jan/2012:04:17:03 -0500] "GET /robots.txt HTTP/1.0" 404 274 "-" "Mozilla/5.0 (compatible; MJ12bot/v1.4.1; http://www.majestic12.co.uk/bot.php?+)"
176.31.247.216 - - [29/Jan/2012:04:17:05 -0500] "GET / HTTP/1.0" 200 10308 "-" "Mozilla/5.0 (compatible; MJ12bot/v1.4.1; http://www.majestic12.co.uk/bot.php?+)"
187.61.61.167 - - [29/Jan/2012:04:17:05 -0500] "GET /logs/access_log.4</web:Url><web:DisplayUrl>www.obsolyte.com/logs/access_log.4</web:DisplayUrl><web:DateTime>2012-01-26T22:49:00Z</web:DateTime></web:WebResult><web:WebResult><web:Title>thepromohut.com</web:Title><web:Description>33%20business%20card%20case;%20425%204;%2089%20paw%20print%20stress%20ball;%2073%20blue%20ink%20gel%20pen;%20157%20GR;%2029%20business%20card%20holder;%20113%20bg-1%20mousepads;%2016%20ceramic%20mugs;%2028%20koozies;%20916%20...</web:Description><web:Url>http:/thepromohut.com/index.php/catalogsearch/ajax/suggest/?option=com_jfeedback&controller=..//..//..//..//..//..//..//..//..//..//..//..//proc/self/environ%00 HTTP/1.1" 404 925 "-" "libwww-perl/5.837"
187.61.61.167 - - [29/Jan/2012:04:17:06 -0500] "GET /?option=com_jfeedback&controller=..//..//..//..//..//..//..//..//..//..//..//..//proc/self/environ%00 HTTP/1.1" 200 10308 "-" "libwww-perl/5.837"
187.61.61.167 - - [29/Jan/2012:04:17:11 -0500] "GET /logs/access_log.4</web:Url><web:DisplayUrl>www.obsolyte.com/logs/access_log.4</web:DisplayUrl><web:DateTime>2012-01-26T22:49:00Z</web:DateTime></web:WebResult><web:WebResult><web:Title>thepromohut.com</web:Title><web:Description>33%20business%20card%20case;%20425%204;%2089%20paw%20print%20stress%20ball;%2073%20blue%20ink%20gel%20pen;%20157%20GR;%2029%20business%20card%20holder;%20113%20bg-1%20mousepads;%2016%20ceramic%20mugs;%2028%20koozies;%20916%20...</web:Description><web:Url>http:/thepromohut.com/index.php/catalogsearch/ajax/suggest/?option=com_jfeedback&controller=..//..//..//..//..//..//..//..//..//..//..//..//proc/self/environ%00 HTTP/1.1" 404 925 "-" "libwww-perl/5.837"
187.61.61.167 - - [29/Jan/2012:04:17:12 -0500] "GET /?option=com_jfeedback&controller=..//..//..//..//..//..//..//..//..//..//..//..//proc/self/environ%00 HTTP/1.1" 200 10308 "-" "libwww-perl/5.837"
66.249.71.76 - - [29/Jan/2012:04:17:49 -0500] "GET / HTTP/1.1" 200 10308 "-" "SAMSUNG-SGH-E250/1.0 Profile/MIDP-2.0 Configuration/CLDC-1.1 UP.Browser/6.2.3.3.c.1.101 (GUI) MMP/2.0 (compatible; Googlebot-Mobile/2.1; +http://www.google.com/bot.html)"
67.159.56.162 - - [29/Jan/2012:04:24:46 -0500] "GET /links.html HTTP/1.1" 304 - "-" "Mozilla/5.0 (compatible; Baiduspider/2.0; +http://www.baidu.com/search/spider.html)"
66.249.71.76 - - [29/Jan/2012:04:25:10 -0500] "GET /sunPICS/ HTTP/1.1" 304 - "-" "Mozilla/5.0 (compatible; Googlebot/2.1; +http://www.google.com/bot.html)"
83.69.230.19 - - [29/Jan/2012:04:29:29 -0500] "GET //index.php?option=com_bca-rss-syndicator&controller=..//..//..//..//..//..//..//..///proc/self/environ%0000 HTTP/1.1" 404 286 "-" "Mozilla/5.0 (Windows; U; Windows NT 5.1; en-US; rv:1.9.2) Gecko/20100115 Firefox/3.6"
66.249.71.76 - - [29/Jan/2012:04:29:47 -0500] "GET /sun_ss10/ss10_feh.pdf HTTP/1.1" 200 2433547 "-" "DoCoMo/2.0 N905i(c100;TB;W24H16) (compatible; Googlebot-Mobile/2.1; +http://www.google.com/bot.html)"
76.72.167.164 - - [29/Jan/2012:04:30:28 -0500] "GET /robots.txt HTTP/1.0" 404 274 "-" "Mozilla/5.0 (compatible; MJ12bot/v1.4.1; http://www.majestic12.co.uk/bot.php?+)"
76.72.167.164 - - [29/Jan/2012:04:30:31 -0500] "GET /sun380 HTTP/1.0" 301 302 "-" "Mozilla/5.0 (compatible; MJ12bot/v1.4.1; http://www.majestic12.co.uk/bot.php?+)"
76.72.167.164 - - [29/Jan/2012:04:30:32 -0500] "GET /robots.txt HTTP/1.0" 404 274 "-" "Mozilla/5.0 (compatible; MJ12bot/v1.4.1; http://www.majestic12.co.uk/bot.php?+)"
140.128.102.183 - - [29/Jan/2012:04:30:32 -0500] "GET /logs//index.php?option=com_bca-rss-syndicator&controller=..//..//..//..//..//..//..//..//..//..//..//..//..//..//..//proc/self/environ%00 HTTP/1.1" 404 291 "-" "libwww-perl/5.836"
140.128.102.183 - - [29/Jan/2012:04:30:32 -0500] "GET //index.php?option=com_bca-rss-syndicator&controller=..//..//..//..//..//..//..//..//..//..//..//..//..//..//..//proc/self/environ%00 HTTP/1.1" 404 286 "-" "libwww-perl/5.836"
76.72.167.164 - - [29/Jan/2012:04:30:35 -0500] "GET /sun380/ HTTP/1.0" 200 7888 "-" "Mozilla/5.0 (compatible; MJ12bot/v1.4.1; http://www.majestic12.co.uk/bot.php?+)"
76.72.167.164 - - [29/Jan/2012:04:30:39 -0500] "GET /sun_lx HTTP/1.0" 301 302 "-" "Mozilla/5.0 (compatible; MJ12bot/v1.4.1; http://www.majestic12.co.uk/bot.php?+)"
76.72.167.164 - - [29/Jan/2012:04:30:42 -0500] "GET /sun_lx/ HTTP/1.0" 200 6271 "-" "Mozilla/5.0 (compatible; MJ12bot/v1.4.1; http://www.majestic12.co.uk/bot.php?+)"
140.128.102.183 - - [29/Jan/2012:04:31:05 -0500] "GET /logs//index.php?option=com_bca-rss-syndicator&controller=..//..//..//..//..//..//..//..//..//..//..//..//..//..//..//proc/self/environ%00 HTTP/1.1" 404 291 "-" "libwww-perl/5.836"
140.128.102.183 - - [29/Jan/2012:04:31:06 -0500] "GET //index.php?option=com_bca-rss-syndicator&controller=..//..//..//..//..//..//..//..//..//..//..//..//..//..//..//proc/self/environ%00 HTTP/1.1" 404 286 "-" "libwww-perl/5.836"
180.76.5.59 - - [29/Jan/2012:04:39:38 -0500] "GET / HTTP/1.1" 200 10308 "-" "Mozilla/5.0 (compatible; Baiduspider/2.0; +http://www.baidu.com/search/spider.html)"
209.85.224.83 - - [29/Jan/2012:04:41:00 -0500] "GET /~techrat/ratrod/2.jpg HTTP/1.1" 200 1405920 "http://masangprayangblog.blogspot.com/2011_06_01_archive.html" "Mozilla/5.0 (X11; Linux x86_64) AppleWebKit/534.51 (KHTML, like Gecko; Google Web Preview) Chrome/12.0.742 Safari/534.51"
113.168.80.112 - - [29/Jan/2012:04:42:14 -0500] "GET /vanagon/VanagonProTraining/86Vanagon/040.jpg HTTP/1.1" 200 117492 "http://xehoivietnam.com/forum/showthread.php?s=e2b5f80019f7fa13774f296f1754777c&t=8046" "Mozilla/5.0 (Windows NT 5.1) AppleWebKit/535.7 (KHTML, like Gecko) Chrome/16.0.912.77 Safari/535.7"
74.111.11.3 - - [29/Jan/2012:04:43:28 -0500] "GET /robots.txt HTTP/1.0" 404 274 "-" "Mozilla/5.0 (compatible; MJ12bot/v1.4.1; http://www.majestic12.co.uk/bot.php?+)"
74.111.11.3 - - [29/Jan/2012:04:43:30 -0500] "GET / HTTP/1.1" 200 10308 "-" "Mozilla/5.0 (compatible; MJ12bot/v1.4.1; http://www.majestic12.co.uk/bot.php?+)"
24.20.241.179 - - [29/Jan/2012:04:49:42 -0500] "GET /next/next_slab.gif HTTP/1.1" 200 41328 "http://www.google.com/search?q=next+computer&hl=en&safe=off&client=safari&tbo=u&tbm=isch&source=univ&sa=X&ei=5uskT66wBMWLiALTheHQBw&ved=0CFUQsAQ&biw=768&bih=900" "Mozilla/5.0 (iPad; CPU OS 5_0_1 like Mac OS X) AppleWebKit/534.46 (KHTML, like Gecko) Version/5.1 Mobile/9A405 Safari/7534.48.3"
69.59.73.202 - - [29/Jan/2012:04:54:09 -0500] "GET /~techrat/ratrod/8.jpg HTTP/1.1" 200 1317788 "http://www.bing.com/images/search?q=bug+out+vehicles&view=detail&id=21B7B871941CA36223B647868054902265256ECD&first=31&FORM=IDFRIR" "Mozilla/5.0 (Windows NT 5.1) AppleWebKit/535.7 (KHTML, like Gecko) Chrome/16.0.912.77 Safari/535.7"
66.249.71.76 - - [29/Jan/2012:04:58:25 -0500] "GET /sgiFAQ/mips.txt HTTP/1.1" 304 - "-" "Mozilla/5.0 (compatible; Googlebot/2.1; +http://www.google.com/bot.html)"
85.29.120.90 - - [29/Jan/2012:05:04:35 -0500] "GET /sunPICS/classic/sparcclassic.gif HTTP/1.1" 200 59295 "http://urllog.takaisin.fi/index.php?rivi=20&filtteri=&ehto=" "Mozilla/5.0 (Ubuntu; X11; Linux i686; rv:9.0.1) Gecko/20100101 Firefox/9.0.1"
61.135.249.125 - - [29/Jan/2012:05:06:08 -0500] "GET / HTTP/1.1" 200 10308 "-" "Mozilla/5.0 (compatible; YodaoBot/1.0; http://www.yodao.com/help/webmaster/spider/; )"
108.59.8.80 - - [29/Jan/2012:05:08:38 -0500] "GET /robots.txt HTTP/1.0" 404 274 "-" "Mozilla/5.0 (compatible; MJ12bot/v1.4.1; http://www.majestic12.co.uk/bot.php?+)"
108.59.8.80 - - [29/Jan/2012:05:08:39 -0500] "GET / HTTP/1.0" 200 10308 "-" "Mozilla/5.0 (compatible; MJ12bot/v1.4.1; http://www.majestic12.co.uk/bot.php?+)"
188.165.217.226 - - [29/Jan/2012:05:11:28 -0500] "GET /logs/access_log.4//index.php?option=com_juliaportfolio&controller=../../../../../../../../../../../../../../../proc/self/environ%00 HTTP/1.1" 404 304 "-" "libwww-perl/5.803"
188.165.217.226 - - [29/Jan/2012:05:11:28 -0500] "GET //index.php?option=com_juliaportfolio&controller=../../../../../../../../../../../../../../../proc/self/environ%00 HTTP/1.1" 404 286 "-" "libwww-perl/5.803"
188.165.217.226 - - [29/Jan/2012:05:11:28 -0500] "GET /logs//index.php?option=com_juliaportfolio&controller=../../../../../../../../../../../../../../../proc/self/environ%00 HTTP/1.1" 404 291 "-" "libwww-perl/5.803"
188.165.217.226 - - [29/Jan/2012:05:11:30 -0500] "GET /logs/access_log.4//index.php?option=com_juliaportfolio&controller=../../../../../../../../../../../../../../../proc/self/environ%00 HTTP/1.1" 404 304 "-" "libwww-perl/5.803"
188.165.217.226 - - [29/Jan/2012:05:11:31 -0500] "GET //index.php?option=com_juliaportfolio&controller=../../../../../../../../../../../../../../../proc/self/environ%00 HTTP/1.1" 404 286 "-" "libwww-perl/5.803"
188.165.217.226 - - [29/Jan/2012:05:11:31 -0500] "GET /logs//index.php?option=com_juliaportfolio&controller=../../../../../../../../../../../../../../../proc/self/environ%00 HTTP/1.1" 404 291 "-" "libwww-perl/5.803"
188.165.217.226 - - [29/Jan/2012:05:11:51 -0500] "GET /logs/access_log.4//index.php?option=com_juliaportfolio&controller=../../../../../../../../../../../../../../../proc/self/environ%00 HTTP/1.1" 404 304 "-" "libwww-perl/5.803"
188.165.217.226 - - [29/Jan/2012:05:11:51 -0500] "GET //index.php?option=com_juliaportfolio&controller=../../../../../../../../../../../../../../../proc/self/environ%00 HTTP/1.1" 404 286 "-" "libwww-perl/5.803"
188.165.217.226 - - [29/Jan/2012:05:11:52 -0500] "GET /logs//index.php?option=com_juliaportfolio&controller=../../../../../../../../../../../../../../../proc/self/environ%00 HTTP/1.1" 404 291 "-" "libwww-perl/5.803"
188.165.217.226 - - [29/Jan/2012:05:15:28 -0500] "GET /logs/access_log.4//index.php?option=com_juliaportfolio&controller=../../../../../../../../../../../../../../../proc/self/environ%00 HTTP/1.1" 404 304 "-" "libwww-perl/5.803"
188.165.217.226 - - [29/Jan/2012:05:15:28 -0500] "GET //index.php?option=com_juliaportfolio&controller=../../../../../../../../../../../../../../../proc/self/environ%00 HTTP/1.1" 404 286 "-" "libwww-perl/5.803"
188.165.217.226 - - [29/Jan/2012:05:15:28 -0500] "GET /logs//index.php?option=com_juliaportfolio&controller=../../../../../../../../../../../../../../../proc/self/environ%00 HTTP/1.1" 404 291 "-" "libwww-perl/5.803"
188.165.217.226 - - [29/Jan/2012:05:15:49 -0500] "GET /logs/access_log.4//index.php?option=com_juliaportfolio&controller=../../../../../../../../../../../../../../../proc/self/environ%00 HTTP/1.1" 404 304 "-" "libwww-perl/5.803"
188.165.217.226 - - [29/Jan/2012:05:15:49 -0500] "GET //index.php?option=com_juliaportfolio&controller=../../../../../../../../../../../../../../../proc/self/environ%00 HTTP/1.1" 404 286 "-" "libwww-perl/5.803"
188.165.217.226 - - [29/Jan/2012:05:15:49 -0500] "GET /logs//index.php?option=com_juliaportfolio&controller=../../../../../../../../../../../../../../../proc/self/environ%00 HTTP/1.1" 404 291 "-" "libwww-perl/5.803"
207.6.235.146 - - [29/Jan/2012:05:18:17 -0500] "GET /favicon.ico HTTP/1.1" 200 318 "-" "Mozilla/5.0 (Windows NT 5.1) AppleWebKit/535.7 (KHTML, like Gecko) Chrome/16.0.912.77 Safari/535.7"
188.165.217.226 - - [29/Jan/2012:05:20:47 -0500] "GET /logs/access_log.4//index2.php?Itemid=125&option=com_gcalendar&view=gcalendar//?option=com_gcalendar&controller=../../../../../../../../../../../../../../../proc/self/environ%00 HTTP/1.1" 404 305 "-" "libwww-perl/5.803"
188.165.217.226 - - [29/Jan/2012:05:20:47 -0500] "GET //index2.php?Itemid=125&option=com_gcalendar&view=gcalendar//?option=com_gcalendar&controller=../../../../../../../../../../../../../../../proc/self/environ%00 HTTP/1.1" 404 287 "-" "libwww-perl/5.803"
188.165.217.226 - - [29/Jan/2012:05:20:47 -0500] "GET /logs//index2.php?Itemid=125&option=com_gcalendar&view=gcalendar//?option=com_gcalendar&controller=../../../../../../../../../../../../../../../proc/self/environ%00 HTTP/1.1" 404 292 "-" "libwww-perl/5.803"
188.165.217.226 - - [29/Jan/2012:05:20:50 -0500] "GET /logs/access_log.4//index2.php?Itemid=125&option=com_gcalendar&view=gcalendar//?option=com_gcalendar&controller=../../../../../../../../../../../../../../../proc/self/environ%00 HTTP/1.1" 404 305 "-" "libwww-perl/5.803"
188.165.217.226 - - [29/Jan/2012:05:20:50 -0500] "GET //index2.php?Itemid=125&option=com_gcalendar&view=gcalendar//?option=com_gcalendar&controller=../../../../../../../../../../../../../../../proc/self/environ%00 HTTP/1.1" 404 287 "-" "libwww-perl/5.803"
188.165.217.226 - - [29/Jan/2012:05:20:50 -0500] "GET /logs//index2.php?Itemid=125&option=com_gcalendar&view=gcalendar//?option=com_gcalendar&controller=../../../../../../../../../../../../../../../proc/self/environ%00 HTTP/1.1" 404 292 "-" "libwww-perl/5.803"
140.128.102.183 - - [29/Jan/2012:05:24:08 -0500] "GET /logs//index.php?option=com_shoutbox&controller=..//..//..//..//..//..//..//..//..//..//..//..//..//..//..//proc/self/environ%00 HTTP/1.1" 404 291 "-" "libwww-perl/5.836"
140.128.102.183 - - [29/Jan/2012:05:24:08 -0500] "GET //index.php?option=com_shoutbox&controller=..//..//..//..//..//..//..//..//..//..//..//..//..//..//..//proc/self/environ%00 HTTP/1.1" 404 286 "-" "libwww-perl/5.836"
140.128.102.183 - - [29/Jan/2012:05:27:57 -0500] "GET /logs//index.php?option=com_shoutbox&controller=..//..//..//..//..//..//..//..//..//..//..//..//..//..//..//proc/self/environ%00 HTTP/1.1" 404 291 "-" "libwww-perl/5.836"
140.128.102.183 - - [29/Jan/2012:05:27:57 -0500] "GET //index.php?option=com_shoutbox&controller=..//..//..//..//..//..//..//..//..//..//..//..//..//..//..//proc/self/environ%00 HTTP/1.1" 404 286 "-" "libwww-perl/5.836"
65.52.104.82 - - [29/Jan/2012:05:28:03 -0500] "GET /robots.txt HTTP/1.1" 404 286 "-" "Mozilla/5.0 (compatible; bingbot/2.0; +http://www.bing.com/bingbot.htm)"
65.52.104.82 - - [29/Jan/2012:05:28:38 -0500] "GET /sunFAQ/X11_case/ HTTP/1.1" 200 11097 "-" "Mozilla/5.0 (compatible; bingbot/2.0; +http://www.bing.com/bingbot.htm)"
157.55.17.148 - - [29/Jan/2012:05:29:50 -0500] "GET /robots.txt HTTP/1.1" 404 286 "-" "Mozilla/5.0 (compatible; bingbot/2.0; +http://www.bing.com/bingbot.htm)"
124.126.195.227 - - [29/Jan/2012:05:31:59 -0500] "GET /logs/access_log.4 HTTP/1.0" 200 1078502 "http://www.obsolyte.com/logs/access_log.4" "Mozilla/4.7 (compatible; OffByOne; Windows 2000) Webster Pro V3.4"
124.126.195.227 - - [29/Jan/2012:05:32:02 -0500] "GET / HTTP/1.0" 200 10308 "http://www.obsolyte.com/" "Mozilla/4.7 (compatible; OffByOne; Windows 2000) Webster Pro V3.4"
157.55.17.148 - - [29/Jan/2012:05:33:26 -0500] "GET /next/ HTTP/1.1" 304 - "-" "Mozilla/5.0 (compatible; bingbot/2.0; +http://www.bing.com/bingbot.htm)"
108.219.16.155 - - [29/Jan/2012:05:36:31 -0500] "GET /~strabal/TempStuff/ST-banner.jpg HTTP/1.1" 200 23297 "http://xena.yuku.com/topic/4682/My-Planet-Xena-cartoon-2005" "Mozilla/5.0 (Windows NT 6.1; WOW64) AppleWebKit/535.7 (KHTML, like Gecko) Chrome/16.0.912.77 Safari/535.7"
188.165.217.226 - - [29/Jan/2012:05:36:37 -0500] "GET /logs/access_log.4////index2.php?option=com_jresearch&controller=../../../../../../../../../../../../../../../proc/self/environ%00 HTTP/1.1" 404 307 "-" "libwww-perl/5.803"
188.165.217.226 - - [29/Jan/2012:05:36:37 -0500] "GET ////index2.php?option=com_jresearch&controller=../../../../../../../../../../../../../../../proc/self/environ%00 HTTP/1.1" 404 289 "-" "libwww-perl/5.803"
188.165.217.226 - - [29/Jan/2012:05:36:37 -0500] "GET /logs////index2.php?option=com_jresearch&controller=../../../../../../../../../../../../../../../proc/self/environ%00 HTTP/1.1" 404 294 "-" "libwww-perl/5.803"
66.249.71.229 - - [29/Jan/2012:05:38:47 -0500] "GET /robots.txt HTTP/1.1" 404 286 "-" "Mozilla/5.0 (compatible; Googlebot/2.1; +http://www.google.com/bot.html)"
66.249.71.229 - - [29/Jan/2012:05:38:47 -0500] "GET /bogomips.html HTTP/1.1" 200 8377 "-" "Mozilla/5.0 (compatible; Googlebot/2.1; +http://www.google.com/bot.html)"
188.165.217.226 - - [29/Jan/2012:05:38:54 -0500] "GET /logs/access_log.4////index2.php?option=com_jresearch&controller=../../../../../../../../../../../../../../../proc/self/environ%00 HTTP/1.1" 404 307 "-" "libwww-perl/5.803"
188.165.217.226 - - [29/Jan/2012:05:38:54 -0500] "GET ////index2.php?option=com_jresearch&controller=../../../../../../../../../../../../../../../proc/self/environ%00 HTTP/1.1" 404 289 "-" "libwww-perl/5.803"
188.165.217.226 - - [29/Jan/2012:05:38:54 -0500] "GET /logs////index2.php?option=com_jresearch&controller=../../../../../../../../../../../../../../../proc/self/environ%00 HTTP/1.1" 404 294 "-" "libwww-perl/5.803"
189.153.38.59 - - [29/Jan/2012:05:39:15 -0500] "GET /~techrat/ratrod/ HTTP/1.1" 200 11301 "http://www.google.com.mx/imgres?q=project+vw+rat+rod&um=1&hl=es&sa=N&biw=1280&bih=679&tbm=isch&tbnid=bV9EOW_D6-KsRM:&imgrefurl=http://www.obsolyte.com/~techrat/ratrod/&docid=Vt4gzx7BzTSk5M&imgurl=http://www.obsolyte.com/~techrat/ratrod/1.jpg&w=1565&h=1037&ei=nvckT6rDJ6jisQLhtayMAg&zoom=1&iact=rc&dur=125&sig=118219392839041612527&page=3&tbnh=147&tbnw=193&start=35&ndsp=20&ved=1t:429,r:1,s:35&tx=134&ty=89" "Mozilla/4.0 (compatible; MSIE 7.0; Windows NT 5.1; Trident/4.0; .NET CLR 1.1.4322; .NET CLR 2.0.50727; .NET CLR 3.0.4506.2152; .NET CLR 3.5.30729)"
189.153.38.59 - - [29/Jan/2012:05:39:18 -0500] "GET /~techrat/ratrod/5_tb.jpg HTTP/1.1" 200 32974 "http://www.obsolyte.com/~techrat/ratrod/" "Mozilla/4.0 (compatible; MSIE 7.0; Windows NT 5.1; Trident/4.0; .NET CLR 1.1.4322; .NET CLR 2.0.50727; .NET CLR 3.0.4506.2152; .NET CLR 3.5.30729)"
189.153.38.59 - - [29/Jan/2012:05:39:18 -0500] "GET /~techrat/ratrod/2_tb.jpg HTTP/1.1" 200 45481 "http://www.obsolyte.com/~techrat/ratrod/" "Mozilla/4.0 (compatible; MSIE 7.0; Windows NT 5.1; Trident/4.0; .NET CLR 1.1.4322; .NET CLR 2.0.50727; .NET CLR 3.0.4506.2152; .NET CLR 3.5.30729)"
189.153.38.59 - - [29/Jan/2012:05:39:18 -0500] "GET /~techrat/ratrod/3_tb.jpg HTTP/1.1" 200 38977 "http://www.obsolyte.com/~techrat/ratrod/" "Mozilla/4.0 (compatible; MSIE 7.0; Windows NT 5.1; Trident/4.0; .NET CLR 1.1.4322; .NET CLR 2.0.50727; .NET CLR 3.0.4506.2152; .NET CLR 3.5.30729)"
189.153.38.59 - - [29/Jan/2012:05:39:18 -0500] "GET /~techrat/ratrod/6_tb.jpg HTTP/1.1" 200 36928 "http://www.obsolyte.com/~techrat/ratrod/" "Mozilla/4.0 (compatible; MSIE 7.0; Windows NT 5.1; Trident/4.0; .NET CLR 1.1.4322; .NET CLR 2.0.50727; .NET CLR 3.0.4506.2152; .NET CLR 3.5.30729)"
189.153.38.59 - - [29/Jan/2012:05:39:19 -0500] "GET /~techrat/ratrod/1_tb.jpg HTTP/1.1" 200 49030 "http://www.obsolyte.com/~techrat/ratrod/" "Mozilla/4.0 (compatible; MSIE 7.0; Windows NT 5.1; Trident/4.0; .NET CLR 1.1.4322; .NET CLR 2.0.50727; .NET CLR 3.0.4506.2152; .NET CLR 3.5.30729)"
188.165.217.226 - - [29/Jan/2012:05:39:20 -0500] "GET /logs/access_log.4////index2.php?option=com_jresearch&controller=../../../../../../../../../../../../../../../proc/self/environ%00 HTTP/1.1" 404 307 "-" "libwww-perl/5.803"
188.165.217.226 - - [29/Jan/2012:05:39:20 -0500] "GET ////index2.php?option=com_jresearch&controller=../../../../../../../../../../../../../../../proc/self/environ%00 HTTP/1.1" 404 289 "-" "libwww-perl/5.803"
188.165.217.226 - - [29/Jan/2012:05:39:20 -0500] "GET /logs////index2.php?option=com_jresearch&controller=../../../../../../../../../../../../../../../proc/self/environ%00 HTTP/1.1" 404 294 "-" "libwww-perl/5.803"
189.153.38.59 - - [29/Jan/2012:05:39:23 -0500] "GET /~techrat/ratrod/7_tb.jpg HTTP/1.1" 200 31105 "http://www.obsolyte.com/~techrat/ratrod/" "Mozilla/4.0 (compatible; MSIE 7.0; Windows NT 5.1; Trident/4.0; .NET CLR 1.1.4322; .NET CLR 2.0.50727; .NET CLR 3.0.4506.2152; .NET CLR 3.5.30729)"
189.153.38.59 - - [29/Jan/2012:05:39:23 -0500] "GET /~techrat/ratrod/4_tb.jpg HTTP/1.1" 200 40798 "http://www.obsolyte.com/~techrat/ratrod/" "Mozilla/4.0 (compatible; MSIE 7.0; Windows NT 5.1; Trident/4.0; .NET CLR 1.1.4322; .NET CLR 2.0.50727; .NET CLR 3.0.4506.2152; .NET CLR 3.5.30729)"
189.153.38.59 - - [29/Jan/2012:05:39:23 -0500] "GET /~techrat/ratrod/5b_tb.jpg HTTP/1.1" 200 36406 "http://www.obsolyte.com/~techrat/ratrod/" "Mozilla/4.0 (compatible; MSIE 7.0; Windows NT 5.1; Trident/4.0; .NET CLR 1.1.4322; .NET CLR 2.0.50727; .NET CLR 3.0.4506.2152; .NET CLR 3.5.30729)"
189.153.38.59 - - [29/Jan/2012:05:39:24 -0500] "GET /~techrat/ratrod/8_tb.jpg HTTP/1.1" 200 37858 "http://www.obsolyte.com/~techrat/ratrod/" "Mozilla/4.0 (compatible; MSIE 7.0; Windows NT 5.1; Trident/4.0; .NET CLR 1.1.4322; .NET CLR 2.0.50727; .NET CLR 3.0.4506.2152; .NET CLR 3.5.30729)"
189.153.38.59 - - [29/Jan/2012:05:39:25 -0500] "GET /~techrat/ratrod/9_tb.jpg HTTP/1.1" 200 35648 "http://www.obsolyte.com/~techrat/ratrod/" "Mozilla/4.0 (compatible; MSIE 7.0; Windows NT 5.1; Trident/4.0; .NET CLR 1.1.4322; .NET CLR 2.0.50727; .NET CLR 3.0.4506.2152; .NET CLR 3.5.30729)"
189.153.38.59 - - [29/Jan/2012:05:39:32 -0500] "GET /~techrat/ratrod/1.jpg HTTP/1.1" 200 1436691 "http://www.google.com.mx/imgres?q=project+vw+rat+rod&um=1&hl=es&sa=N&biw=1280&bih=679&tbm=isch&tbnid=bV9EOW_D6-KsRM:&imgrefurl=http://www.obsolyte.com/~techrat/ratrod/&docid=Vt4gzx7BzTSk5M&imgurl=http://www.obsolyte.com/~techrat/ratrod/1.jpg&w=1565&h=1037&ei=nvckT6rDJ6jisQLhtayMAg&zoom=1&iact=rc&dur=125&sig=118219392839041612527&page=3&tbnh=147&tbnw=193&start=35&ndsp=20&ved=1t:429,r:1,s:35&tx=134&ty=89" "Mozilla/4.0 (compatible; MSIE 7.0; Windows NT 5.1; Trident/4.0; .NET CLR 1.1.4322; .NET CLR 2.0.50727; .NET CLR 3.0.4506.2152; .NET CLR 3.5.30729)"
189.153.38.59 - - [29/Jan/2012:05:39:36 -0500] "GET /favicon.ico HTTP/1.1" 200 318 "-" "Mozilla/4.0 (compatible; MSIE 8.0; Windows NT 5.1; Trident/4.0; .NET CLR 1.1.4322; .NET CLR 2.0.50727; .NET CLR 3.0.4506.2152; .NET CLR 3.5.30729)"
220.181.108.113 - - [29/Jan/2012:05:40:18 -0500] "GET /vanagon/VanagonProTraining/DigiFant/034.jpg HTTP/1.1" 200 116050 "-" "Baiduspider-image+(+http://www.baidu.com/search/spider.htm)"
80.237.159.19 - - [29/Jan/2012:05:41:01 -0500] "GET //forum/includes/xml/bitfield_vbseo.xml HTTP/1.1" 404 314 "-" "Mozilla/4.0 (compatible; MSIE 6.0; Windows 98)"
80.237.159.19 - - [29/Jan/2012:05:41:01 -0500] "GET //includes/xml/bitfield_vbseo.xml HTTP/1.1" 404 308 "-" "Mozilla/4.0 (compatible; MSIE 6.0; Windows 98)"
80.237.159.19 - - [29/Jan/2012:05:41:01 -0500] "GET //vb/includes/xml/bitfield_vbseo.xml HTTP/1.1" 404 311 "-" "Mozilla/4.0 (compatible; MSIE 6.0; Windows 98)"
80.237.159.19 - - [29/Jan/2012:05:41:01 -0500] "GET //forums/includes/xml/bitfield_vbseo.xml HTTP/1.1" 404 315 "-" "Mozilla/4.0 (compatible; MSIE 6.0; Windows 98)"
80.237.159.19 - - [29/Jan/2012:05:41:01 -0500] "GET //vbulletin/includes/xml/bitfield_vbseo.xml HTTP/1.1" 404 318 "-" "Mozilla/4.0 (compatible; MSIE 6.0; Windows 98)"
85.89.160.218 - - [29/Jan/2012:05:41:27 -0500] "GET /sun_ipx/ HTTP/1.1" 200 11586 "http://www.google.pl/url?sa=t&rct=j&q=sparc%20station%20ipx&source=web&cd=1&ved=0CCgQFjAA&url=http%3A%2F%2Fwww.obsolyte.com%2Fsun_ipx%2F&ei=MPgkT9KsFsqOswabysTfBw&usg=AFQjCNGUcDrL1P3M5skbpLHa4KgTRw4KAw&cad=rja" "Mozilla/5.0 (Windows NT 6.1; rv:9.0.1) Gecko/20100101 Firefox/9.0.1"
85.89.160.218 - - [29/Jan/2012:05:41:27 -0500] "GET /sun_ipx/sun4_50.gif HTTP/1.1" 200 5214 "http://www.obsolyte.com/sun_ipx/" "Mozilla/5.0 (Windows NT 6.1; rv:9.0.1) Gecko/20100101 Firefox/9.0.1"
85.89.160.218 - - [29/Jan/2012:05:41:27 -0500] "GET /sun_ipx/ipx_portrait.jpg HTTP/1.1" 200 17137 "http://www.obsolyte.com/sun_ipx/" "Mozilla/5.0 (Windows NT 6.1; rv:9.0.1) Gecko/20100101 Firefox/9.0.1"
85.89.160.218 - - [29/Jan/2012:05:41:27 -0500] "GET /sun_ipx/ipx_pup.jpg HTTP/1.1" 200 17885 "http://www.obsolyte.com/sun_ipx/" "Mozilla/5.0 (Windows NT 6.1; rv:9.0.1) Gecko/20100101 Firefox/9.0.1"
85.89.160.218 - - [29/Jan/2012:05:41:27 -0500] "GET /sun_ipx/ipx_guts.jpg HTTP/1.1" 200 33096 "http://www.obsolyte.com/sun_ipx/" "Mozilla/5.0 (Windows NT 6.1; rv:9.0.1) Gecko/20100101 Firefox/9.0.1"
85.89.160.218 - - [29/Jan/2012:05:41:27 -0500] "GET /sun_ipx/ipx_cat.jpg HTTP/1.1" 200 22458 "http://www.obsolyte.com/sun_ipx/" "Mozilla/5.0 (Windows NT 6.1; rv:9.0.1) Gecko/20100101 Firefox/9.0.1"
85.89.160.218 - - [29/Jan/2012:05:41:28 -0500] "GET /favicon.ico HTTP/1.1" 200 318 "-" "Mozilla/5.0 (Windows NT 6.1; rv:9.0.1) Gecko/20100101 Firefox/9.0.1"
68.96.129.39 - - [29/Jan/2012:05:42:08 -0500] "GET /vanagon/VanagonProTraining/86Vanagon/012.jpg HTTP/1.1" 200 93494 "http://www.google.com/search?um=1&hl=en&client=safari&tbo=d&biw=1024&bih=690&tbm=isch&sa=1&q=vanagon+fuel+pump+location&oq=vanagon+fuel+pump+location&aq=f&aqi=&aql=&gs_sm=e&gs_upl=145306l153913l0l154480l14l14l0l7l0l0l182l890l0.6l6l0" "Mozilla/5.0 (iPad; U; CPU OS 4_3_1 like Mac OS X; en-us) AppleWebKit/533.17.9 (KHTML, like Gecko) Version/5.0.2 Mobile/8G4 Safari/6533.18.5"
85.89.160.218 - - [29/Jan/2012:05:44:43 -0500] "GET /sun_ipx/ipx_board.jpg HTTP/1.1" 200 112668 "http://www.obsolyte.com/sun_ipx/" "Mozilla/5.0 (Windows NT 6.1; rv:9.0.1) Gecko/20100101 Firefox/9.0.1"
85.89.160.218 - - [29/Jan/2012:05:45:24 -0500] "GET /sun_ipx/ulti_fan_hack/ HTTP/1.1" 200 12402 "http://www.obsolyte.com/sun_ipx/" "Mozilla/5.0 (Windows NT 6.1; rv:9.0.1) Gecko/20100101 Firefox/9.0.1"
85.89.160.218 - - [29/Jan/2012:05:45:24 -0500] "GET /sun_ipx/ulti_fan_hack/02.jpg HTTP/1.1" 200 8502 "http://www.obsolyte.com/sun_ipx/ulti_fan_hack/" "Mozilla/5.0 (Windows NT 6.1; rv:9.0.1) Gecko/20100101 Firefox/9.0.1"
85.89.160.218 - - [29/Jan/2012:05:45:24 -0500] "GET /sun_ipx/ulti_fan_hack/06.jpg HTTP/1.1" 200 12179 "http://www.obsolyte.com/sun_ipx/ulti_fan_hack/" "Mozilla/5.0 (Windows NT 6.1; rv:9.0.1) Gecko/20100101 Firefox/9.0.1"
85.89.160.218 - - [29/Jan/2012:05:45:24 -0500] "GET /sun_ipx/ulti_fan_hack/04.jpg HTTP/1.1" 200 13223 "http://www.obsolyte.com/sun_ipx/ulti_fan_hack/" "Mozilla/5.0 (Windows NT 6.1; rv:9.0.1) Gecko/20100101 Firefox/9.0.1"
85.89.160.218 - - [29/Jan/2012:05:45:24 -0500] "GET /sun_ipx/ulti_fan_hack/03.jpg HTTP/1.1" 200 13594 "http://www.obsolyte.com/sun_ipx/ulti_fan_hack/" "Mozilla/5.0 (Windows NT 6.1; rv:9.0.1) Gecko/20100101 Firefox/9.0.1"
85.89.160.218 - - [29/Jan/2012:05:45:24 -0500] "GET /sun_ipx/ulti_fan_hack/05.jpg HTTP/1.1" 200 15922 "http://www.obsolyte.com/sun_ipx/ulti_fan_hack/" "Mozilla/5.0 (Windows NT 6.1; rv:9.0.1) Gecko/20100101 Firefox/9.0.1"
85.89.160.218 - - [29/Jan/2012:05:45:25 -0500] "GET /sun_ipx/ulti_fan_hack/01.jpg HTTP/1.1" 200 17318 "http://www.obsolyte.com/sun_ipx/ulti_fan_hack/" "Mozilla/5.0 (Windows NT 6.1; rv:9.0.1) Gecko/20100101 Firefox/9.0.1"
85.89.160.218 - - [29/Jan/2012:05:45:25 -0500] "GET /sun_ipx/ulti_fan_hack/12.jpg HTTP/1.1" 200 10538 "http://www.obsolyte.com/sun_ipx/ulti_fan_hack/" "Mozilla/5.0 (Windows NT 6.1; rv:9.0.1) Gecko/20100101 Firefox/9.0.1"
85.89.160.218 - - [29/Jan/2012:05:45:25 -0500] "GET /sun_ipx/ulti_fan_hack/11.jpg HTTP/1.1" 200 11115 "http://www.obsolyte.com/sun_ipx/ulti_fan_hack/" "Mozilla/5.0 (Windows NT 6.1; rv:9.0.1) Gecko/20100101 Firefox/9.0.1"
85.89.160.218 - - [29/Jan/2012:05:45:25 -0500] "GET /sun_ipx/ulti_fan_hack/13.jpg HTTP/1.1" 200 15667 "http://www.obsolyte.com/sun_ipx/ulti_fan_hack/" "Mozilla/5.0 (Windows NT 6.1; rv:9.0.1) Gecko/20100101 Firefox/9.0.1"
85.89.160.218 - - [29/Jan/2012:05:45:25 -0500] "GET /sun_ipx/ulti_fan_hack/07.jpg HTTP/1.1" 200 19161 "http://www.obsolyte.com/sun_ipx/ulti_fan_hack/" "Mozilla/5.0 (Windows NT 6.1; rv:9.0.1) Gecko/20100101 Firefox/9.0.1"
85.89.160.218 - - [29/Jan/2012:05:45:25 -0500] "GET /sun_ipx/ulti_fan_hack/08.jpg HTTP/1.1" 200 19864 "http://www.obsolyte.com/sun_ipx/ulti_fan_hack/" "Mozilla/5.0 (Windows NT 6.1; rv:9.0.1) Gecko/20100101 Firefox/9.0.1"
85.89.160.218 - - [29/Jan/2012:05:45:25 -0500] "GET /sun_ipx/ulti_fan_hack/09.jpg HTTP/1.1" 200 19680 "http://www.obsolyte.com/sun_ipx/ulti_fan_hack/" "Mozilla/5.0 (Windows NT 6.1; rv:9.0.1) Gecko/20100101 Firefox/9.0.1"
85.89.160.218 - - [29/Jan/2012:05:45:25 -0500] "GET /sun_ipx/ulti_fan_hack/16.jpg HTTP/1.1" 200 10878 "http://www.obsolyte.com/sun_ipx/ulti_fan_hack/" "Mozilla/5.0 (Windows NT 6.1; rv:9.0.1) Gecko/20100101 Firefox/9.0.1"
85.89.160.218 - - [29/Jan/2012:05:45:25 -0500] "GET /sun_ipx/ulti_fan_hack/17.jpg HTTP/1.1" 200 9720 "http://www.obsolyte.com/sun_ipx/ulti_fan_hack/" "Mozilla/5.0 (Windows NT 6.1; rv:9.0.1) Gecko/20100101 Firefox/9.0.1"
85.89.160.218 - - [29/Jan/2012:05:45:25 -0500] "GET /sun_ipx/ulti_fan_hack/14.jpg HTTP/1.1" 200 16878 "http://www.obsolyte.com/sun_ipx/ulti_fan_hack/" "Mozilla/5.0 (Windows NT 6.1; rv:9.0.1) Gecko/20100101 Firefox/9.0.1"
85.89.160.218 - - [29/Jan/2012:05:45:25 -0500] "GET /sun_ipx/ulti_fan_hack/15.jpg HTTP/1.1" 200 19065 "http://www.obsolyte.com/sun_ipx/ulti_fan_hack/" "Mozilla/5.0 (Windows NT 6.1; rv:9.0.1) Gecko/20100101 Firefox/9.0.1"
85.89.160.218 - - [29/Jan/2012:05:46:33 -0500] "GET / HTTP/1.1" 200 10308 "-" "Mozilla/5.0 (Windows NT 6.1; rv:9.0.1) Gecko/20100101 Firefox/9.0.1"
85.89.160.218 - - [29/Jan/2012:05:46:33 -0500] "GET /images/title4.gif HTTP/1.1" 200 4678 "http://www.obsolyte.com/" "Mozilla/5.0 (Windows NT 6.1; rv:9.0.1) Gecko/20100101 Firefox/9.0.1"
85.89.160.218 - - [29/Jan/2012:05:46:33 -0500] "GET /images/paper.gif HTTP/1.1" 200 1593 "http://www.obsolyte.com/" "Mozilla/5.0 (Windows NT 6.1; rv:9.0.1) Gecko/20100101 Firefox/9.0.1"
85.89.160.218 - - [29/Jan/2012:05:46:33 -0500] "GET /favicon.gif HTTP/1.1" 200 887 "-" "Mozilla/5.0 (Windows NT 6.1; rv:9.0.1) Gecko/20100101 Firefox/9.0.1"
